000
CXUS51 KOKX 010910
CF6NYC
PRELIMINARY LOCAL CLIMATOLOGICAL DATA (WS FORM: F-6)
STATION: CENTRAL PARK NY
MONTH: OCTOBER
YEAR: 2023
LATITUDE: 40 46 N
LONGITUDE: 73 58 W
TEMPERATURE IN F: :PCPN: SNOW: WIND :SUNSHINE: SKY :PK WND
================================================================================
1 2 3 4 5 6A 6B 7 8 9 10 11 12 13 14 15 16 17 18
12Z AVG MX 2MIN
DY MAX MIN AVG DEP HDD CDD WTR SNW DPTH SPD SPD DIR MIN PSBL S-S WX SPD DR
================================================================================
1 76 59 68 4 0 3 0.00 0.0 0 4.2 14 40 M M 0 19 20
2 77 63 70 7 0 5 0.00 0.0 0 2.3 12 20 M M 1 19 10
3 80 61 71 8 0 6 0.00 0.0 0 0.8 7 280 M M 0 8 9 280
4 83 66 75 13 0 10 0.00 0.0 0 1.6 7 140 M M 0 18 13 120
5 77 62 70 8 0 5 0.00 0.0 0 2.3 9 130 M M 1 1 14 130
6 71 67 69 7 0 4 0.14 0.0 0 2.3 10 90 M M 10 1 12 100
7 69 53 61 0 4 0 0.35 0.0 0 5.8 14 280 M M 9 1 21 280
8 59 50 55 -6 10 0 0.00 0.0 0 6.6 15 220 M M 3 25 210
9 60 49 55 -5 10 0 T 0.0 0 4.1 12 260 M M 4 18 240
10 63 52 58 -2 7 0 0.02 0.0 0 3.3 12 220 M M 6 18 210
11 69 55 62 2 3 0 0.00 0.0 0 1.9 12 240 M M 3 18 250
12 69 53 61 2 4 0 0.00 0.0 0 1.7 8 300 M M 1 8 11 240
13 63 51 57 -2 8 0 0.00 0.0 0 3.8 10 60 M M 0 15 60
14 56 49 53 -5 12 0 0.81 0.0 0 4.4 13 50 M M 10 1 17 50
15 60 50 55 -3 10 0 0.01 0.0 0 5.8 14 300 M M 7 23 300
16 63 48 56 -2 9 0 T 0.0 0 4.1 12 60 M M 3 16 10
17 61 51 56 -2 9 0 0.00 0.0 0 2.9 10 50 M M 4 14 70
18 63 52 58 1 7 0 0.00 0.0 0 1.9 7 210 M M 9 12 180
19 64 52 58 1 7 0 0.00 0.0 0 2.1 9 250 M M 2 15 130
20 63 59 61 5 4 0 0.84 0.0 0 2.7 9 110 M M 9 13 17 130
21 63 56 60 4 5 0 0.67 0.0 0 5.6 18 280 M M 8 1 28 270
22 57 48 53 -3 12 0 0.00 0.0 0 8.2 18 310 M M 8 31 300
23 60 47 54 -1 11 0 0.00 0.0 0 5.4 15 300 M M 1 25 300
24 65 47 56 1 9 0 0.00 0.0 M 3.0 9 240 M M 0 17 250
25 72 53 63 8 2 0 0.00 0.0 0 5.2 13 240 M M 0 21 230
26 77 58 68 14 0 3 0.00 0.0 0 2.4 10 240 M M 0 17 250
27 74 63 69 15 0 4 0.00 0.0 0 3.7 9 240 M M 0 16 230
28 80 63 72 18 0 7 0.00 0.0 0 4.8 10 230 M M 3 17 230
29 63 51 57 3 8 0 0.47 0.0 0 7.0 14 60 M M 9 1 22 50
30 60 50 55 2 10 0 0.59 0.0 0 4.5 15 310 M M 9 18 23 310
31 51 45 48 -5 17 0 T 0.0 0 3.8 14 60 M M 6 20 60
================================================================================
SM 2068 1683 178 47 3.90 0.0 118.2 M 126
================================================================================
AV 66.7 54.3 3.8 FASTST M M 4 MAX(MPH)
MISC ----> # 18 280 31 300
================================================================================
NOTES:
# LAST OF SEVERAL OCCURRENCES
COLUMN 17 PEAK WIND IN M.P.H.
PRELIMINARY LOCAL CLIMATOLOGICAL DATA (WS FORM: F-6) , PAGE 2
STATION: CENTRAL PARK NY
MONTH: OCTOBER
YEAR: 2023
LATITUDE: 40 46 N
LONGITUDE: 73 58 W
[TEMPERATURE DATA] [PRECIPITATION DATA] SYMBOLS USED IN COLUMN 16
AVERAGE MONTHLY: 60.5 TOTAL FOR MONTH: 3.90 1 = FOG OR MIST
DPTR FM NORMAL: 2.6 DPTR FM NORMAL: -0.48 2 = FOG REDUCING VISIBILITY
HIGHEST: 83 ON 4 GRTST 24HR 1.32 ON 20-21 TO 1/4 MILE OR LESS
LOWEST: 45 ON 31 3 = THUNDER
SNOW, ICE PELLETS, HAIL 4 = ICE PELLETS
TOTAL MONTH: 0.0 INCH 5 = HAIL
GRTST 24HR 0.0 6 = FREEZING RAIN OR DRIZZLE
GRTST DEPTH: 0 7 = DUSTSTORM OR SANDSTORM:
VSBY 1/2 MILE OR LESS
8 = SMOKE OR HAZE
[NO. OF DAYS WITH] [WEATHER - DAYS WITH] 9 = BLOWING SNOW
X = TORNADO
MAX 32 OR BELOW: 0 0.01 INCH OR MORE: 9
MAX 90 OR ABOVE: 0 0.10 INCH OR MORE: 7
MIN 32 OR BELOW: 0 0.50 INCH OR MORE: 4
MIN 0 OR BELOW: 0 1.00 INCH OR MORE: 0
[HDD (BASE 65) ]
TOTAL THIS MO. 178 CLEAR (SCALE 0-3) 15
DPTR FM NORMAL -62 PTCLDY (SCALE 4-7) 8
TOTAL FM JUL 1 217 CLOUDY (SCALE 8-10) 8
DPTR FM NORMAL -56
[CDD (BASE 65) ]
TOTAL THIS MO. 47
DPTR FM NORMAL 25 [PRESSURE DATA]
TOTAL FM JAN 1 1242 HIGHEST SLP M ON M
DPTR FM NORMAL 21 LOWEST SLP 29.24 ON 21
[REMARKS]
#FINAL-10-23#