000
CXUS55 KPSR 011005
CF6NYL
PRELIMINARY LOCAL CLIMATOLOGICAL DATA (WS FORM: F-6)
STATION: YUMA AZ
MONTH: DECEMBER
YEAR: 2022
LATITUDE: 32 39 N
LONGITUDE: 114 37 W
TEMPERATURE IN F: :PCPN: SNOW: WIND :SUNSHINE: SKY :PK WND
================================================================================
1 2 3 4 5 6A 6B 7 8 9 10 11 12 13 14 15 16 17 18
12Z AVG MX 2MIN
DY MAX MIN AVG DEP HDD CDD WTR SNW DPTH SPD SPD DIR MIN PSBL S-S WX SPD DR
================================================================================
1 68 45 57 -3 8 0 0.00 M M 3.8 10 250 M M 2 14 250
2 70 49 60 0 5 0 0.00 M M 3.0 10 300 M M 3 15 320
3 58 53 56 -3 9 0 0.08 M M 5.3 12 20 M M 2 3 16 10
4 68 54 61 2 4 0 0.00 M M 4.3 8 360 M M 3 12 30
5 71 50 61 2 4 0 0.00 M M 3.0 12 300 M M 6 12 16 320
6 69 51 60 2 5 0 0.00 M M 6.5 14 280 M M 2 20 310
7 67 45 56 -2 9 0 0.00 M M 3.7 14 280 M M 1 18 300
8 68 44 56 -2 9 0 0.00 M M 4.4 10 30 M M 1 14 30
9 68 44 56 -2 9 0 0.00 M M 2.9 12 360 M M 0 15 340
10 69 42 56 -1 9 0 0.00 M M 3.8 10 30 M M 0 13 30
11 70 42 56 -1 9 0 0.00 M M 10.6 23 150 M M 2 30 150
12 60 44 52 -5 13 0 T M M 7.3 20 300 M M 3 29 290
13 60 38 49 -8 16 0 0.00 M M 2.0 12 280 M M 0 16 280
14 62 38 50 -7 15 0 0.00 M M 3.0 8 220 M M 0 13 250
15 63 39 51 -6 14 0 0.00 M M 5.9 15 350 M M 3 24 340
16 62 48 55 -2 10 0 0.00 M M 10.0 20 360 M M 2 26 360
17 62 39 51 -6 14 0 0.00 M M 6.2 14 30 M M 0 20 30
18 65 44 55 -1 10 0 0.00 M M 3.7 13 350 M M 2 16 350
19 66 40 53 -3 12 0 0.00 M M 6.4 15 20 M M 0 20 30
20 66 41 54 -2 11 0 0.00 M M 5.8 15 340 M M 2 18 340
21 70 45 58 2 7 0 0.00 M M 7.7 15 340 M M 1 22 350
22 70 41 56 0 9 0 0.00 M M 5.6 13 20 M M 2 17 20
23 73 46 60 4 5 0 0.00 M M 7.1 15 30 M M 0 19 30
24 76 49 63 7 2 0 0.00 M M 7.1 18 350 M M 0 25 360
25 78 51 65 8 0 0 0.00 M M 6.9 16 350 M M 0 20 350
26 78 49 64 7 1 0 0.00 M M 5.8 14 10 M M 0 19 20
27 75 50 63 6 2 0 0.00 M M 4.7 14 170 M M 6 18 170
28 70 56 63 6 2 0 0.07 M M 5.4 15 140 M M 4 20 150
29 65 55 60 3 5 0 0.00 M M 4.6 16 140 M M 5 20 140
30 68 50 59 2 6 0 0.00 M M 3.6 9 190 M M 3 1 14 160
31 69 49 59 2 6 0 0.00 M M 3.9 14 140 M M 2 12 19 140
================================================================================
SM 2104 1431 240 0 0.15 M 164.0 M 57
================================================================================
AV 67.9 46.2 5.3 FASTST M M 2 MAX(MPH)
MISC ----> 23 150 30 150
================================================================================
NOTES:
# LAST OF SEVERAL OCCURRENCES
COLUMN 17 PEAK WIND IN M.P.H.
PRELIMINARY LOCAL CLIMATOLOGICAL DATA (WS FORM: F-6) , PAGE 2
STATION: YUMA AZ
MONTH: DECEMBER
YEAR: 2022
LATITUDE: 32 39 N
LONGITUDE: 114 37 W
[TEMPERATURE DATA] [PRECIPITATION DATA] SYMBOLS USED IN COLUMN 16
AVERAGE MONTHLY: 57.0 TOTAL FOR MONTH: 0.15 1 = FOG OR MIST
DPTR FM NORMAL: -0.3 DPTR FM NORMAL: -0.28 2 = FOG REDUCING VISIBILITY
HIGHEST: 78 ON 26,25 GRTST 24HR 0.08 ON 3- 3 TO 1/4 MILE OR LESS
LOWEST: 38 ON 14,13 3 = THUNDER
SNOW, ICE PELLETS, HAIL 4 = ICE PELLETS
TOTAL MONTH: M 5 = HAIL
GRTST 24HR M ON M 6 = FREEZING RAIN OR DRIZZLE
GRTST DEPTH: M ON M 7 = DUSTSTORM OR SANDSTORM:
VSBY 1/2 MILE OR LESS
8 = SMOKE OR HAZE
[NO. OF DAYS WITH] [WEATHER - DAYS WITH] 9 = BLOWING SNOW
X = TORNADO
MAX 32 OR BELOW: 0 0.01 INCH OR MORE: 2
MAX 90 OR ABOVE: 0 0.10 INCH OR MORE: 0
MIN 32 OR BELOW: 0 0.50 INCH OR MORE: 0
MIN 0 OR BELOW: 0 1.00 INCH OR MORE: 0
[HDD (BASE 65) ]
TOTAL THIS MO. 240 CLEAR (SCALE 0-3) 25
DPTR FM NORMAL -1 PTCLDY (SCALE 4-7) 6
TOTAL FM JUL 1 347 CLOUDY (SCALE 8-10) 0
DPTR FM NORMAL 41
[CDD (BASE 65) ]
TOTAL THIS MO. 0
DPTR FM NORMAL -2 [PRESSURE DATA]
TOTAL FM JAN 1 4885 HIGHEST SLP 30.30 ON 20
DPTR FM NORMAL 181 LOWEST SLP 29.76 ON 11
[REMARKS]
#FINAL-12-22#