000
CXUS56 KMTR 010900
CF6OAK
PRELIMINARY LOCAL CLIMATOLOGICAL DATA (WS FORM: F-6)
STATION: OAKLAND AIRPORT
MONTH: APRIL
YEAR: 2022
LATITUDE: 37 43 N
LONGITUDE: 122 13 W
TEMPERATURE IN F: :PCPN: SNOW: WIND :SUNSHINE: SKY :PK WND
================================================================================
1 2 3 4 5 6A 6B 7 8 9 10 11 12 13 14 15 16 17 18
12Z AVG MX 2MIN
DY MAX MIN AVG DEP HDD CDD WTR SNW DPTH SPD SPD DIR MIN PSBL S-S WX SPD DR
================================================================================
1 68 45 57 1 8 0 0.00 M M 6.5 17 280 M M 2 24 270
2 70 46 58 2 7 0 0.00 M M 7.1 15 260 M M 4 23 190
3 65 46 56 0 9 0 0.00 M M 9.8 24 280 M M 3 31 270
4 65 48 57 1 8 0 0.00 M M 12.5 24 280 M M 4 29 290
5 69 49 59 3 6 0 0.00 M M 9.3 21 280 M M 1 24 280
6 80 46 63 6 2 0 0.00 M M 5.2 16 300 M M 0 21 300
7 86 51 69 12 0 4 0.00 M M 5.0 15 300 M M 3 18 310
8 72 53 63 6 2 0 0.00 M M 7.3 18 270 M M 2 26 250
9 68 47 58 1 7 0 0.00 M M 6.9 18 270 M M 0 23 270
10 68 51 60 3 5 0 0.00 M M 12.6 25 290 M M 2 30 290
11 58 47 53 -4 12 0 0.08 M M 23.0 38 290 M M 5 1 57 290
12 59 46 53 -4 12 0 0.00 M M 16.8 30 290 M M 1 41 290
13 59 42 51 -6 14 0 0.00 M M 8.4 18 260 M M 7 25 250
14 59 51 55 -2 10 0 0.05 M M 12.3 18 240 M M 10 1 33 220
15 62 48 55 -2 10 0 0.00 M M 8.7 20 280 M M 6 24 320
16 60 48 54 -3 11 0 0.41 M M 15.2 25 160 M M 5 1 32 150
17 59 46 53 -5 12 0 0.00 M M 10.7 20 280 M M 2 24 270
18 67 43 55 -3 10 0 T M M 8.2 22 260 M M 6 27 250
19 64 50 57 -1 8 0 0.04 M M 9.1 17 260 M M 7 1 26 250
20 67 50 59 1 6 0 0.12 M M 12.6 23 180 M M 6 1 29 230
21 63 54 59 1 6 0 0.28 M M 12.7 23 260 M M 8 1 33 230
22 63 51 57 -1 8 0 T M M 11.5 22 280 M M 5 29 270
23 68 46 57 -1 8 0 0.00 M M 8.0 21 290 M M 1 24 280
24 68 47 58 0 7 0 0.00 M M 8.4 20 280 M M 2 23 290
25 67 47 57 -1 8 0 0.00 M M 11.5 22 280 M M 2 27 280
26 63 51 57 -1 8 0 0.00 M M 11.7 21 250 M M 3 31 270
27 62 48 55 -3 10 0 0.00 M M 14.4 28 270 M M 4 35 270
28 62 47 55 -3 10 0 0.00 M M 17.8 25 280 M M 2 33 280
29 68 44 56 -2 9 0 0.00 M M 7.5 20 270 M M 3 26 250
30 67 49 58 -1 7 0 0.00 M M 13.2 26 280 M M 1 33 270
================================================================================
SM 1976 1437 240 4 0.98 M 323.9 M 107
================================================================================
AV 65.9 47.9 10.8 FASTST M M 4 MAX(MPH)
MISC ----> 38 290 57 290
================================================================================
NOTES:
# LAST OF SEVERAL OCCURRENCES
COLUMN 17 PEAK WIND IN M.P.H.
PRELIMINARY LOCAL CLIMATOLOGICAL DATA (WS FORM: F-6) , PAGE 2
STATION: OAKLAND AIRPORT
MONTH: APRIL
YEAR: 2022
LATITUDE: 37 43 N
LONGITUDE: 122 13 W
[TEMPERATURE DATA] [PRECIPITATION DATA] SYMBOLS USED IN COLUMN 16
AVERAGE MONTHLY: 56.9 TOTAL FOR MONTH: 0.98 1 = FOG OR MIST
DPTR FM NORMAL: -0.5 DPTR FM NORMAL: -0.37 2 = FOG REDUCING VISIBILITY
HIGHEST: 86 ON 7 GRTST 24HR 0.41 ON 16-16 TO 1/4 MILE OR LESS
LOWEST: 42 ON 13 3 = THUNDER
SNOW, ICE PELLETS, HAIL 4 = ICE PELLETS
TOTAL MONTH: M 5 = HAIL
GRTST 24HR M ON M 6 = FREEZING RAIN OR DRIZZLE
GRTST DEPTH: M ON M 7 = DUSTSTORM OR SANDSTORM:
VSBY 1/2 MILE OR LESS
8 = SMOKE OR HAZE
[NO. OF DAYS WITH] [WEATHER - DAYS WITH] 9 = BLOWING SNOW
X = TORNADO
MAX 32 OR BELOW: 0 0.01 INCH OR MORE: 6
MAX 90 OR ABOVE: 0 0.10 INCH OR MORE: 3
MIN 32 OR BELOW: 0 0.50 INCH OR MORE: 0
MIN 0 OR BELOW: 0 1.00 INCH OR MORE: 0
[HDD (BASE 65) ]
TOTAL THIS MO. 240 CLEAR (SCALE 0-3) 16
DPTR FM NORMAL 6 PTCLDY (SCALE 4-7) 13
TOTAL FM JUL 1 2239 CLOUDY (SCALE 8-10) 1
DPTR FM NORMAL -190
[CDD (BASE 65) ]
TOTAL THIS MO. 4
DPTR FM NORMAL 0 [PRESSURE DATA]
TOTAL FM JAN 1 4 HIGHEST SLP M ON M
DPTR FM NORMAL -1 LOWEST SLP 29.84 ON 16
[REMARKS]
#FINAL-04-22#