000
CXUS56 KMTR 011857
CF6OAK
PRELIMINARY LOCAL CLIMATOLOGICAL DATA (WS FORM: F-6)
STATION: OAKLAND AIRPORT
MONTH: DECEMBER
YEAR: 2020
LATITUDE: 37 43 N
LONGITUDE: 122 13 W
TEMPERATURE IN F: :PCPN: SNOW: WIND :SUNSHINE: SKY :PK WND
================================================================================
1 2 3 4 5 6A 6B 7 8 9 10 11 12 13 14 15 16 17 18
12Z AVG MX 2MIN
DY MAX MIN AVG DEP HDD CDD WTR SNW DPTH SPD SPD DIR MIN PSBL S-S WX SPD DR
================================================================================
1 64 40 52 1 13 0 0.00 M M 3.6 9 310 M M 3 128 10 300
2 66 40 53 3 12 0 0.00 M M 4.0 13 300 M M 4 1 15 310
3 66 42 54 4 11 0 0.00 M M 4.0 10 310 M M 5 8 12 310
4 66 39 53 3 12 0 0.00 M M 2.8 8 140 M M 1 8 8 150
5 64 40 52 2 13 0 0.00 M M 3.5 20 290 M M 4 18 23 290
6 64 42 53 3 12 0 0.00 M M 3.5 13 300 M M 6 18 15 300
7 79 39 59 9 6 0 0.00 M M 6.0 26 30 M M 1 18 37 30
8 73 42 58 8 7 0 0.00 M M 3.2 10 300 M M 2 12 310
9 71 41 56 7 9 0 0.00 M M 4.0 13 60 M M 5 8 15 70
10 64 43 54 5 11 0 0.00 M M 4.5 20 280 M M 4 18 22 270
11 57 44 51 2 14 0 0.23 M M 6.8 18 150 M M 8 1 22 150
12 60 49 55 6 10 0 0.02 M M 8.5 17 60 M M 8 1 22 270
13 60 49 55 6 10 0 0.56 M M 9.2 20 280 M M 8 18 22 290
14 58 43 51 2 14 0 0.00 M M 5.7 16 300 M M 3 20 310
15 59 43 51 2 14 0 0.00 M M 2.3 6 360 M M 6 8 350
16 60 43 52 3 13 0 T M M 4.0 12 310 M M 7 15 320
17 61 51 56 7 9 0 0.47 M M 10.5 22 290 M M 6 1 28 280
18 62 39 51 3 14 0 0.00 M M 3.7 8 320 M M 1 10 320
19 63 37 50 2 15 0 0.00 M M 4.1 15 310 M M 3 8 16 310
20 66 38 52 4 13 0 0.00 M M 3.6 13 40 M M 2 128 15 40
21 61 37 49 1 16 0 0.00 M M 3.5 12 300 M M 3 18 13 300
22 64 43 54 6 11 0 0.00 M M 5.1 17 270 M M 3 18 18 270
23 65 39 52 4 13 0 0.00 M M 6.7 21 40 M M 4 24 60
24 57 41 49 1 16 0 0.00 M M 5.8 12 90 M M 8 8 14 80
25 62 45 54 6 11 0 0.10 M M 8.4 26 190 M M 8 8 31 170
26 61 46 54 6 11 0 0.00 M M 7.3 16 260 M M 7 1 21 250
27 63 44 54 6 11 0 0.00 M M 6.0 15 110 M M 8 1 18 100
28 61 42 52 4 13 0 0.10 M M 5.8 13 40 M M 7 1 15 40
29 60 39 50 2 15 0 0.00 M M 3.3 10 310 M M 3 1 13 240
30 56 36 46 -2 19 0 0.07 M M 4.2 15 160 M M 7 18 18 150
31 62 44 53 5 12 0 0.06 M M 6.3 16 310 M M 3 18 19 310
================================================================================
SM 1955 1300 380 0 1.61 M 159.9 M 148
================================================================================
AV 63.1 41.9 5.2 FASTST M M 5 MAX(MPH)
MISC ----> # 26 30 37 30
================================================================================
NOTES:
# LAST OF SEVERAL OCCURRENCES
COLUMN 17 PEAK WIND IN M.P.H.
PRELIMINARY LOCAL CLIMATOLOGICAL DATA (WS FORM: F-6) , PAGE 2
STATION: OAKLAND AIRPORT
MONTH: DECEMBER
YEAR: 2020
LATITUDE: 37 43 N
LONGITUDE: 122 13 W
[TEMPERATURE DATA] [PRECIPITATION DATA] SYMBOLS USED IN COLUMN 16
AVERAGE MONTHLY: 52.5 TOTAL FOR MONTH: 1.61 1 = FOG OR MIST
DPTR FM NORMAL: 3.5 DPTR FM NORMAL: -2.05 2 = FOG REDUCING VISIBILITY
HIGHEST: 79 ON 7 GRTST 24HR 0.56 ON 13-13 TO 1/4 MILE OR LESS
LOWEST: 36 ON 30 3 = THUNDER
SNOW, ICE PELLETS, HAIL 4 = ICE PELLETS
TOTAL MONTH: M 5 = HAIL
GRTST 24HR M ON M 6 = FREEZING RAIN OR DRIZZLE
GRTST DEPTH: M ON M 7 = DUSTSTORM OR SANDSTORM:
VSBY 1/2 MILE OR LESS
8 = SMOKE OR HAZE
[NO. OF DAYS WITH] [WEATHER - DAYS WITH] 9 = BLOWING SNOW
X = TORNADO
MAX 32 OR BELOW: 0 0.01 INCH OR MORE: 8
MAX 90 OR ABOVE: 0 0.10 INCH OR MORE: 5
MIN 32 OR BELOW: 0 0.50 INCH OR MORE: 1
MIN 0 OR BELOW: 0 1.00 INCH OR MORE: 0
[HDD (BASE 65) ]
TOTAL THIS MO. 380 CLEAR (SCALE 0-3) 11
DPTR FM NORMAL -117 PTCLDY (SCALE 4-7) 17
TOTAL FM JUL 1 687 CLOUDY (SCALE 8-10) 3
DPTR FM NORMAL -488
[CDD (BASE 65) ]
TOTAL THIS MO. 0
DPTR FM NORMAL 0 [PRESSURE DATA]
TOTAL FM JAN 1 575 HIGHEST SLP 30.43 ON 19
DPTR FM NORMAL 437 LOWEST SLP 29.69 ON 28
[REMARKS]
#FINAL-12-20#