000
CXUS56 KMTR 010900
CF6OAK
PRELIMINARY LOCAL CLIMATOLOGICAL DATA (WS FORM: F-6)
STATION: OAKLAND AIRPORT
MONTH: AUGUST
YEAR: 2023
LATITUDE: 37 43 N
LONGITUDE: 122 13 W
TEMPERATURE IN F: :PCPN: SNOW: WIND :SUNSHINE: SKY :PK WND
================================================================================
1 2 3 4 5 6A 6B 7 8 9 10 11 12 13 14 15 16 17 18
12Z AVG MX 2MIN
DY MAX MIN AVG DEP HDD CDD WTR SNW DPTH SPD SPD DIR MIN PSBL S-S WX SPD DR
================================================================================
1 67 57 62 -2 3 0 0.00 M M 11.1 21 280 M M 7 34 310
2 65 58 62 -2 3 0 0.00 M M 11.7 20 270 M M 8 31 300
3 64 57 61 -3 4 0 0.00 M M 12.9 20 270 M M 9 31 260
4 70 57 64 0 1 0 0.00 M M 10.1 23 290 M M 6 36 280
5 75 57 66 2 0 1 0.00 M M 8.7 21 290 M M 4 31 300
6 78 55 67 3 0 2 0.00 M M 6.8 16 280 M M 0 21 290
7 80 56 68 4 0 3 0.00 M M 8.0 23 300 M M 1 37 320
8 72 56 64 0 1 0 0.00 M M 8.0 18 280 M M 5 32 300
9 75 57 66 2 0 1 0.00 M M 9.5 22 320 M M 6 37 320
10 72 58 65 1 0 0 0.00 M M 10.2 24 310 M M 6 38 320
11 73 59 66 2 0 1 0.00 M M 9.8 17 270 M M 6 21 270
12 77 59 68 4 0 3 0.00 M M 7.9 17 300 M M 4 22 310
13 79 57 68 4 0 3 0.00 M M 8.1 32 300 M M 4 40 310
14 76 61 69 4 0 4 0.00 M M 7.1 18 310 M M 6 24 310
15 80 60 70 5 0 5 T M M 7.8 17 300 M M 4 21 300
16 77 60 69 4 0 4 0.00 M M 7.7 17 290 M M 4 21 280
17 74 60 67 2 0 2 0.00 M M 11.0 25 300 M M 5 38 320
18 76 61 69 4 0 4 0.00 M M 9.0 18 300 M M 7 32 300
19 70 61 66 1 0 1 0.00 M M 9.2 18 300 M M 5 33 310
20 86 60 73 8 0 8 0.00 M M 8.3 16 310 M M 6 21 300
21 77 63 70 5 0 5 0.02 M M 11.5 21 230 M M 7 33 250
22 78 64 71 6 0 6 0.00 M M 8.0 16 290 M M 5 21 270
23 89 62 76 11 0 11 0.00 M M 5.4 17 310 M M 1 23 310
24 81 63 72 7 0 7 0.00 M M 9.6 20 300 M M 2 37 310
25 71 60 66 1 0 1 0.00 M M 10.4 17 290 M M 6 22 280
26 70 59 65 0 0 0 0.00 M M 8.3 18 280 M M 6 31 300
27 74 59 67 2 0 2 0.00 M M 7.8 18 280 M M 5 22 280
28 77 54 66 1 0 1 0.00 M M 7.8 20 290 M M 1 31 300
29 77 55 66 1 0 1 0.00 M M 7.0 16 260 M M 2 26 250
30 91 57 74 9 0 9 0.00 M M 6.2 16 310 M M 0 21 310
31 73 58 66 1 0 1 0.00 M M 8.9 20 230 M M 4 23 230
================================================================================
SM 2344 1820 12 86 0.02 M 273.8 M 142
================================================================================
AV 75.6 58.7 8.8 FASTST M M 5 MAX(MPH)
MISC ----> 32 300 40 310
================================================================================
NOTES:
# LAST OF SEVERAL OCCURRENCES
COLUMN 17 PEAK WIND IN M.P.H.
PRELIMINARY LOCAL CLIMATOLOGICAL DATA (WS FORM: F-6) , PAGE 2
STATION: OAKLAND AIRPORT
MONTH: AUGUST
YEAR: 2023
LATITUDE: 37 43 N
LONGITUDE: 122 13 W
[TEMPERATURE DATA] [PRECIPITATION DATA] SYMBOLS USED IN COLUMN 16
AVERAGE MONTHLY: 67.2 TOTAL FOR MONTH: 0.02 1 = FOG OR MIST
DPTR FM NORMAL: 2.6 DPTR FM NORMAL: -0.02 2 = FOG REDUCING VISIBILITY
HIGHEST: 91 ON 30 GRTST 24HR 0.02 ON 21-21 TO 1/4 MILE OR LESS
LOWEST: 54 ON 28 3 = THUNDER
SNOW, ICE PELLETS, HAIL 4 = ICE PELLETS
TOTAL MONTH: M 5 = HAIL
GRTST 24HR M ON M 6 = FREEZING RAIN OR DRIZZLE
GRTST DEPTH: M ON M 7 = DUSTSTORM OR SANDSTORM:
VSBY 1/2 MILE OR LESS
8 = SMOKE OR HAZE
[NO. OF DAYS WITH] [WEATHER - DAYS WITH] 9 = BLOWING SNOW
X = TORNADO
MAX 32 OR BELOW: 0 0.01 INCH OR MORE: 1
MAX 90 OR ABOVE: 1 0.10 INCH OR MORE: 0
MIN 32 OR BELOW: 0 0.50 INCH OR MORE: 0
MIN 0 OR BELOW: 0 1.00 INCH OR MORE: 0
[HDD (BASE 65) ]
TOTAL THIS MO. 12 CLEAR (SCALE 0-3) 7
DPTR FM NORMAL -38 PTCLDY (SCALE 4-7) 23
TOTAL FM JUL 1 72 CLOUDY (SCALE 8-10) 1
DPTR FM NORMAL -49
[CDD (BASE 65) ]
TOTAL THIS MO. 86
DPTR FM NORMAL 47 [PRESSURE DATA]
TOTAL FM JAN 1 110 HIGHEST SLP M ON M
DPTR FM NORMAL 5 LOWEST SLP 29.60 ON 20
[REMARKS]
#FINAL-08-23#