000
CXUS53 KOAX 052334 CCA
CF6OAX
PRELIMINARY LOCAL CLIMATOLOGICAL DATA (WS FORM: F-6)
STATION: VALLEY NWS NE
MONTH: NOVEMBER
YEAR: 2023
LATITUDE: 41 19 N
LONGITUDE: 96 22 W
TEMPERATURE IN F: :PCPN: SNOW: WIND :SUNSHINE: SKY :PK WND
================================================================================
1 2 3 4 5 6A 6B 7 8 9 10 11 12 13 14 15 16 17 18
12Z AVG MX 2MIN
DY MAX MIN AVG DEP HDD CDD WTR SNW DPTH SPD SPD DIR MIN PSBL S-S WX SPD DR
================================================================================
1 52 23 38 -9 27 0 0.00 0.0 0 M M M M M M 28 M
2 60 26 43 -3 22 0 0.00 0.0 0 M M M M M M 18 M
3 62 37 50 4 15 0 T 0.0 0 M M M M M M 21 M
4 61 32 47 2 18 0 0.00 0.0 0 M M M M M M 12 M
5 67 41 54 9 11 0 0.00 0.0 0 M M M M M M 35 M
6 67 42 55 11 10 0 0.00 0.0 0 M M M M M M 16 M
7 67 37 52 8 13 0 0.00 0.0 0 M M M M M M 23 M
8 67 39 53 9 12 0 0.00 0.0 0 M M M M M M 37 M
9 63 30 47 4 18 0 0.00 0.0 0 M M M M M M 33 M
10 50 24 37 -6 28 0 0.00 0.0 0 M M M M M M 15 M
11 58 40 49 7 16 0 0.00 0.0 0 M M M M M M 32 M
12 69 40 55 13 10 0 0.00 0.0 0 M M M M M M 18 M
13 69 29 49 8 16 0 0.00 0.0 0 M M M M M M 22 M
14 70 46 58 17 7 0 0.00 0.0 0 M M M M M M 38 M
15 67 35 51 11 14 0 0.00 0.0 0 M M M M M M 13 M
16 64 43 54 14 11 0 0.00 0.0 0 M M M M M M 37 M
17 52 28 40 0 25 0 0.00 0.0 0 M M M M M M 21 M
18 64 29 47 8 18 0 0.00 0.0 0 M M M M M M 10 M
19 53 44 49 10 16 0 0.13 0.0 0 M M M M M M 22 M
20 46 42 44 6 21 0 0.14 0.0 0 M M M M M M 20 M
21 46 28 37 -1 28 0 T 0.0 0 M M M M M M 39 M
22 59 26 43 6 22 0 0.00 0.0 0 M M M M M M 26 M
23 41 24 33 -4 32 0 0.00 0.0 0 M M M M M M 30 M
24 28 22 25 -11 40 0 0.00 0.0 0 M M M M M M 21 M
25 29 25 27 -9 38 0 0.01 0.1 0 M M M M M M 13 M
26 40 21 31 -5 34 0 0.01 0.1 T M M M M M M 44 M
27 37 17 27 -8 38 0 0.00 0.0 0 M M M M M M 23 M
28 50 19 35 0 30 0 0.00 0.0 0 M M M M M M 29 M
29 56 26 41 7 24 0 0.00 0.0 0 M M M M M M 17 M
30 47 27 37 3 28 0 0.00 0.0 0 M M M M M M 24 M
================================================================================
SM 1661 942 642 0 0.29 0.2 M M M
================================================================================
AV 55.4 31.4 M FASTST M M M MAX(MPH)
MISC ----> M M 44 9999
================================================================================
NOTES:
# LAST OF SEVERAL OCCURRENCES
COLUMN 17 PEAK WIND IN M.P.H.
PRELIMINARY LOCAL CLIMATOLOGICAL DATA (WS FORM: F-6) , PAGE 2
STATION: VALLEY NWS NE
MONTH: NOVEMBER
YEAR: 2023
LATITUDE: 41 19 N
LONGITUDE: 96 22 W
[TEMPERATURE DATA] [PRECIPITATION DATA] SYMBOLS USED IN COLUMN 16
AVERAGE MONTHLY: 43.4 TOTAL FOR MONTH: 0.29 1 = FOG OR MIST
DPTR FM NORMAL: 3.2 DPTR FM NORMAL: -1.08 2 = FOG REDUCING VISIBILITY
HIGHEST: 70 ON 14 GRTST 24HR 0.24 ON 19-20 TO 1/4 MILE OR LESS
LOWEST: 17 ON 27 3 = THUNDER
SNOW, ICE PELLETS, HAIL 4 = ICE PELLETS
TOTAL MONTH: 0.2 INCH 5 = HAIL
GRTST 24HR 0.2 ON 25-26 6 = FREEZING RAIN OR DRIZZLE
GRTST DEPTH: T 7 = DUSTSTORM OR SANDSTORM:
VSBY 1/2 MILE OR LESS
8 = SMOKE OR HAZE
[NO. OF DAYS WITH] [WEATHER - DAYS WITH] 9 = BLOWING SNOW
X = TORNADO
MAX 32 OR BELOW: 2 0.01 INCH OR MORE: 4
MAX 90 OR ABOVE: 0 0.10 INCH OR MORE: 2
MIN 32 OR BELOW: 18 0.50 INCH OR MORE: 0
MIN 0 OR BELOW: 0 1.00 INCH OR MORE: 0
[HDD (BASE 65) ]
TOTAL THIS MO. 642 CLEAR (SCALE 0-3) 0
DPTR FM NORMAL -101 PTCLDY (SCALE 4-7) 0
TOTAL FM JUL 1 976 CLOUDY (SCALE 8-10) 30
DPTR FM NORMAL -203
[CDD (BASE 65) ]
TOTAL THIS MO. 0
DPTR FM NORMAL 0 [PRESSURE DATA]
TOTAL FM JAN 1 1403 HIGHEST SLP M ON M
DPTR FM NORMAL 200 LOWEST SLP M ON M
[REMARKS]
#FINAL-11-23#