000
CXUS53 KOAX 011545
CLMOAX
CLIMATE REPORT
NATIONAL WEATHER SERVICE OMAHA/VALLEY NE
1045 AM CDT TUE AUG 01 2023
...................................
...THE VALLEY NWS NE CLIMATE SUMMARY FOR THE MONTH OF JULY 2023...
CLIMATE NORMAL PERIOD 1991 TO 2020
CLIMATE RECORD PERIOD 1997 TO 2023
WEATHER OBSERVED NORMAL DEPART
VALUE DATE(S) VALUE FROM
NORMAL
................................................
TEMPERATURE (F)
HIGHEST 96 07/28
LOWEST 55 07/06
AVG. MAXIMUM 83.8 86.5 -2.7
AVG. MINIMUM 65.6 68.1 -2.5
MEAN 74.7 77.3 -2.6
DAYS MAX >= 90 5
DAYS MAX <= 32 0
DAYS MIN <= 32 0
DAYS MIN <= 0 0
PRECIPITATION (INCHES)
TOTALS 8.74 3.97 4.77
DAYS >= .01 18
DAYS >= .10 11
DAYS >= .50 6
DAYS >= 1.00 2
GREATEST
24 HR. TOTAL 3.69 07/01 TO 07/01
SNOWFALL (INCHES)
TOTALS TR 0.0 0.0
SINCE 7/1 T
DAYS >= 1.0 0
GREATEST
SNOW DEPTH 0
24 HR TOTAL MM
DEGREE DAYS
HEATING TOTAL 1 1 0
SINCE 7/1 1 0 1
COOLING TOTAL 309 382 -73
SINCE 1/1 814 740 74
................................................
WIND (MPH)
HIGHEST GUST SPEED/DIRECTION 70/MM
WEATHER CONDITIONS. NUMBER OF DAYS WITH
THUNDERSTORM 13 MIXED PRECIP 0
HEAVY RAIN 3 RAIN 7
LIGHT RAIN 18 FREEZING RAIN 0
LT FREEZING RAIN 0 HAIL 1
HEAVY SNOW 0 SNOW 0
LIGHT SNOW 0 SLEET 0
FOG 2 FOG W/VIS <= 1/4 MILE 1
HAZE 1
- INDICATES NEGATIVE NUMBERS.
R INDICATES RECORD WAS SET OR TIED.
MM INDICATES DATA IS MISSING.
T INDICATES TRACE AMOUNT.
$$