000
CXUS54 KMAF 241110
CF6ODO
PRELIMINARY LOCAL CLIMATOLOGICAL DATA (WS FORM: F-6)
STATION: ODESSA SCHLEYMEYER
MONTH: APRIL
YEAR: 2024
LATITUDE: 31 55 N
LONGITUDE: 102 23 W
TEMPERATURE IN F: :PCPN: SNOW: WIND :SUNSHINE: SKY :PK WND
================================================================================
1 2 3 4 5 6A 6B 7 8 9 10 11 12 13 14 15 16 17 18
12Z AVG MX 2MIN
DY MAX MIN AVG DEP HDD CDD WTR SNW DPTH SPD SPD DIR MIN PSBL S-S WX SPD DR
================================================================================
1 82 58 70 8 0 5 0.00 M M 15.9 46 300 M M 3 8 61 290
2 67 46 57 -5 8 0 0.00 M M 12.5 24 350 M M 1 35 350
3 78 41 60 -2 5 0 0.00 M M 7.6 16 280 M M 0 23 270
4 85 49 67 4 0 2 0.00 M M 7.5 16 170 M M 0 8 23 180
5 85 59 72 9 0 7 0.00 M M 19.1 31 200 M M 0 41 150
6 80 56 68 5 0 3 0.00 M M 19.5 36 300 M M 0 8 49 290
7 79 43 61 -2 4 0 0.00 M M 8.5 23 260 M M 0 30 230
8 80 48 64 0 1 0 0.00 M M 7.8 24 70 M M 0 31 70
9 61 52 57 -7 8 0 M M M 16.5 26 20 M M 3 40 20
10 73 54 64 0 1 0 0.00 M M 14.2 28 330 M M 0 45 340
11 79 44 62 -2 3 0 0.00 M M 7.4 17 170 M M 0 24 160
12 83 55 69 5 0 4 0.00 M M 17.0 29 200 M M 0 37 190
13 90 60 75 10 0 10 0.00 M M 10.7 22 190 M M 0 28 190
14 95 61 78 13 0 13 0.00 M M 7.5 20 290 M M 0 27 270
15 94 70 82 17 0 17 0.00 M M 12.1 30 250 M M 1 44 250
16 87 55 71 6 0 6 0.00 M M 8.1 21 250 M M 1 28 230
17 92 57 75 9 0 10 0.00 M M 8.6 21 220 M M 0 30 230
18 87 60 74 8 0 9 0.00 M M 15.1 26 80 M M 1 35 80
19 66 51 59 -7 6 0 0.00 M M 14.6 24 60 M M 7 32 50
20 61 46 54 -12 11 0 0.57 M M 15.2 25 50 M M 10 3 33 50
21 59 45 52 -15 13 0 0.00 M M 10.6 20 80 M M 8 25 80
22 77 52 65 -2 0 0 0.00 M M 14.6 22 180 M M 4 33 220
23 94 55 75 8 0 10 0.00 M M 11.1 24 180 M M 0 31 180
================================================================================
SM 1834 1217 60 96 0.57 M 281.7 M 39
================================================================================
AV 79.7 52.9 12.2 FASTST M M 2 MAX(MPH)
MISC ----> 46 300 61 290
================================================================================
NOTES:
# LAST OF SEVERAL OCCURRENCES
COLUMN 17 PEAK WIND IN M.P.H.
PRELIMINARY LOCAL CLIMATOLOGICAL DATA (WS FORM: F-6) , PAGE 2
STATION: ODESSA SCHLEYMEYER
MONTH: APRIL
YEAR: 2024
LATITUDE: 31 55 N
LONGITUDE: 102 23 W
[TEMPERATURE DATA] [PRECIPITATION DATA] SYMBOLS USED IN COLUMN 16
AVERAGE MONTHLY: 66.3 TOTAL FOR MONTH: 0.57 1 = FOG OR MIST
DPTR FM NORMAL: 1.8 DPTR FM NORMAL: 0.08 2 = FOG REDUCING VISIBILITY
HIGHEST: 95 ON 14 GRTST 24HR 0.57 ON 20-20 TO 1/4 MILE OR LESS
LOWEST: 41 ON 3 3 = THUNDER
SNOW, ICE PELLETS, HAIL 4 = ICE PELLETS
TOTAL MONTH: M 5 = HAIL
GRTST 24HR M ON M 6 = FREEZING RAIN OR DRIZZLE
GRTST DEPTH: M ON M 7 = DUSTSTORM OR SANDSTORM:
VSBY 1/2 MILE OR LESS
8 = SMOKE OR HAZE
[NO. OF DAYS WITH] [WEATHER - DAYS WITH] 9 = BLOWING SNOW
X = TORNADO
MAX 32 OR BELOW: 0 0.01 INCH OR MORE: 1
MAX 90 OR ABOVE: 5 0.10 INCH OR MORE: 1
MIN 32 OR BELOW: 0 0.50 INCH OR MORE: 1
MIN 0 OR BELOW: 0 1.00 INCH OR MORE: 0
[HDD (BASE 65) ]
TOTAL THIS MO. 60 CLEAR (SCALE 0-3) 18
DPTR FM NORMAL -22 PTCLDY (SCALE 4-7) 3
TOTAL FM JUL 1 1987 CLOUDY (SCALE 8-10) 2
DPTR FM NORMAL -494
[CDD (BASE 65) ]
TOTAL THIS MO. 96
DPTR FM NORMAL 26 [PRESSURE DATA]
TOTAL FM JAN 1 146 HIGHEST SLP M ON M
DPTR FM NORMAL 46 LOWEST SLP 29.50 ON 15
[REMARKS]