000
CXUS53 KGID 020239
CF6ODX
PRELIMINARY LOCAL CLIMATOLOGICAL DATA (WS FORM: F-6)
STATION: ORD NE
MONTH: FEBRUARY
YEAR: 2024
LATITUDE: 41 37 N
LONGITUDE: 98 57 W
TEMPERATURE IN F: :PCPN: SNOW: WIND :SUNSHINE: SKY :PK WND
================================================================================
1 2 3 4 5 6A 6B 7 8 9 10 11 12 13 14 15 16 17 18
12Z AVG MX 2MIN
DY MAX MIN AVG DEP HDD CDD WTR SNW DPTH SPD SPD DIR MIN PSBL S-S WX SPD DR
================================================================================
1 55 26 41 16 24 0 0.00 M M 5.5 15 20 M M 2 12 20 20
2 52 35 44 19 21 0 0.00 M M 6.9 15 120 M M 9 12 21 100
3 41 38 40 15 25 0 0.25 M M 9.9 17 90 M M 10 12 25 80
4 41 33 37 12 28 0 0.15 M M 7.0 14 360 M M 10 1 17 360
5 44 30 37 12 28 0 0.00 M M 5.6 14 210 M M 10 12 21 220
6 56 37 47 21 18 0 0.00 M M 10.5 20 170 M M 4 1 25 170
7 56 42 49 23 16 0 T M M 15.6 26 170 M M 2 40 190
8 49 30 40 14 25 0 T M M 12.5 26 300 M M 5 37 300
9 47 25 36 10 29 0 0.00 M M 7.0 16 350 M M 1 21 360
10 34 25 30 4 35 0 0.00 M M 6.9 16 340 M M 10 20 340
11 47 21 34 8 31 0 0.00 M M 5.7 14 260 M M 3 19 250
12 55 22 39 13 26 0 0.00 M M 3.4 12 330 M M 4 18 330
13 56 28 42 15 23 0 0.00 M M 3.9 12 250 M M 6 19 250
14 58 23 41 14 24 0 0.00 M M 10.1 30 340 M M 5 41 340
15 39 23 31 4 34 0 0.04 M M 9.2 22 340 M M 8 1 26 340
16 25 5 15 -13 50 0 0.03 M M 11.6 26 320 M M 5 1 35 330
17 41 5 23 -5 42 0 0.00 M M 9.6 18 280 M M 0 25 260
18 51 15 33 5 32 0 0.00 M M 4.1 10 140 M M 0 14 130
19 57 23 40 12 25 0 0.00 M M 9.2 23 320 M M 0 31 300
20 70 21 46 17 19 0 0.00 M M 7.9 28 230 M M 1 37 220
21 64 27 46 17 19 0 0.00 M M 3.8 13 80 M M 4 15 130
22 59 28 44 15 21 0 T M M 10.6 24 340 M M 2 33 310
23 58 24 41 11 24 0 0.00 M M 12.5 32 320 M M 0 44 290
24 63 18 41 11 24 0 0.00 M M 8.6 24 280 M M 0 8 34 260
25 67 23 45 15 20 0 0.00 M M 4.6 15 280 M M 0 21 310
26 76 28 52 21 13 0 0.00 M M 14.1 32 250 M M 0 49 250
27 48 12 30 -1 35 0 T M M 22.8 39 340 M M 6 53 330
28 48 4 26 -6 39 0 0.00 M M 7.2 20 320 M M 1 25 340
29 65 31 48 16 17 0 0.00 M M 14.5 25 190 M M 0 36 190
================================================================================
SM 1522 702 767 0 0.47 M 260.8 M 108
================================================================================
AV 52.5 24.2 9.0 FASTST M M 4 MAX(MPH)
MISC ----> 39 340 53 330
================================================================================
NOTES:
# LAST OF SEVERAL OCCURRENCES
COLUMN 17 PEAK WIND IN M.P.H.
PRELIMINARY LOCAL CLIMATOLOGICAL DATA (WS FORM: F-6) , PAGE 2
STATION: ORD NE
MONTH: FEBRUARY
YEAR: 2024
LATITUDE: 41 37 N
LONGITUDE: 98 57 W
[TEMPERATURE DATA] [PRECIPITATION DATA] SYMBOLS USED IN COLUMN 16
AVERAGE MONTHLY: 38.3 TOTAL FOR MONTH: 0.47 1 = FOG OR MIST
DPTR FM NORMAL: 10.8 DPTR FM NORMAL: -0.03 2 = FOG REDUCING VISIBILITY
HIGHEST: 76 ON 26 GRTST 24HR 0.40 ON 3- 4 TO 1/4 MILE OR LESS
LOWEST: 4 ON 28 3 = THUNDER
SNOW, ICE PELLETS, HAIL 4 = ICE PELLETS
TOTAL MONTH: M 5 = HAIL
GRTST 24HR M ON M 6 = FREEZING RAIN OR DRIZZLE
GRTST DEPTH: M ON M 7 = DUSTSTORM OR SANDSTORM:
VSBY 1/2 MILE OR LESS
8 = SMOKE OR HAZE
[NO. OF DAYS WITH] [WEATHER - DAYS WITH] 9 = BLOWING SNOW
X = TORNADO
MAX 32 OR BELOW: 1 0.01 INCH OR MORE: 4
MAX 90 OR ABOVE: 0 0.10 INCH OR MORE: 2
MIN 32 OR BELOW: 24 0.50 INCH OR MORE: 0
MIN 0 OR BELOW: 0 1.00 INCH OR MORE: 0
[HDD (BASE 65) ]
TOTAL THIS MO. 767 CLEAR (SCALE 0-3) 15
DPTR FM NORMAL -283 PTCLDY (SCALE 4-7) 9
TOTAL FM JUL 1 4396 CLOUDY (SCALE 8-10) 5
DPTR FM NORMAL -688
[CDD (BASE 65) ]
TOTAL THIS MO. 0
DPTR FM NORMAL 0 [PRESSURE DATA]
TOTAL FM JAN 1 0 HIGHEST SLP 30.55 ON 16
DPTR FM NORMAL 0 LOWEST SLP 29.30 ON 8
[REMARKS]
SUBSTITUTED LIQUID PRECIPITATION AMOUNT (0.04) FOR 02/15/2024 AND (0.03) FOR
02/16/2024 FROM LOCAL COOPERATIVE OBSERVER (ORD #2, SITE 25-6336) DUE TO THE
AUTOMATED GAUGE CAPTURE UNDER-REPRESENTING PRECIPITATION FROM THE SNOW EVENT.
SUBSTITUTED TEMPERATURE DATA FOR THE MAXIMUM AND MINIMUM TEMPERATURES FOR THE
FOLLOWING DAYS FROM THE NEARBY UNIVERSITY OF NEBRASKA MESONET SITE (ORD 2N)
DUE TO THE ASOS TEMPERATURES BEING OUT OF SERVICE.
DATE MAXIMUM TEMPERATURE MINIMUM TEMPERATURE
02/18/2024 51
02/19/2024 57 23
02/20/2024 70 21
02/21/2024 64 27
02/22/2024 59 28
02/23/2024 58 24
02/24/2024 63 18
02/25/2024 67 23
02/26/2024 28
#FINAL-02-24#