000
CXUS52 KCAE 011400
CF6OGB
PRELIMINARY LOCAL CLIMATOLOGICAL DATA (WS FORM: F-6)
STATION: ORANGEBURG AIRPORT SC
MONTH: JULY
YEAR: 2023
LATITUDE: 33 27 N
LONGITUDE: 80 51 W
TEMPERATURE IN F: :PCPN: SNOW: WIND :SUNSHINE: SKY :PK WND
================================================================================
1 2 3 4 5 6A 6B 7 8 9 10 11 12 13 14 15 16 17 18
12Z AVG MX 2MIN
DY MAX MIN AVG DEP HDD CDD WTR SNW DPTH SPD SPD DIR MIN PSBL S-S WX SPD DR
================================================================================
1 93 73 83 2 0 18 0.00 M M 4.4 12 220 M M 0 18 16 290
2 94 73 84 3 0 19 0.00 M M 6.9 13 180 M M 1 1 17 160
3 92 76 84 3 0 19 0.00 M M 5.2 12 190 M M 1 19 170
4 96 75 86 5 0 21 0.17 M M 5.1 17 230 M M 1 13 21 180
5 94 74 84 2 0 19 0.44 M M 3.6 23 20 M M 2 1238 31 30
6 92 74 83 1 0 18 0.00 M M 2.6 8 250 M M 6 1 13 270
7 95 74 85 3 0 20 0.65 M M 3.9 30 20 M M 1 138 40 20
8 91 73 82 0 0 17 0.25 M M 2.8 26 270 M M 1 13 38 260
9 91 74 83 1 0 18 0.00 M M 6.1 21 250 M M 2 3 27 250
10 78 70 74 -8 0 9 0.35 M M 4.0 13 20 M M 5 13 17 10
11 89 67 78 -4 0 13 0.00 M M 2.8 9 200 M M 1 12 13 240
12 93 74 84 2 0 19 0.52 M M 3.7 16 200 M M 3 1 28 170
13 94 74 84 2 0 19 0.00 M M 5.0 20 190 M M 3 1 24 200
14 92 75 84 2 0 19 0.00 M M 5.4 14 230 M M 2 18 210
15 88 76 82 0 0 17 0.47 M M 6.4 23 230 M M 4 13 28 230
16 93 74 84 2 0 19 0.00 M M 6.6 14 230 M M 3 18 260
17 93 75 84 2 0 19 0.01 M M 2.0 17 340 M M 2 13 24 340
18 93 74 84 2 0 19 0.00 M M 2.9 9 160 M M 0 1 12 160
19 96 76 86 4 0 21 0.00 M M 7.3 18 280 M M 1 18 23 180
20 95 74 85 3 0 20 0.83 M M 7.9 39 290 M M 4 13 54 300
21 94 73 84 2 0 19 0.30 M M 7.9 24 290 M M 4 13 33 280
22 91 74 83 1 0 18 0.00 M M 7.0 17 270 M M 2 22 300
23 88 73 81 -1 0 16 0.03 M M 4.2 20 170 M M 6 3 26 170
24 88 73 81 -1 0 16 T M M 3.6 12 240 M M 6 1 14 260
25 93 73 83 1 0 18 0.00 M M 2.0 8 250 M M 0 1 10 290
26 95 74 85 3 0 20 0.00 M M 1.5 15 150 M M 0 1 19 140
27 93 72 83 1 0 18 0.00 M M 2.8 13 140 M M 0 1 16 150
28 86 75 81 -1 0 16 0.30 M M 2.3 16 180 M M 3 1 20 180
29 88 75 82 0 0 17 0.29 M M 3.1 14 80 M M 5 13 21 80
30 93 73 83 1 0 18 0.12 M M 4.6 24 280 M M 1 138 32 270
31 92 71 82 0 0 17 0.60 M M 4.2 18 360 M M 4 123 22 350
================================================================================
SM 2843 2281 0 556 5.33 M 137.8 M 74
================================================================================
AV 91.7 73.6 4.4 FASTST M M 2 MAX(MPH)
MISC ----> 39 290 54 300
================================================================================
NOTES:
# LAST OF SEVERAL OCCURRENCES
COLUMN 17 PEAK WIND IN M.P.H.
PRELIMINARY LOCAL CLIMATOLOGICAL DATA (WS FORM: F-6) , PAGE 2
STATION: ORANGEBURG AIRPORT SC
MONTH: JULY
YEAR: 2023
LATITUDE: 33 27 N
LONGITUDE: 80 51 W
[TEMPERATURE DATA] [PRECIPITATION DATA] SYMBOLS USED IN COLUMN 16
AVERAGE MONTHLY: 82.6 TOTAL FOR MONTH: 5.33 1 = FOG OR MIST
DPTR FM NORMAL: 0.7 DPTR FM NORMAL: 0.38 2 = FOG REDUCING VISIBILITY
HIGHEST: 96 ON 19, 4 GRTST 24HR 0.88 ON 7- 8 TO 1/4 MILE OR LESS
LOWEST: 67 ON 11 3 = THUNDER
SNOW, ICE PELLETS, HAIL 4 = ICE PELLETS
TOTAL MONTH: M 5 = HAIL
GRTST 24HR M ON M 6 = FREEZING RAIN OR DRIZZLE
GRTST DEPTH: M ON M 7 = DUSTSTORM OR SANDSTORM:
VSBY 1/2 MILE OR LESS
8 = SMOKE OR HAZE
[NO. OF DAYS WITH] [WEATHER - DAYS WITH] 9 = BLOWING SNOW
X = TORNADO
MAX 32 OR BELOW: 0 0.01 INCH OR MORE: 15
MAX 90 OR ABOVE: 24 0.10 INCH OR MORE: 13
MIN 32 OR BELOW: 0 0.50 INCH OR MORE: 4
MIN 0 OR BELOW: 0 1.00 INCH OR MORE: 0
[HDD (BASE 65) ]
TOTAL THIS MO. 0 CLEAR (SCALE 0-3) 22
DPTR FM NORMAL 0 PTCLDY (SCALE 4-7) 9
TOTAL FM JUL 1 0 CLOUDY (SCALE 8-10) 0
DPTR FM NORMAL 0
[CDD (BASE 65) ]
TOTAL THIS MO. 556
DPTR FM NORMAL 31 [PRESSURE DATA]
TOTAL FM JAN 1 1246 HIGHEST SLP 30.16 ON 28
DPTR FM NORMAL -41 LOWEST SLP 29.79 ON 9
[REMARKS]
#FINAL-07-23#