000
CXUS52 KCAE 011500
CF6OGB
PRELIMINARY LOCAL CLIMATOLOGICAL DATA (WS FORM: F-6)
STATION: ORANGEBURG AIRPORT SC
MONTH: FEBRUARY
YEAR: 2022
LATITUDE: 33 27 N
LONGITUDE: 80 51 W
TEMPERATURE IN F: :PCPN: SNOW: WIND :SUNSHINE: SKY :PK WND
================================================================================
1 2 3 4 5 6A 6B 7 8 9 10 11 12 13 14 15 16 17 18
12Z AVG MX 2MIN
DY MAX MIN AVG DEP HDD CDD WTR SNW DPTH SPD SPD DIR MIN PSBL S-S WX SPD DR
================================================================================
1 60 33 47 -1 18 0 0.00 M M 5.8 13 120 M M 0 19 130
2 66 37 52 4 13 0 T M M 5.7 13 50 M M 4 15 80
3 76 53 65 17 0 0 0.01 M M 10.9 24 180 M M 6 1 32 180
4 68 53 61 12 4 0 0.20 M M 11.8 20 190 M M 7 1 26 190
5 53 37 45 -4 20 0 T M M 9.6 20 290 M M 2 25 290
6 48 34 41 -8 24 0 0.04 M M 9.6 16 20 M M 8 20 60
7 45 38 42 -7 23 0 0.35 M M 7.7 16 40 M M 10 1 21 40
8 51 34 43 -6 22 0 0.00 M M 2.7 8 40 M M 7 12 11 360
9 59 29 44 -5 21 0 0.00 M M 2.0 12 280 M M 2 12 15 240
10 68 33 51 1 14 0 0.00 M M 4.1 17 260 M M 0 1 21 300
11 69 35 52 2 13 0 0.00 M M 3.8 16 190 M M 0 20 210
12 67 37 52 2 13 0 0.00 M M 2.4 10 300 M M 1 13 310
13 61 43 52 2 13 0 0.00 M M 5.8 17 300 M M 4 24 320
14 58 28 43 -7 22 0 0.00 M M 5.5 16 250 M M 0 21 230
15 62 31 47 -3 18 0 0.00 M M 4.6 13 80 M M 0 18 70
16 66 41 54 3 11 0 0.00 M M 5.9 17 130 M M 4 1 25 140
17 78 53 66 15 0 1 0.00 M M 11.6 25 180 M M 7 12 33 180
18 75 50 63 12 2 0 0.21 M M 12.9 26 250 M M 3 1 32 260
19 62 39 51 0 14 0 0.00 M M 6.3 16 300 M M 0 21 300
20 63 35 49 -3 16 0 0.00 M M 4.7 12 80 M M 1 17 70
21 74 43 59 7 6 0 0.01 M M 5.1 12 200 M M 4 16 220
22 79 59 69 17 0 4 0.00 M M 8.3 20 180 M M 7 1 24 190
23 83 58 71 19 0 6 0.00 M M 6.8 20 230 M M 1 1 24 230
24 85 55 70 18 0 5 0.00 M M 6.6 20 210 M M 3 12 25 220
25 84 63 74 22 0 9 0.00 M M 10.8 25 230 M M 3 32 250
26 69 53 61 8 4 0 0.00 M M 5.5 15 50 M M 5 19 60
27 56 48 52 -1 13 0 0.08 M M 5.8 12 20 M M 10 1 15 150
28 62 41 52 -1 13 0 0.00 M M 5.3 16 30 M M 4 23 40
================================================================================
SM 1847 1193 317 25 0.90 M 187.6 M 103
================================================================================
AV 66.0 42.6 6.7 FASTST M M 4 MAX(MPH)
MISC ----> 26 250 33 180
================================================================================
NOTES:
# LAST OF SEVERAL OCCURRENCES
COLUMN 17 PEAK WIND IN M.P.H.
PRELIMINARY LOCAL CLIMATOLOGICAL DATA (WS FORM: F-6) , PAGE 2
STATION: ORANGEBURG AIRPORT SC
MONTH: FEBRUARY
YEAR: 2022
LATITUDE: 33 27 N
LONGITUDE: 80 51 W
[TEMPERATURE DATA] [PRECIPITATION DATA] SYMBOLS USED IN COLUMN 16
AVERAGE MONTHLY: 54.3 TOTAL FOR MONTH: 0.90 1 = FOG OR MIST
DPTR FM NORMAL: 3.8 DPTR FM NORMAL: -2.44 2 = FOG REDUCING VISIBILITY
HIGHEST: 85 ON 24 GRTST 24HR 0.36 ON 6- 7 TO 1/4 MILE OR LESS
LOWEST: 28 ON 14 3 = THUNDER
SNOW, ICE PELLETS, HAIL 4 = ICE PELLETS
TOTAL MONTH: M 5 = HAIL
GRTST 24HR M ON M 6 = FREEZING RAIN OR DRIZZLE
GRTST DEPTH: M ON M 7 = DUSTSTORM OR SANDSTORM:
VSBY 1/2 MILE OR LESS
8 = SMOKE OR HAZE
[NO. OF DAYS WITH] [WEATHER - DAYS WITH] 9 = BLOWING SNOW
X = TORNADO
MAX 32 OR BELOW: 0 0.01 INCH OR MORE: 7
MAX 90 OR ABOVE: 0 0.10 INCH OR MORE: 3
MIN 32 OR BELOW: 3 0.50 INCH OR MORE: 0
MIN 0 OR BELOW: 0 1.00 INCH OR MORE: 0
[HDD (BASE 65) ]
TOTAL THIS MO. 317 CLEAR (SCALE 0-3) 11
DPTR FM NORMAL -95 PTCLDY (SCALE 4-7) 15
TOTAL FM JUL 1 1628 CLOUDY (SCALE 8-10) 2
DPTR FM NORMAL -189
[CDD (BASE 65) ]
TOTAL THIS MO. 25
DPTR FM NORMAL 19 [PRESSURE DATA]
TOTAL FM JAN 1 38 HIGHEST SLP 30.62 ON 15
DPTR FM NORMAL 34 LOWEST SLP 29.83 ON 18
[REMARKS]
#FINAL-02-22#