000
CXUS55 KGGW 010810
CF6OLF
PRELIMINARY LOCAL CLIMATOLOGICAL DATA (WS FORM: F-6)
STATION: WOLF POINT MT
MONTH: MAY
YEAR: 2023
LATITUDE: 48 5 N
LONGITUDE: 105 35 W
TEMPERATURE IN F: :PCPN: SNOW: WIND :SUNSHINE: SKY :PK WND
================================================================================
1 2 3 4 5 6A 6B 7 8 9 10 11 12 13 14 15 16 17 18
12Z AVG MX 2MIN
DY MAX MIN AVG DEP HDD CDD WTR SNW DPTH SPD SPD DIR MIN PSBL S-S WX SPD DR
================================================================================
1 68 31 50 1 15 0 0.00 M M 8.6 20 100 M M 0 25 90
2 77 33 55 5 10 0 0.00 M M 8.0 16 130 M M 0 26 130
3 81 35 58 8 7 0 0.00 M M 6.6 13 110 M M 0 18 90
4 83 41 62 12 3 0 0.00 M M 11.1 22 90 M M 0 33 120
5 73 42 58 7 7 0 0.00 M M 17.1 29 90 M M 2 43 70
6 60 49 55 4 10 0 0.01 M M 12.7 21 60 M M 10 27 60
7 67 47 57 5 8 0 0.01 M M 9.5 23 70 M M 7 31 70
8 68 39 54 2 11 0 0.14 M M 5.9 24 340 M M 5 1 32 340
9 73 36 55 3 10 0 0.01 M M 4.9 25 270 M M 1 1 37 240
10 74 37 56 3 9 0 0.00 M M 8.4 18 290 M M 0 8 25 300
11 62 53 58 5 7 0 0.49 M M 14.6 26 360 M M 9 1 35 360
12 57 52 55 2 10 0 0.01 M M 17.1 25 40 M M 10 18 34 20
13 60 52 56 2 9 0 0.18 M M 14.2 24 60 M M 10 1 34 60
14 75 50 63 9 2 0 0.00 M M 6.2 13 100 M M 4 18 80
15 77 45 61 6 4 0 0.00 M M 5.8 14 190 M M 0 20 150
16 84 47 66 11 0 1 0.00 M M 6.2 13 240 M M 0 8 20 240
17 69 47 58 3 7 0 0.01 M M 12.3 40 10 M M 8 8 65 360
18 60 34 47 -9 18 0 0.00 M M 8.9 20 340 M M 5 8 26 340
19 65 30 48 -8 17 0 0.00 M M 3.6 10 180 M M 0 21 160
20 79 40 60 4 5 0 T M M 4.9 16 220 M M 0 8 21 220
21 80 42 61 4 4 0 0.00 M M 3.7 10 50 M M 0 18 20 120
22 88 47 68 11 0 3 0.00 M M 6.1 23 320 M M 1 8 31 330
23 83 58 71 14 0 6 T M M 5.9 22 70 M M 2 3 28 80
24 84 59 72 14 0 7 0.20 M M 9.6 30 240 M M 4 138 46 220
25 77 55 66 8 0 1 1.29 M M 3.5 28 130 M M 3 13 54 120
26 76 57 67 9 0 2 0.09 M M 7.1 22 60 M M 5 1 29 70
27 78 58 68 9 0 3 1.47 M M 7.4 22 80 M M 7 138 30 80
28 75 54 65 6 0 0 T M M 6.1 16 250 M M 3 12 21 280
29 75 54 65 6 0 0 0.22 M M 4.1 35 350 M M 3 123 48 350
30 82 53 68 8 0 3 0.00 M M 2.4 12 250 M M 1 3 17 220
31 85 54 70 10 0 5 0.00 M M 6.0 14 70 M M 0 19 80
================================================================================
SM 2295 1431 173 31 4.13 M 248.5 M 100
================================================================================
AV 74.0 46.2 8.0 FASTST M M 3 MAX(MPH)
MISC ----> 40 10 65 360
================================================================================
NOTES:
# LAST OF SEVERAL OCCURRENCES
COLUMN 17 PEAK WIND IN M.P.H.
PRELIMINARY LOCAL CLIMATOLOGICAL DATA (WS FORM: F-6) , PAGE 2
STATION: WOLF POINT MT
MONTH: MAY
YEAR: 2023
LATITUDE: 48 5 N
LONGITUDE: 105 35 W
[TEMPERATURE DATA] [PRECIPITATION DATA] SYMBOLS USED IN COLUMN 16
AVERAGE MONTHLY: 60.1 TOTAL FOR MONTH: 4.13 1 = FOG OR MIST
DPTR FM NORMAL: 5.2 DPTR FM NORMAL: 2.11 2 = FOG REDUCING VISIBILITY
HIGHEST: 88 ON 22 GRTST 24HR 1.47 ON 27-27 TO 1/4 MILE OR LESS
LOWEST: 30 ON 19 3 = THUNDER
SNOW, ICE PELLETS, HAIL 4 = ICE PELLETS
TOTAL MONTH: M 5 = HAIL
GRTST 24HR M ON M 6 = FREEZING RAIN OR DRIZZLE
GRTST DEPTH: M ON M 7 = DUSTSTORM OR SANDSTORM:
VSBY 1/2 MILE OR LESS
8 = SMOKE OR HAZE
[NO. OF DAYS WITH] [WEATHER - DAYS WITH] 9 = BLOWING SNOW
X = TORNADO
MAX 32 OR BELOW: 0 0.01 INCH OR MORE: 13
MAX 90 OR ABOVE: 0 0.10 INCH OR MORE: 7
MIN 32 OR BELOW: 2 0.50 INCH OR MORE: 2
MIN 0 OR BELOW: 0 1.00 INCH OR MORE: 2
[HDD (BASE 65) ]
TOTAL THIS MO. 173 CLEAR (SCALE 0-3) 18
DPTR FM NORMAL -154 PTCLDY (SCALE 4-7) 9
TOTAL FM JUL 1 9074 CLOUDY (SCALE 8-10) 4
DPTR FM NORMAL 669
[CDD (BASE 65) ]
TOTAL THIS MO. 31
DPTR FM NORMAL 19 [PRESSURE DATA]
TOTAL FM JAN 1 31 HIGHEST SLP M ON M
DPTR FM NORMAL 19 LOWEST SLP 29.68 ON 22
[REMARKS]
#FINAL-05-23#