000
CXUS55 KGGW 010810
CF6OLF
PRELIMINARY LOCAL CLIMATOLOGICAL DATA (WS FORM: F-6)
STATION: WOLF POINT MT
MONTH: APRIL
YEAR: 2023
LATITUDE: 48 5 N
LONGITUDE: 105 35 W
TEMPERATURE IN F: :PCPN: SNOW: WIND :SUNSHINE: SKY :PK WND
================================================================================
1 2 3 4 5 6A 6B 7 8 9 10 11 12 13 14 15 16 17 18
12Z AVG MX 2MIN
DY MAX MIN AVG DEP HDD CDD WTR SNW DPTH SPD SPD DIR MIN PSBL S-S WX SPD DR
================================================================================
1 43 11 27 -12 38 0 0.08 M M 3.5 12 320 M M 3 18 14 330
2 37 23 30 -9 35 0 T M M 15.9 35 260 M M 7 18 48 260
3 29 14 22 -18 43 0 0.00 M M 7.4 17 80 M M 6 22 70
4 24 17 21 -19 44 0 T M M 10.9 15 40 M M 10 18 20 70
5 26 7 17 -23 48 0 0.00 M M 7.9 17 250 M M 1 21 360
6 37 7 22 -19 43 0 T M M 8.8 14 90 M M 5 17 80
7 41 20 31 -10 34 0 0.00 M M 13.3 18 80 M M 0 24 70
8 50 29 40 -2 25 0 0.00 M M 5.7 16 40 M M 1 19 40
9 54 28 41 -1 24 0 0.00 M M 6.5 18 260 M M 0 23 260
10 70 30 50 8 15 0 0.00 M M 3.9 10 60 M M 0 12 60
11 83 36 60 17 5 0 0.00 M M 9.4 28 320 M M 0 38 300
12 52 35 44 1 21 0 0.00 M M 9.1 23 310 M M 7 30 320
13 40 33 37 -6 28 0 0.15 M M 13.0 22 30 M M 10 1 30 30
14 43 31 37 -7 28 0 T M M 9.0 18 330 M M 9 24 330
15 53 29 41 -3 24 0 0.00 M M 5.2 15 270 M M 4 24 280
16 65 25 45 1 20 0 0.00 M M 8.5 17 190 M M 0 26 180
17 67 36 52 7 13 0 0.01 M M 7.7 16 70 M M 1 20 80
18 56 40 48 3 17 0 T M M 12.4 21 70 M M 3 28 70
19 41 28 35 -10 30 0 0.15 M M 18.4 29 330 M M 10 18 40 340
20 34 26 30 -16 35 0 T M M 17.7 29 310 M M 10 18 36 320
21 39 26 33 -13 32 0 T M M 12.0 21 10 M M 8 27 20
22 44 22 33 -13 32 0 0.00 M M 5.2 12 320 M M 6 16 360
23 52 22 37 -10 28 0 0.00 M M 7.0 22 80 M M 0 28 80
24 63 28 46 -1 19 0 0.00 M M 13.8 22 100 M M 5 44 130
25 64 32 48 1 17 0 T M M 8.8 16 180 M M 1 27 160
26 64 44 54 6 11 0 T M M 9.2 22 300 M M 4 28 280
27 59 43 51 3 14 0 0.07 M M 13.9 28 330 M M 10 35 320
28 69 34 52 4 13 0 0.00 M M 10.4 28 300 M M 3 36 310
29 64 34 49 0 16 0 0.00 M M 12.0 22 360 M M 0 30 30
30 63 27 45 -4 20 0 0.00 M M 6.5 13 90 M M 0 18 90
================================================================================
SM 1526 817 772 0 0.46 M 293.0 M 124
================================================================================
AV 50.9 27.2 9.8 FASTST M M 4 MAX(MPH)
MISC ----> 35 260 48 260
================================================================================
NOTES:
# LAST OF SEVERAL OCCURRENCES
COLUMN 17 PEAK WIND IN M.P.H.
PRELIMINARY LOCAL CLIMATOLOGICAL DATA (WS FORM: F-6) , PAGE 2
STATION: WOLF POINT MT
MONTH: APRIL
YEAR: 2023
LATITUDE: 48 5 N
LONGITUDE: 105 35 W
[TEMPERATURE DATA] [PRECIPITATION DATA] SYMBOLS USED IN COLUMN 16
AVERAGE MONTHLY: 39.1 TOTAL FOR MONTH: 0.46 1 = FOG OR MIST
DPTR FM NORMAL: -5.0 DPTR FM NORMAL: -0.46 2 = FOG REDUCING VISIBILITY
HIGHEST: 83 ON 11 GRTST 24HR 0.15 ON 13-13 TO 1/4 MILE OR LESS
LOWEST: 7 ON 6, 5 3 = THUNDER
SNOW, ICE PELLETS, HAIL 4 = ICE PELLETS
TOTAL MONTH: M 5 = HAIL
GRTST 24HR M ON M 6 = FREEZING RAIN OR DRIZZLE
GRTST DEPTH: M ON M 7 = DUSTSTORM OR SANDSTORM:
VSBY 1/2 MILE OR LESS
8 = SMOKE OR HAZE
[NO. OF DAYS WITH] [WEATHER - DAYS WITH] 9 = BLOWING SNOW
X = TORNADO
MAX 32 OR BELOW: 3 0.01 INCH OR MORE: 5
MAX 90 OR ABOVE: 0 0.10 INCH OR MORE: 2
MIN 32 OR BELOW: 21 0.50 INCH OR MORE: 0
MIN 0 OR BELOW: 0 1.00 INCH OR MORE: 0
[HDD (BASE 65) ]
TOTAL THIS MO. 772 CLEAR (SCALE 0-3) 15
DPTR FM NORMAL 145 PTCLDY (SCALE 4-7) 8
TOTAL FM JUL 1 8901 CLOUDY (SCALE 8-10) 7
DPTR FM NORMAL 823
[CDD (BASE 65) ]
TOTAL THIS MO. 0
DPTR FM NORMAL 0 [PRESSURE DATA]
TOTAL FM JAN 1 0 HIGHEST SLP M ON M
DPTR FM NORMAL 0 LOWEST SLP 29.50 ON 11
[REMARKS]
#FINAL-04-23#