000
CXUS55 KGGW 010910
CF6OLF
PRELIMINARY LOCAL CLIMATOLOGICAL DATA (WS FORM: F-6)
STATION: WOLF POINT MT
MONTH: FEBRUARY
YEAR: 2024
LATITUDE: 48 5 N
LONGITUDE: 105 35 W
TEMPERATURE IN F: :PCPN: SNOW: WIND :SUNSHINE: SKY :PK WND
================================================================================
1 2 3 4 5 6A 6B 7 8 9 10 11 12 13 14 15 16 17 18
12Z AVG MX 2MIN
DY MAX MIN AVG DEP HDD CDD WTR SNW DPTH SPD SPD DIR MIN PSBL S-S WX SPD DR
================================================================================
1 58 25 42 28 23 0 0.00 M M 8.6 14 100 M M 0 1 19 110
2 47 30 39 24 26 0 0.00 M M 10.9 18 100 M M 2 24 110
3 41 34 38 23 27 0 0.00 M M 6.5 13 110 M M 9 1 15 110
4 45 34 40 25 25 0 0.07 M M 6.8 14 80 M M 10 1 18 70
5 38 30 34 19 31 0 0.00 M M 2.5 7 340 M M 10 1 9 270
6 37 32 35 20 30 0 0.00 M M 9.5 17 70 M M 10 1 24 70
7 35 31 33 17 32 0 0.20 M M 11.2 18 90 M M 10 16 24 90
8 31 25 28 12 37 0 0.02 M M 10.1 17 320 M M 10 1 23 360
9 28 21 25 9 40 0 0.03 M M 5.5 17 330 M M 10 18 21 320
10 25 1 13 -3 52 0 0.00 M M 3.4 12 330 M M 3 15 340
11 36 2 19 3 46 0 0.00 M M 7.4 21 260 M M 7 27 260
12 36 19 28 11 37 0 T M M 3.2 15 260 M M 8 1 21 270
13 34 17 26 9 39 0 0.00 M M 10.9 20 300 M M 4 27 280
14 27 15 21 4 44 0 0.00 M M 7.9 15 320 M M 7 20 320
15 16 3 10 -8 55 0 0.00 M M 7.7 18 20 M M 2 25 20
16 20 8 14 -4 51 0 0.00 M M 12.7 24 270 M M 6 32 290
17 33 8 21 3 44 0 0.00 M M 13.8 28 270 M M 0 35 270
18 42 5 24 5 41 0 0.00 M M 4.0 10 170 M M 0 15 180
19 31 10 21 2 44 0 0.00 M M 6.2 15 250 M M 0 20 240
20 43 9 26 7 39 0 0.00 M M 2.8 10 230 M M 3 14 230
21 49 22 36 16 29 0 0.00 M M 8.1 16 270 M M 0 M M
22 48 21 35 15 30 0 0.00 M M 10.2 25 270 M M 0 35 260
23 50 26 38 18 27 0 0.00 M M 8.7 23 270 M M 0 30 270
24 50 26 38 17 27 0 0.00 M M 10.1 28 290 M M 4 38 290
25 42 30 36 15 29 0 0.04 M M 6.0 14 70 M M 9 12 17 70
26 52 5 29 7 36 0 0.00 M M 13.6 29 290 M M 8 38 280
27 14 -1 7 -15 58 0 0.00 M M 7.0 20 330 M M 6 27 340
28 42 8 25 2 40 0 0.00 M M 5.8 13 60 M M 4 17 120
29 62 20 41 18 24 0 0.00 M M 5.4 15 220 M M 0 32 210
================================================================================
SM 1112 516 1063 0 0.36 M 226.5 M 142
================================================================================
AV 38.3 17.8 7.8 FASTST M M 5 MAX(MPH)
MISC ----> 29 290 # 38 290
================================================================================
NOTES:
# LAST OF SEVERAL OCCURRENCES
COLUMN 17 PEAK WIND IN M.P.H.
PRELIMINARY LOCAL CLIMATOLOGICAL DATA (WS FORM: F-6) , PAGE 2
STATION: WOLF POINT MT
MONTH: FEBRUARY
YEAR: 2024
LATITUDE: 48 5 N
LONGITUDE: 105 35 W
[TEMPERATURE DATA] [PRECIPITATION DATA] SYMBOLS USED IN COLUMN 16
AVERAGE MONTHLY: 28.1 TOTAL FOR MONTH: 0.36 1 = FOG OR MIST
DPTR FM NORMAL: 10.2 DPTR FM NORMAL: 0.21 2 = FOG REDUCING VISIBILITY
HIGHEST: 62 ON 29 GRTST 24HR 0.21 ON 7- 8 TO 1/4 MILE OR LESS
LOWEST: -1 ON 27 3 = THUNDER
SNOW, ICE PELLETS, HAIL 4 = ICE PELLETS
TOTAL MONTH: M 5 = HAIL
GRTST 24HR M ON M 6 = FREEZING RAIN OR DRIZZLE
GRTST DEPTH: M ON M 7 = DUSTSTORM OR SANDSTORM:
VSBY 1/2 MILE OR LESS
8 = SMOKE OR HAZE
[NO. OF DAYS WITH] [WEATHER - DAYS WITH] 9 = BLOWING SNOW
X = TORNADO
MAX 32 OR BELOW: 8 0.01 INCH OR MORE: 5
MAX 90 OR ABOVE: 0 0.10 INCH OR MORE: 1
MIN 32 OR BELOW: 27 0.50 INCH OR MORE: 0
MIN 0 OR BELOW: 1 1.00 INCH OR MORE: 0
[HDD (BASE 65) ]
TOTAL THIS MO. 1063 CLEAR (SCALE 0-3) 10
DPTR FM NORMAL -257 PTCLDY (SCALE 4-7) 10
TOTAL FM JUL 1 5650 CLOUDY (SCALE 8-10) 9
DPTR FM NORMAL -831
[CDD (BASE 65) ]
TOTAL THIS MO. 0
DPTR FM NORMAL 0 [PRESSURE DATA]
TOTAL FM JAN 1 0 HIGHEST SLP M ON M
DPTR FM NORMAL 0 LOWEST SLP 29.26 ON 26
[REMARKS]
#FINAL-02-24#