000
CXUS55 KGGW 010910
CF6OLF
PRELIMINARY LOCAL CLIMATOLOGICAL DATA (WS FORM: F-6)
STATION: WOLF POINT MT
MONTH: JANUARY
YEAR: 2021
LATITUDE: 48 5 N
LONGITUDE: 105 35 W
TEMPERATURE IN F: :PCPN: SNOW: WIND :SUNSHINE: SKY :PK WND
================================================================================
1 2 3 4 5 6A 6B 7 8 9 10 11 12 13 14 15 16 17 18
12Z AVG MX 2MIN
DY MAX MIN AVG DEP HDD CDD WTR SNW DPTH SPD SPD DIR MIN PSBL S-S WX SPD DR
================================================================================
1 45 7 26 14 39 0 0.00 M M 2.1 8 250 M M 0 9 240
2 44 17 31 19 34 0 0.02 M M 2.5 8 250 M M 3 10 260
3 48 18 33 21 32 0 T M M 6.9 31 290 M M 2 38 280
4 45 23 34 22 31 0 0.00 M M 7.8 14 270 M M 0 19 260
5 45 18 32 20 33 0 T M M 8.5 25 300 M M 5 32 290
6 44 10 27 16 38 0 0.00 M M 2.8 8 260 M M 1 1 9 260
7 37 16 27 16 38 0 0.00 M M 1.8 7 240 M M 3 1 8 20
8 34 13 24 13 41 0 0.00 M M 2.3 9 80 M M 2 128 12 90
9 30 22 26 15 39 0 0.00 M M 2.5 14 220 M M 10 12 17 240
10 42 22 32 21 33 0 0.00 M M 6.0 18 250 M M 4 24 260
11 46 19 33 22 32 0 0.00 M M 6.5 17 270 M M 0 8 21 260
12 47 26 37 26 28 0 0.00 M M 3.5 14 240 M M 1 17 240
13 60 26 43 32 22 0 T M M 18.6 48 290 M M 5 8 64 280
14 37 28 33 22 32 0 0.00 M M 26.4 41 320 M M 2 53 310
15 32 16 24 12 41 0 0.00 M M 6.1 20 330 M M 1 25 350
16 46 21 34 22 31 0 0.00 M M 14.1 32 320 M M 1 42 300
17 34 18 26 14 39 0 0.02 M M 5.0 14 250 M M 6 12 16 240
18 36 27 32 20 33 0 T M M 14.9 29 330 M M 8 1 36 330
19 40 20 30 18 35 0 T M M 10.0 21 240 M M 5 25 240
20 44 23 34 22 31 0 0.00 M M 17.7 30 280 M M 1 42 280
21 28 5 17 5 48 0 0.00 M M 8.7 18 330 M M 7 22 350
22 30 2 16 4 49 0 0.00 M M 3.8 10 20 M M 5 8 13 20
23 27 0 14 2 51 0 T M M 7.8 16 80 M M 7 20 330
24 11 2 7 -5 58 0 T M M 14.2 21 80 M M 8 8 25 80
25 8 -8 0 -12 65 0 T M M 10.3 15 70 M M 10 18 19 80
26 5 -15 -5 -17 70 0 T M M 10.7 18 70 M M 5 8 22 70
27 21 -2 10 -3 55 0 T M M 12.3 17 80 M M 7 18 21 70
28 31 6 19 6 46 0 0.00 M M 8.9 15 70 M M 1 20 70
29 31 11 21 8 44 0 0.00 M M 8.3 14 70 M M 3 17 20
30 30 8 19 6 46 0 0.00 M M 4.2 15 10 M M 4 18 18 10
31 36 0 18 5 47 0 0.00 M M 1.9 7 70 M M 0 18 8 60
================================================================================
SM 1094 399 1261 0 0.04 M 257.1 M 117
================================================================================
AV 35.3 12.9 8.3 FASTST M M 4 MAX(MPH)
MISC ----> 48 290 64 280
================================================================================
NOTES:
# LAST OF SEVERAL OCCURRENCES
COLUMN 17 PEAK WIND IN M.P.H.
PRELIMINARY LOCAL CLIMATOLOGICAL DATA (WS FORM: F-6) , PAGE 2
STATION: WOLF POINT MT
MONTH: JANUARY
YEAR: 2021
LATITUDE: 48 5 N
LONGITUDE: 105 35 W
[TEMPERATURE DATA] [PRECIPITATION DATA] SYMBOLS USED IN COLUMN 16
AVERAGE MONTHLY: 24.1 TOTAL FOR MONTH: 0.04 1 = FOG OR MIST
DPTR FM NORMAL: 12.2 DPTR FM NORMAL: -0.27 2 = FOG REDUCING VISIBILITY
HIGHEST: 60 ON 13 GRTST 24HR 0.04 ON 3- 3 TO 1/4 MILE OR LESS
LOWEST: -15 ON 26 3 = THUNDER
SNOW, ICE PELLETS, HAIL 4 = ICE PELLETS
TOTAL MONTH: M 5 = HAIL
GRTST 24HR M ON M 6 = FREEZING RAIN OR DRIZZLE
GRTST DEPTH: M ON M 7 = DUSTSTORM OR SANDSTORM:
VSBY 1/2 MILE OR LESS
8 = SMOKE OR HAZE
[NO. OF DAYS WITH] [WEATHER - DAYS WITH] 9 = BLOWING SNOW
X = TORNADO
MAX 32 OR BELOW: 12 0.01 INCH OR MORE: 2
MAX 90 OR ABOVE: 0 0.10 INCH OR MORE: 0
MIN 32 OR BELOW: 31 0.50 INCH OR MORE: 0
MIN 0 OR BELOW: 5 1.00 INCH OR MORE: 0
[HDD (BASE 65) ]
TOTAL THIS MO. 1261 CLEAR (SCALE 0-3) 14
DPTR FM NORMAL -385 PTCLDY (SCALE 4-7) 14
TOTAL FM JUL 1 4581 CLOUDY (SCALE 8-10) 3
DPTR FM NORMAL -721
[CDD (BASE 65) ]
TOTAL THIS MO. 0
DPTR FM NORMAL 0 [PRESSURE DATA]
TOTAL FM JAN 1 0 HIGHEST SLP M ON M
DPTR FM NORMAL 0 LOWEST SLP 29.36 ON 13
[REMARKS]
#FINAL-01-21#