000
CXUS55 KGGW 010810
CF6OLF
PRELIMINARY LOCAL CLIMATOLOGICAL DATA (WS FORM: F-6)
STATION: WOLF POINT MT
MONTH: JULY
YEAR: 2020
LATITUDE: 48 5 N
LONGITUDE: 105 35 W
TEMPERATURE IN F: :PCPN: SNOW: WIND :SUNSHINE: SKY :PK WND
================================================================================
1 2 3 4 5 6A 6B 7 8 9 10 11 12 13 14 15 16 17 18
12Z AVG MX 2MIN
DY MAX MIN AVG DEP HDD CDD WTR SNW DPTH SPD SPD DIR MIN PSBL S-S WX SPD DR
================================================================================
1 81 48 65 -2 0 0 0.02 M M 7.2 23 250 M M 1 13 40 260
2 83 51 67 -1 0 2 0.01 M M 4.7 12 280 M M 0 M M
3 91 52 72 4 0 7 0.00 M M 5.6 14 220 M M 0 M M
4 93 60 77 9 0 12 0.40 M M 7.4 20 250 M M 1 13 47 240
5 86 60 73 5 0 8 0.00 M M 5.9 10 10 M M 1 M M
6 84 54 69 0 0 4 0.00 M M 5.4 14 60 M M 1 21 90
7 87 53 70 1 0 5 0.73 M M 8.8 38 290 M M 1 13 52 280
8 78 52 65 -4 0 0 T M M 12.9 25 280 M M 1 39 280
9 81 53 67 -2 0 2 0.00 M M 9.6 18 280 M M 0 27 280
10 85 52 69 -1 0 4 0.00 M M 8.5 22 300 M M 1 35 290
11 85 52 69 -1 0 4 0.00 M M 6.0 9 100 M M 0 M M
12 93 57 75 5 0 10 0.03 M M 7.3 16 320 M M 1 30 280
13 79 48 64 -6 1 0 0.08 M M 11.7 24 290 M M 2 36 300
14 82 42 62 -8 3 0 0.00 M M 9.0 21 270 M M 1 36 310
15 87 44 66 -5 0 1 0.00 M M 6.6 15 240 M M 1 8 22 250
16 91 49 70 -1 0 5 0.00 M M 3.8 10 80 M M 0 M M
17 92 55 74 3 0 9 0.09 M M 5.2 12 300 M M 2 M M
18 83 51 67 -4 0 2 0.01 M M 10.5 20 290 M M 3 33 300
19 82 48 65 -6 0 0 0.11 M M 5.5 13 30 M M 1 13 18 20
20 78 54 66 -5 0 1 0.50 M M 5.1 14 80 M M 7 1 29 320
21 83 49 66 -6 0 1 0.00 M M 3.7 9 90 M M 1 1 M M
22 96 59 78 6 0 13 0.00 M M 7.7 10 80 M M 1 M M
23 91 64 78 6 0 13 0.00 M M 6.7 14 70 M M 1 22 330
24 94 60 77 5 0 12 0.00 M M 6.6 13 260 M M 0 20 260
25 85 50 68 -4 0 3 T M M 9.2 20 310 M M 1 30 310
26 88 46 67 -5 0 2 0.00 M M 5.8 12 340 M M 1 26 340
27 87 48 68 -4 0 3 0.00 M M 4.1 9 100 M M 0 M M
28 93 49 71 -1 0 6 0.00 M M 7.1 14 110 M M 0 20 110
29 94 61 78 6 0 13 0.00 M M 4.7 9 70 M M 0 20 350
30 98 59 79 7 0 14 0.00 M M 2.8 10 360 M M 0 16 360
31 89 60 75 3 0 10 T M M 5.8 17 250 M M 1 3 24 250
================================================================================
SM 2699 1640 4 166 1.98 M 210.6 M 31
================================================================================
AV 87.1 52.9 6.8 FASTST M M 1 MAX(MPH)
MISC ----> 38 290 52 280
================================================================================
NOTES:
# LAST OF SEVERAL OCCURRENCES
COLUMN 17 PEAK WIND IN M.P.H.
PRELIMINARY LOCAL CLIMATOLOGICAL DATA (WS FORM: F-6) , PAGE 2
STATION: WOLF POINT MT
MONTH: JULY
YEAR: 2020
LATITUDE: 48 5 N
LONGITUDE: 105 35 W
[TEMPERATURE DATA] [PRECIPITATION DATA] SYMBOLS USED IN COLUMN 16
AVERAGE MONTHLY: 70.0 TOTAL FOR MONTH: 1.98 1 = FOG OR MIST
DPTR FM NORMAL: -0.4 DPTR FM NORMAL: 0.00 2 = FOG REDUCING VISIBILITY
HIGHEST: 98 ON 30 GRTST 24HR 0.73 ON 7- 7 TO 1/4 MILE OR LESS
LOWEST: 42 ON 14 3 = THUNDER
SNOW, ICE PELLETS, HAIL 4 = ICE PELLETS
TOTAL MONTH: M 5 = HAIL
GRTST 24HR M ON M 6 = FREEZING RAIN OR DRIZZLE
GRTST DEPTH: M ON M 7 = DUSTSTORM OR SANDSTORM:
VSBY 1/2 MILE OR LESS
8 = SMOKE OR HAZE
[NO. OF DAYS WITH] [WEATHER - DAYS WITH] 9 = BLOWING SNOW
X = TORNADO
MAX 32 OR BELOW: 0 0.01 INCH OR MORE: 10
MAX 90 OR ABOVE: 11 0.10 INCH OR MORE: 4
MIN 32 OR BELOW: 0 0.50 INCH OR MORE: 2
MIN 0 OR BELOW: 0 1.00 INCH OR MORE: 0
[HDD (BASE 65) ]
TOTAL THIS MO. 4 CLEAR (SCALE 0-3) 30
DPTR FM NORMAL -16 PTCLDY (SCALE 4-7) 1
TOTAL FM JUL 1 4 CLOUDY (SCALE 8-10) 0
DPTR FM NORMAL -9
[CDD (BASE 65) ]
TOTAL THIS MO. 166
DPTR FM NORMAL -23 [PRESSURE DATA]
TOTAL FM JAN 1 260 HIGHEST SLP M ON M
DPTR FM NORMAL 7 LOWEST SLP M ON M
[REMARKS]
#FINAL-07-20#