000
CXUS55 KGGW 010810
CF6OLF
PRELIMINARY LOCAL CLIMATOLOGICAL DATA (WS FORM: F-6)
STATION: WOLF POINT MT
MONTH: SEPTEMBER
YEAR: 2023
LATITUDE: 48 5 N
LONGITUDE: 105 35 W
TEMPERATURE IN F: :PCPN: SNOW: WIND :SUNSHINE: SKY :PK WND
================================================================================
1 2 3 4 5 6A 6B 7 8 9 10 11 12 13 14 15 16 17 18
12Z AVG MX 2MIN
DY MAX MIN AVG DEP HDD CDD WTR SNW DPTH SPD SPD DIR MIN PSBL S-S WX SPD DR
================================================================================
1 89 52 71 6 0 6 0.00 M M 3.2 9 260 M M 0 18 13 260
2 96 52 74 10 0 9 0.00 M M 6.0 22 240 M M 0 8 30 250
3 97 53 75 11 0 10 0.08 M M 6.7 24 240 M M 1 38 35 260
4 74 58 66 2 0 1 0.02 M M 10.2 26 360 M M 7 8 36 10
5 71 49 60 -3 5 0 0.00 M M 5.8 13 360 M M 5 8 19 350
6 86 45 66 3 0 1 0.05 M M 6.6 14 200 M M 3 38 19 200
7 84 47 66 4 0 1 0.00 M M 9.2 26 290 M M 0 18 35 270
8 76 44 60 -2 5 0 0.11 M M 5.4 16 90 M M 6 13 23 110
9 75 51 63 1 2 0 T M M 7.4 15 60 M M 4 20 60
10 74 50 62 1 3 0 0.11 M M 6.1 17 40 M M 6 13 23 80
11 77 44 61 0 4 0 0.00 M M 4.9 14 70 M M 0 19 70
12 80 48 64 4 1 0 0.00 M M 7.3 14 170 M M 0 22 130
13 81 50 66 6 0 1 0.02 M M 5.5 15 270 M M 2 20 260
14 78 48 63 3 2 0 0.00 M M 7.3 20 260 M M 2 8 25 270
15 77 37 57 -2 8 0 0.00 M M 5.3 16 310 M M 0 26 310
16 85 40 63 4 2 0 0.00 M M 7.5 14 110 M M 0 18 23 100
17 90 44 67 9 0 2 0.00 M M 4.6 16 270 M M 0 8 27 280
18 87 51 69 11 0 4 0.00 M M 8.7 22 260 M M 0 30 280
19 74 44 59 2 6 0 0.00 M M 7.8 22 300 M M 0 8 31 320
20 70 46 58 1 7 0 0.07 M M 5.2 12 60 M M 4 14 70
21 71 47 59 3 6 0 0.09 M M 9.7 21 90 M M 6 28 90
22 67 56 62 6 3 0 0.07 M M 13.7 24 100 M M 9 1 32 100
23 66 56 61 5 4 0 0.23 M M 8.6 18 60 M M 9 1 23 60
24 72 50 61 6 4 0 0.00 M M 3.4 12 220 M M 6 15 220
25 82 44 63 8 2 0 0.00 M M 4.7 12 30 M M 1 12 17 120
26 83 53 68 14 0 3 0.00 M M 9.7 15 120 M M 0 25 130
27 73 48 61 7 4 0 0.00 M M 6.4 18 340 M M 1 33 290
28 69 40 55 2 10 0 T M M 8.4 21 240 M M 2 30 230
29 73 35 54 1 11 0 0.00 M M 3.6 12 100 M M 0 17 80
30 79 44 62 10 3 0 T M M 12.8 26 80 M M 5 37 100
================================================================================
SM 2356 1426 92 38 0.85 M 211.7 M 79
================================================================================
AV 78.5 47.5 7.1 FASTST M M 3 MAX(MPH)
MISC ----> # 26 360 37 100
================================================================================
NOTES:
# LAST OF SEVERAL OCCURRENCES
COLUMN 17 PEAK WIND IN M.P.H.
PRELIMINARY LOCAL CLIMATOLOGICAL DATA (WS FORM: F-6) , PAGE 2
STATION: WOLF POINT MT
MONTH: SEPTEMBER
YEAR: 2023
LATITUDE: 48 5 N
LONGITUDE: 105 35 W
[TEMPERATURE DATA] [PRECIPITATION DATA] SYMBOLS USED IN COLUMN 16
AVERAGE MONTHLY: 63.0 TOTAL FOR MONTH: 0.85 1 = FOG OR MIST
DPTR FM NORMAL: 4.2 DPTR FM NORMAL: -0.16 2 = FOG REDUCING VISIBILITY
HIGHEST: 97 ON 3 GRTST 24HR 0.30 ON 22-23 TO 1/4 MILE OR LESS
LOWEST: 35 ON 29 3 = THUNDER
SNOW, ICE PELLETS, HAIL 4 = ICE PELLETS
TOTAL MONTH: M 5 = HAIL
GRTST 24HR M ON M 6 = FREEZING RAIN OR DRIZZLE
GRTST DEPTH: M ON M 7 = DUSTSTORM OR SANDSTORM:
VSBY 1/2 MILE OR LESS
8 = SMOKE OR HAZE
[NO. OF DAYS WITH] [WEATHER - DAYS WITH] 9 = BLOWING SNOW
X = TORNADO
MAX 32 OR BELOW: 0 0.01 INCH OR MORE: 10
MAX 90 OR ABOVE: 3 0.10 INCH OR MORE: 3
MIN 32 OR BELOW: 0 0.50 INCH OR MORE: 0
MIN 0 OR BELOW: 0 1.00 INCH OR MORE: 0
[HDD (BASE 65) ]
TOTAL THIS MO. 92 CLEAR (SCALE 0-3) 18
DPTR FM NORMAL -131 PTCLDY (SCALE 4-7) 10
TOTAL FM JUL 1 122 CLOUDY (SCALE 8-10) 2
DPTR FM NORMAL -151
[CDD (BASE 65) ]
TOTAL THIS MO. 38
DPTR FM NORMAL 2 [PRESSURE DATA]
TOTAL FM JAN 1 601 HIGHEST SLP M ON M
DPTR FM NORMAL 95 LOWEST SLP 29.52 ON 4
[REMARKS]
#FINAL-09-23#