000
CXUS54 KMRX 011500
CF6OQT
PRELIMINARY LOCAL CLIMATOLOGICAL DATA (WS FORM: F-6)
STATION: OAK RIDGE
MONTH: SEPTEMBER
YEAR: 2021
LATITUDE: 36 1 N
LONGITUDE: 84 14 W
TEMPERATURE IN F: :PCPN: SNOW: WIND :SUNSHINE: SKY :PK WND
================================================================================
1 2 3 4 5 6A 6B 7 8 9 10 11 12 13 14 15 16 17 18
12Z AVG MX 2MIN
DY MAX MIN AVG DEP HDD CDD WTR SNW DPTH SPD SPD DIR MIN PSBL S-S WX SPD DR
================================================================================
1 82 67 75 -1 0 10 0.02 M M 2.2 9 300 M M 8 1 17 310
2 81 64 73 -3 0 8 0.00 M M 2.1 9 80 M M 0 17 90
3 83 60 72 -4 0 7 0.00 M M 1.3 8 260 M M 1 12 270
4 84 63 74 -1 0 9 0.00 M M 1.6 8 270 M M 3 12 12 140
5 78 64 71 -4 0 6 0.03 M M 1.0 7 330 M M 5 1 11 320
6 84 63 74 -1 0 9 0.00 M M 1.5 9 80 M M 4 1 17 90
7 86 62 74 -1 0 9 0.00 M M 1.8 9 270 M M 3 13 280
8 89 70 80 6 0 15 0.02 M M 2.1 9 290 M M 6 15 300
9 83 60 72 -2 0 7 0.00 M M 1.8 10 330 M M 4 1 19 310
10 81 55 68 -6 0 3 0.00 M M 0.9 8 90 M M 1 8 14 80
11 82 57 70 -4 0 5 0.00 M M 1.1 8 290 M M 2 12 14 290
12 85 60 73 0 0 8 0.00 M M 1.0 7 260 M M 1 1 13 230
13 86 63 75 2 0 10 0.00 M M 0.6 7 130 M M 2 12 10 130
14 88 65 77 4 0 12 0.00 M M 0.8 8 90 M M 3 12 11 160
15 84 68 76 4 0 11 0.14 M M 1.2 8 160 M M 5 1 13 140
16 86 67 77 5 0 12 0.93 M M 1.4 12 110 M M 7 12 22 90
17 85 67 76 4 0 11 T M M 0.4 7 90 M M 9 12 10 90
18 75 70 73 1 0 8 1.00 M M 0.7 5 300 M M 7 12 M M
19 81 70 76 5 0 11 0.06 M M 0.5 4 99 M M 9 1 M M
20 74 67 71 0 0 6 0.77 M M M 5 340 M M 6 9 360
21 78 66 72 2 0 7 0.23 M M 0.4 6 70 M M 10 1 10 70
22 71 57 64 -6 1 0 0.61 M M 2.9 13 280 M M M 20 300
23 71 50 61 -9 4 0 0.00 M M 1.5 8 300 M M M 16 260
24 74 46 60 -9 5 0 0.00 M M 0.8 8 80 M M M 14 90
25 75 49 62 -7 3 0 0.00 M M 0.9 7 290 M M M 11 260
26 76 53 65 -4 0 0 0.00 M M 0.7 6 140 M M M 10 200
27 81 51 66 -2 0 1 0.00 M M 0.8 8 250 M M 1 12 12 250
28 81 56 69 1 0 4 0.00 M M 0.8 7 140 M M 2 12 10 210
29 84 60 72 4 0 7 0.00 M M 0.6 7 130 M M 3 12 11 160
30 85 62 74 7 0 9 0.00 M M 0.4 5 90 M M 3 12 8 90
================================================================================
SM 2433 1832 13 205 3.81 M 33.8 M 105
================================================================================
AV 81.1 61.1 1.2 FASTST M M 4 MAX(MPH)
MISC ----> 13 280 22 90
================================================================================
NOTES:
# LAST OF SEVERAL OCCURRENCES
COLUMN 17 PEAK WIND IN M.P.H.
PRELIMINARY LOCAL CLIMATOLOGICAL DATA (WS FORM: F-6) , PAGE 2
STATION: OAK RIDGE
MONTH: SEPTEMBER
YEAR: 2021
LATITUDE: 36 1 N
LONGITUDE: 84 14 W
[TEMPERATURE DATA] [PRECIPITATION DATA] SYMBOLS USED IN COLUMN 16
AVERAGE MONTHLY: 71.1 TOTAL FOR MONTH: 3.81 1 = FOG OR MIST
DPTR FM NORMAL: -0.9 DPTR FM NORMAL: -0.02 2 = FOG REDUCING VISIBILITY
HIGHEST: 89 ON 8 GRTST 24HR 2.87 ON 31- 1 TO 1/4 MILE OR LESS
LOWEST: 46 ON 24 3 = THUNDER
SNOW, ICE PELLETS, HAIL 4 = ICE PELLETS
TOTAL MONTH: M 5 = HAIL
GRTST 24HR M ON M 6 = FREEZING RAIN OR DRIZZLE
GRTST DEPTH: M ON M 7 = DUSTSTORM OR SANDSTORM:
VSBY 1/2 MILE OR LESS
8 = SMOKE OR HAZE
[NO. OF DAYS WITH] [WEATHER - DAYS WITH] 9 = BLOWING SNOW
X = TORNADO
MAX 32 OR BELOW: 0 0.01 INCH OR MORE: 10
MAX 90 OR ABOVE: 0 0.10 INCH OR MORE: 6
MIN 32 OR BELOW: 0 0.50 INCH OR MORE: 4
MIN 0 OR BELOW: 0 1.00 INCH OR MORE: 1
[HDD (BASE 65) ]
TOTAL THIS MO. 13 CLEAR (SCALE 0-3) 12
DPTR FM NORMAL -3 PTCLDY (SCALE 4-7) 10
TOTAL FM JUL 1 13 CLOUDY (SCALE 8-10) 8
DPTR FM NORMAL -1
[CDD (BASE 65) ]
TOTAL THIS MO. 205
DPTR FM NORMAL -21 [PRESSURE DATA]
TOTAL FM JAN 1 1538 HIGHEST SLP 30.31 ON 12
DPTR FM NORMAL -46 LOWEST SLP 29.55 ON 1
[REMARKS]
#FINAL-09-21#