000
CXUS54 KMRX 011030
CF6OQT
PRELIMINARY LOCAL CLIMATOLOGICAL DATA (WS FORM: F-6)
STATION: OAK RIDGE
MONTH: OCTOBER
YEAR: 2023
LATITUDE: 36 1 N
LONGITUDE: 84 14 W
TEMPERATURE IN F: :PCPN: SNOW: WIND :SUNSHINE: SKY :PK WND
================================================================================
1 2 3 4 5 6A 6B 7 8 9 10 11 12 13 14 15 16 17 18
12Z AVG MX 2MIN
DY MAX MIN AVG DEP HDD CDD WTR SNW DPTH SPD SPD DIR MIN PSBL S-S WX SPD DR
================================================================================
1 86 61 74 7 0 9 0.00 M M 1.0 7 70 M M 0 13 90
2 85 58 72 6 0 7 0.00 M M 1.0 7 80 M M 1 12 100
3 86 57 72 6 0 7 0.00 M M 0.6 6 60 M M 1 1 10 100
4 85 57 71 5 0 6 0.00 M M 0.5 4 290 M M 2 12 M M
5 80 63 72 7 0 7 T M M 1.3 8 290 M M 2 14 280
6 68 62 65 0 0 0 0.14 M M 1.0 6 250 M M 9 1 11 190
7 66 46 56 -8 9 0 0.00 M M 2.5 13 330 M M 1 23 360
8 65 40 53 -11 12 0 0.00 M M 2.1 12 270 M M 2 20 290
9 64 43 54 -10 11 0 T M M 0.9 8 260 M M 7 13 240
10 76 50 63 0 2 0 T M M 1.2 9 280 M M 3 1 17 260
11 68 46 57 -6 8 0 0.00 M M 0.0 3 270 M M 1 7 40
12 81 54 68 6 0 3 0.00 M M 0.7 9 70 M M 2 1 16 90
13 77 52 65 3 0 0 0.01 M M 1.6 8 290 M M 6 12 15 280
14 73 55 64 3 1 0 0.02 M M 4.7 15 290 M M 9 1 28 280
15 62 49 56 -5 9 0 0.03 M M 1.8 8 310 M M 9 1 17 70
16 59 48 54 -6 11 0 0.04 M M 1.7 10 300 M M 9 1 17 300
17 60 42 51 -9 14 0 0.00 M M 0.0 5 120 M M 8 7 130
18 68 39 54 -6 11 0 0.00 M M 0.6 7 250 M M 2 12 14 190
19 71 46 59 0 6 0 0.02 M M 1.5 10 220 M M 6 22 230
20 70 56 63 4 2 0 0.28 M M 5.1 16 280 M M 6 18 30 250
21 73 43 58 0 7 0 0.00 M M 1.9 9 260 M M 0 20 200
22 69 45 57 -1 8 0 0.00 M M 1.8 9 80 M M 0 8 17 100
23 73 43 58 0 7 0 0.00 M M 1.2 6 280 M M 2 1 12 20
24 76 45 61 4 4 0 0.00 M M 1.1 7 260 M M 0 11 150
25 78 47 63 6 2 0 0.00 M M 0.5 7 260 M M 0 11 240
26 79 51 65 9 0 0 0.00 M M 0.8 8 260 M M 5 13 250
27 78 58 68 12 0 3 0.00 M M 1.3 7 270 M M 2 M M
28 82 59 71 15 0 6 0.00 M M 0.2 6 99 M M 4 M M
29 79 61 70 15 0 5 0.00 M M 2.3 9 270 M M 6 17 260
30 67 47 57 2 8 0 0.17 M M 1.9 7 340 M M 9 1 16 190
31 57 40 49 -5 16 0 0.00 M M 3.3 13 340 M M 7 23 350
================================================================================
SM 2261 1563 148 53 0.71 M 46.1 M 121
================================================================================
AV 72.9 50.4 1.5 FASTST M M 4 MAX(MPH)
MISC ----> 16 280 30 250
================================================================================
NOTES:
# LAST OF SEVERAL OCCURRENCES
COLUMN 17 PEAK WIND IN M.P.H.
PRELIMINARY LOCAL CLIMATOLOGICAL DATA (WS FORM: F-6) , PAGE 2
STATION: OAK RIDGE
MONTH: OCTOBER
YEAR: 2023
LATITUDE: 36 1 N
LONGITUDE: 84 14 W
[TEMPERATURE DATA] [PRECIPITATION DATA] SYMBOLS USED IN COLUMN 16
AVERAGE MONTHLY: 61.7 TOTAL FOR MONTH: 0.71 1 = FOG OR MIST
DPTR FM NORMAL: 1.1 DPTR FM NORMAL: -2.41 2 = FOG REDUCING VISIBILITY
HIGHEST: 86 ON 3, 1 GRTST 24HR 0.30 ON 19-20 TO 1/4 MILE OR LESS
LOWEST: 39 ON 18 3 = THUNDER
SNOW, ICE PELLETS, HAIL 4 = ICE PELLETS
TOTAL MONTH: M 5 = HAIL
GRTST 24HR M ON M 6 = FREEZING RAIN OR DRIZZLE
GRTST DEPTH: M ON M 7 = DUSTSTORM OR SANDSTORM:
VSBY 1/2 MILE OR LESS
8 = SMOKE OR HAZE
[NO. OF DAYS WITH] [WEATHER - DAYS WITH] 9 = BLOWING SNOW
X = TORNADO
MAX 32 OR BELOW: 0 0.01 INCH OR MORE: 8
MAX 90 OR ABOVE: 0 0.10 INCH OR MORE: 3
MIN 32 OR BELOW: 0 0.50 INCH OR MORE: 0
MIN 0 OR BELOW: 0 1.00 INCH OR MORE: 0
[HDD (BASE 65) ]
TOTAL THIS MO. 148 CLEAR (SCALE 0-3) 16
DPTR FM NORMAL -34 PTCLDY (SCALE 4-7) 10
TOTAL FM JUL 1 148 CLOUDY (SCALE 8-10) 5
DPTR FM NORMAL -49
[CDD (BASE 65) ]
TOTAL THIS MO. 53
DPTR FM NORMAL 9 [PRESSURE DATA]
TOTAL FM JAN 1 1541 HIGHEST SLP 30.41 ON 25
DPTR FM NORMAL -87 LOWEST SLP 29.64 ON 20
[REMARKS]
#FINAL-10-23#