000
CXUS51 KAKQ 010710
CF6ORF
PRELIMINARY LOCAL CLIMATOLOGICAL DATA (WS FORM: F-6)
STATION: NORFOLK VA
MONTH: SEPTEMBER
YEAR: 2022
LATITUDE: 36 54 N
LONGITUDE: 76 12 W
TEMPERATURE IN F: :PCPN: SNOW: WIND :SUNSHINE: SKY :PK WND
================================================================================
1 2 3 4 5 6A 6B 7 8 9 10 11 12 13 14 15 16 17 18
12Z AVG MX 2MIN
DY MAX MIN AVG DEP HDD CDD WTR SNW DPTH SPD SPD DIR MIN PSBL S-S WX SPD DR
================================================================================
1 87 71 79 2 0 14 0.00 0.0 0 5.7 15 20 M M 0 20 130
2 88 70 79 2 0 14 0.00 0.0 0 5.9 16 60 M M 0 20 70
3 86 71 79 2 0 14 0.00 0.0 0 5.3 15 40 M M 0 24 80
4 88 68 78 1 0 13 0.00 0.0 0 4.8 14 90 M M 0 24 100
5 88 69 79 2 0 14 0.00 0.0 0 5.9 16 150 M M 1 24 100
6 90 76 83 7 0 18 T 0.0 0 8.9 23 220 M M 7 27 220
7 83 73 78 2 0 13 T 0.0 0 11.9 17 40 M M 8 24 40
8 80 71 76 0 0 11 T 0.0 0 14.1 21 20 M M 5 25 30
9 80 70 75 -1 0 10 0.00 0.0 0 14.2 21 30 M M 4 25 30
10 85 73 79 3 0 14 T 0.0 0 8.7 16 90 M M 3 20 70
11 88 75 82 7 0 17 0.17 0.0 0 8.7 17 180 M M 7 1 22 180
12 91 72 82 7 0 17 0.02 0.0 0 10.1 17 200 M M 3 1 22 210
13 88 69 79 4 0 14 0.00 0.0 0 7.5 20 220 M M 3 25 220
14 78 64 71 -4 0 6 0.00 0.0 0 6.0 16 350 M M 0 21 360
15 81 62 72 -2 0 7 0.00 0.0 0 6.9 18 40 M M 1 23 30
16 78 62 70 -4 0 5 0.00 0.0 0 5.9 13 30 M M 0 17 30
17 82 59 71 -3 0 6 0.00 0.0 0 3.4 13 70 M M 0 22 90
18 86 62 74 0 0 9 0.00 0.0 0 4.8 12 70 M M 0 1 19 110
19 90 67 79 6 0 14 0.00 0.0 0 9.7 18 210 M M 1 25 200
20 86 69 78 5 0 13 0.00 0.0 0 6.1 13 30 M M 0 16 30
21 86 66 76 3 0 11 0.00 0.0 0 5.5 13 190 M M 0 19 160
22 96 66 81 9 0 16 0.01 0.0 0 15.5 28 350 M M 3 38 350
23 69 58 64 -8 1 0 0.00 0.0 0 11.0 21 360 M M 1 32 330
24 76 60 68 -4 0 3 0.00 0.0 0 7.9 16 350 M M 0 20 340
25 89 60 75 4 0 10 0.18 0.0 0 14.7 31 210 M M 4 1 39 220
26 83 64 74 3 0 9 T 0.0 0 8.9 21 230 M M 1 30 210
27 76 59 68 -3 0 3 0.00 0.0 0 4.0 16 350 M M 1 21 350
28 70 61 66 -4 0 1 0.00 0.0 0 12.7 24 30 M M 1 27 30
29 68 62 65 -5 0 0 0.00 0.0 0 22.9 31 30 M M 3 39 20
30 73 64 69 -1 0 4 3.40 0.0 0 25.1 47 60 M M 10 1 68 60
================================================================================
SM 2489 1993 1 300 3.78 0.0 282.7 M 67
================================================================================
AV 83.0 66.4 9.4 FASTST M M 2 MAX(MPH)
MISC ----> 47 60 68 60
================================================================================
NOTES:
# LAST OF SEVERAL OCCURRENCES
COLUMN 17 PEAK WIND IN M.P.H.
PRELIMINARY LOCAL CLIMATOLOGICAL DATA (WS FORM: F-6) , PAGE 2
STATION: NORFOLK VA
MONTH: SEPTEMBER
YEAR: 2022
LATITUDE: 36 54 N
LONGITUDE: 76 12 W
[TEMPERATURE DATA] [PRECIPITATION DATA] SYMBOLS USED IN COLUMN 16
AVERAGE MONTHLY: 74.7 TOTAL FOR MONTH: 3.78 1 = FOG OR MIST
DPTR FM NORMAL: 0.7 DPTR FM NORMAL: -1.62 2 = FOG REDUCING VISIBILITY
HIGHEST: 96 ON 22 GRTST 24HR 3.40 ON 30-30 TO 1/4 MILE OR LESS
LOWEST: 58 ON 23 3 = THUNDER
SNOW, ICE PELLETS, HAIL 4 = ICE PELLETS
TOTAL MONTH: 0.0 INCH 5 = HAIL
GRTST 24HR 0.0 6 = FREEZING RAIN OR DRIZZLE
GRTST DEPTH: 0 7 = DUSTSTORM OR SANDSTORM:
VSBY 1/2 MILE OR LESS
8 = SMOKE OR HAZE
[NO. OF DAYS WITH] [WEATHER - DAYS WITH] 9 = BLOWING SNOW
X = TORNADO
MAX 32 OR BELOW: 0 0.01 INCH OR MORE: 5
MAX 90 OR ABOVE: 4 0.10 INCH OR MORE: 3
MIN 32 OR BELOW: 0 0.50 INCH OR MORE: 1
MIN 0 OR BELOW: 0 1.00 INCH OR MORE: 1
[HDD (BASE 65) ]
TOTAL THIS MO. 1 CLEAR (SCALE 0-3) 21
DPTR FM NORMAL -4 PTCLDY (SCALE 4-7) 8
TOTAL FM JUL 1 1 CLOUDY (SCALE 8-10) 1
DPTR FM NORMAL -2
[CDD (BASE 65) ]
TOTAL THIS MO. 300
DPTR FM NORMAL 25 [PRESSURE DATA]
TOTAL FM JAN 1 1831 HIGHEST SLP M ON M
DPTR FM NORMAL 46 LOWEST SLP 29.57 ON 22
[REMARKS]
#FINAL-09-22#