000
CXUS51 KAKQ 010710
CF6ORF
PRELIMINARY LOCAL CLIMATOLOGICAL DATA (WS FORM: F-6)
STATION: NORFOLK VA
MONTH: JULY
YEAR: 2023
LATITUDE: 36 54 N
LONGITUDE: 76 12 W
TEMPERATURE IN F: :PCPN: SNOW: WIND :SUNSHINE: SKY :PK WND
================================================================================
1 2 3 4 5 6A 6B 7 8 9 10 11 12 13 14 15 16 17 18
12Z AVG MX 2MIN
DY MAX MIN AVG DEP HDD CDD WTR SNW DPTH SPD SPD DIR MIN PSBL S-S WX SPD DR
================================================================================
1 90 71 81 1 0 16 0.00 0.0 0 7.1 18 140 M M 1 8 29 140
2 93 75 84 4 0 19 0.00 0.0 0 12.9 20 200 M M 0 8 26 220
3 97 73 85 4 0 20 0.63 0.0 0 12.3 36 220 M M 1 13 46 210
4 92 74 83 2 0 18 0.00 0.0 0 9.4 17 220 M M 3 21 220
5 89 76 83 2 0 18 0.00 0.0 0 7.1 16 220 M M 1 3 20 130
6 89 75 82 1 0 17 0.47 0.0 0 4.8 12 190 M M 2 13 17 150
7 88 75 82 1 0 17 0.00 0.0 0 5.4 12 50 M M 0 15 160
8 88 77 83 2 0 18 T 0.0 0 4.2 16 220 M M 1 3 18 220
9 90 73 82 1 0 17 0.77 0.0 0 5.7 21 360 M M 5 13 26 10
10 84 73 79 -2 0 14 0.00 0.0 0 4.9 12 20 M M 2 15 350
11 88 72 80 -1 0 15 0.00 0.0 0 5.2 12 350 M M 1 15 10
12 90 73 82 1 0 17 0.00 0.0 0 5.8 13 100 M M 1 16 170
13 93 76 85 4 0 20 0.00 0.0 0 13.1 22 200 M M 1 27 200
14 89 78 84 3 0 19 0.03 0.0 0 12.6 21 210 M M 5 13 26 210
15 93 79 86 5 0 21 T 0.0 0 10.8 28 200 M M 5 3 35 200
16 91 77 84 3 0 19 1.01 0.0 0 10.1 35 220 M M 5 123 41 220
17 88 75 82 1 0 17 T 0.0 0 5.9 14 150 M M 3 3 21 140
18 92 78 85 4 0 20 0.00 0.0 0 5.4 15 240 M M 0 8 19 230
19 88 75 82 1 0 17 1.80 0.0 0 7.2 24 210 M M 2 1238 30 200
20 89 74 82 1 0 17 1.62 0.0 0 4.2 26 180 M M 2 13 36 170
21 90 77 84 3 0 19 0.01 0.0 0 6.0 15 20 M M 5 1 21 30
22 84 73 79 -2 0 14 0.00 0.0 0 6.6 13 20 M M 1 8 16 30
23 86 71 79 -2 0 14 0.00 0.0 0 5.3 14 80 M M 1 18 90
24 83 71 77 -4 0 12 1.65 0.0 0 5.8 17 70 M M 4 123 20 70
25 89 73 81 0 0 16 0.00 0.0 0 5.0 26 30 M M 1 33 10
26 89 71 80 -1 0 15 0.82 0.0 0 8.1 23 40 M M 3 13 30 30
27 95 77 86 5 0 21 0.00 0.0 0 13.6 21 210 M M 0 27 220
28 96 79 88 7 0 23 0.00 0.0 0 14.7 22 230 M M 0 28 190
29 96 80 88 7 0 23 T 0.0 0 16.0 28 220 M M 1 35 230
30 82 70 76 -5 0 11 0.00 0.0 0 7.0 18 70 M M 3 24 80
31 88 69 79 -2 0 14 0.00 0.0 0 4.4 16 150 M M 4 3 24 150
================================================================================
SM 2779 2310 0 538 8.81 0.0 246.6 M 64
================================================================================
AV 89.6 74.5 8.0 FASTST M M 2 MAX(MPH)
MISC ----> 36 220 46 210
================================================================================
NOTES:
# LAST OF SEVERAL OCCURRENCES
COLUMN 17 PEAK WIND IN M.P.H.
PRELIMINARY LOCAL CLIMATOLOGICAL DATA (WS FORM: F-6) , PAGE 2
STATION: NORFOLK VA
MONTH: JULY
YEAR: 2023
LATITUDE: 36 54 N
LONGITUDE: 76 12 W
[TEMPERATURE DATA] [PRECIPITATION DATA] SYMBOLS USED IN COLUMN 16
AVERAGE MONTHLY: 82.1 TOTAL FOR MONTH: 8.81 1 = FOG OR MIST
DPTR FM NORMAL: 1.0 DPTR FM NORMAL: 2.73 2 = FOG REDUCING VISIBILITY
HIGHEST: 97 ON 3 GRTST 24HR 1.80 ON 19-19 TO 1/4 MILE OR LESS
LOWEST: 69 ON 31 3 = THUNDER
SNOW, ICE PELLETS, HAIL 4 = ICE PELLETS
TOTAL MONTH: 0.0 INCH 5 = HAIL
GRTST 24HR 0.0 6 = FREEZING RAIN OR DRIZZLE
GRTST DEPTH: 0 7 = DUSTSTORM OR SANDSTORM:
VSBY 1/2 MILE OR LESS
8 = SMOKE OR HAZE
[NO. OF DAYS WITH] [WEATHER - DAYS WITH] 9 = BLOWING SNOW
X = TORNADO
MAX 32 OR BELOW: 0 0.01 INCH OR MORE: 10
MAX 90 OR ABOVE: 14 0.10 INCH OR MORE: 8
MIN 32 OR BELOW: 0 0.50 INCH OR MORE: 7
MIN 0 OR BELOW: 0 1.00 INCH OR MORE: 4
[HDD (BASE 65) ]
TOTAL THIS MO. 0 CLEAR (SCALE 0-3) 23
DPTR FM NORMAL 0 PTCLDY (SCALE 4-7) 8
TOTAL FM JUL 1 0 CLOUDY (SCALE 8-10) 0
DPTR FM NORMAL 0
[CDD (BASE 65) ]
TOTAL THIS MO. 538
DPTR FM NORMAL 39 [PRESSURE DATA]
TOTAL FM JAN 1 928 HIGHEST SLP M ON M
DPTR FM NORMAL -140 LOWEST SLP 29.71 ON 9
[REMARKS]
#FINAL-07-23#