000
CXUS53 KGRB 090618
CF6OSH
PRELIMINARY LOCAL CLIMATOLOGICAL DATA (WS FORM: F-6)
STATION: OSHKOSH WI
MONTH: JANUARY
YEAR: 2023
LATITUDE: 44 0 N
LONGITUDE: 88 34 W
TEMPERATURE IN F: :PCPN: SNOW: WIND :SUNSHINE: SKY :PK WND
================================================================================
1 2 3 4 5 6A 6B 7 8 9 10 11 12 13 14 15 16 17 18
12Z AVG MX 2MIN
DY MAX MIN AVG DEP HDD CDD WTR SNW DPTH SPD SPD DIR MIN PSBL S-S WX SPD DR
================================================================================
1 41 31 36 16 29 0 0.00 0.0 0 5.4 15 190 M M 5 18 19 180
2 35 27 31 11 34 0 0.00 0.0 0 3.6 13 20 M M 7 18 16 10
3 36 32 34 14 31 0 0.08 0.0 0 12.0 22 40 M M 10 1 32 40
4 37 32 35 15 30 0 0.01 T 0 5.5 12 60 M M 10 12 17 40
5 34 30 32 12 33 0 0.10 0.4 0 4.0 10 310 M M 10 18 15 290
6 30 23 27 8 38 0 0.00 0.0 0 6.7 12 290 M M 10 1 17 280
7 24 16 20 1 45 0 T T 0 3.3 12 200 M M 8 12 14 210
8 23 18 21 2 44 0 0.00 0.0 0 6.2 15 200 M M 9 18 20 200
9 35 19 27 8 38 0 0.00 0.0 0 4.3 9 100 M M 0 18 15 90
10 38 31 35 16 30 0 0.00 0.0 0 4.1 9 140 M M 8 128 12 90
11 38 31 35 16 30 0 0.04 0.0 0 4.5 9 330 M M 9 1268 13 340
12 37 31 34 16 31 0 0.01 T 0 9.3 20 360 M M 10 1 26 360
13 31 24 28 10 37 0 0.00 0.0 0 11.7 22 350 M M 10 30 20
14 29 22 26 8 39 0 0.00 0.0 0 7.1 14 190 M M 6 20 190
15 43 24 34 16 31 0 0.00 0.0 0 12.0 20 160 M M 0 27 160
16 41 36 39 21 26 0 0.27 0.0 0 9.2 16 150 M M 10 18 26 150
17 43 34 39 21 26 0 0.02 0.0 0 7.7 15 290 M M 10 1 23 290
18 35 31 33 15 32 0 T T 0 8.7 20 70 M M 9 1 29 80
19 35 30 33 15 32 0 0.27 3.5 4 10.8 18 60 M M 10 1 28 50
20 31 23 27 9 38 0 0.01 T 3 9.3 16 330 M M 10 24 300
21 27 21 24 6 41 0 0.00 0.0 3 5.7 13 210 M M 10 8 18 200
22 22 17 20 2 45 0 0.00 0.0 3 5.8 12 350 M M 10 18 16 350
23 31 18 25 7 40 0 0.00 0.0 3 9.1 17 200 M M 8 1 25 290
24 34 22 28 10 37 0 0.00 0.0 3 6.3 13 250 M M 6 1 20 260
25 32 27 30 12 35 0 M M 4 5.3 12 350 M M 10 18 15 30
26 29 13 21 3 44 0 0.18 2.0 5 6.0 15 10 M M 9 18 18 360
27 32 9 21 3 44 0 0.04 1.0 4 16.2 28 290 M M 8 168 39 210
28 18 12 15 -3 50 0 0.02 0.7 5 7.3 14 10 M M 7 1 18 250
29 18 6 12 -6 53 0 0.12 1.5 6 9.9 17 350 M M 8 1 23 360
30 7 -5 1 -17 64 0 0.00 0.0 6 9.0 18 300 M M 3 27 290
31 7 -10 -1 -19 66 0 0.00 0.0 6 7.3 15 200 M M 0 18 210
================================================================================
SM 953 675 1193 0 1.17 9.1 233.3 M 240
================================================================================
AV 30.7 21.8 7.5 FASTST M M 8 MAX(MPH)
MISC ----> 28 290 39 210
================================================================================
NOTES:
# LAST OF SEVERAL OCCURRENCES
COLUMN 17 PEAK WIND IN M.P.H.
PRELIMINARY LOCAL CLIMATOLOGICAL DATA (WS FORM: F-6) , PAGE 2
STATION: OSHKOSH WI
MONTH: JANUARY
YEAR: 2023
LATITUDE: 44 0 N
LONGITUDE: 88 34 W
[TEMPERATURE DATA] [PRECIPITATION DATA] SYMBOLS USED IN COLUMN 16
AVERAGE MONTHLY: 26.3 TOTAL FOR MONTH: 1.17 1 = FOG OR MIST
DPTR FM NORMAL: 7.8 DPTR FM NORMAL: 0.06 2 = FOG REDUCING VISIBILITY
HIGHEST: 43 ON 17,15 GRTST 24HR 0.40 ON 16-17 TO 1/4 MILE OR LESS
LOWEST: -10 ON 31 3 = THUNDER
SNOW, ICE PELLETS, HAIL 4 = ICE PELLETS
TOTAL MONTH: 9.1 INCHES 5 = HAIL
GRTST 24HR 3.5 ON 19-19 6 = FREEZING RAIN OR DRIZZLE
GRTST DEPTH: 6 ON 31,30 7 = DUSTSTORM OR SANDSTORM:
VSBY 1/2 MILE OR LESS
8 = SMOKE OR HAZE
[NO. OF DAYS WITH] [WEATHER - DAYS WITH] 9 = BLOWING SNOW
X = TORNADO
MAX 32 OR BELOW: 16 0.01 INCH OR MORE: 13
MAX 90 OR ABOVE: 0 0.10 INCH OR MORE: 5
MIN 32 OR BELOW: 29 0.50 INCH OR MORE: 0
MIN 0 OR BELOW: 2 1.00 INCH OR MORE: 0
[HDD (BASE 65) ]
TOTAL THIS MO. 1193 CLEAR (SCALE 0-3) 4
DPTR FM NORMAL -247 PTCLDY (SCALE 4-7) 9
TOTAL FM JUL 1 3872 CLOUDY (SCALE 8-10) 18
DPTR FM NORMAL -348
[CDD (BASE 65) ]
TOTAL THIS MO. 0
DPTR FM NORMAL 0 [PRESSURE DATA]
TOTAL FM JAN 1 0 HIGHEST SLP 30.52 ON 30
DPTR FM NORMAL 0 LOWEST SLP 29.36 ON 17
[REMARKS]
#FINAL-01-23#