000
CXUS53 KGRB 140114
CF6OSH
PRELIMINARY LOCAL CLIMATOLOGICAL DATA (WS FORM: F-6)
STATION: OSHKOSH WI
MONTH: OCTOBER
YEAR: 2021
LATITUDE: 44 0 N
LONGITUDE: 88 34 W
TEMPERATURE IN F: :PCPN: SNOW: WIND :SUNSHINE: SKY :PK WND
================================================================================
1 2 3 4 5 6A 6B 7 8 9 10 11 12 13 14 15 16 17 18
12Z AVG MX 2MIN
DY MAX MIN AVG DEP HDD CDD WTR SNW DPTH SPD SPD DIR MIN PSBL S-S WX SPD DR
================================================================================
1 85 52 69 13 0 4 0.00 0.0 0 5.0 13 180 M M 1 1 19 180
2 80 63 72 17 0 7 T 0.0 0 4.2 10 200 M M 5 16 250
3 69 63 66 11 0 1 0.25 0.0 0 2.4 7 40 M M 9 13 11 80
4 68 64 66 12 0 1 0.05 0.0 0 9.7 20 30 M M 10 1 26 20
5 69 60 65 11 0 0 0.00 0.0 0 7.9 14 70 M M 8 20 70
6 73 59 66 12 0 1 0.00 0.0 0 6.6 15 110 M M 2 1 20 110
7 65 61 63 10 2 0 0.10 0.0 0 6.6 14 100 M M 10 1 18 100
8 71 55 63 10 2 0 0.05 0.0 0 3.4 9 70 M M 7 12 12 70
9 70 58 64 12 1 0 T 0.0 0 5.7 13 110 M M 6 123 17 120
10 74 62 68 16 0 3 T 0.0 0 10.9 23 180 M M 2 13 33 180
11 68 62 65 14 0 0 0.08 0.0 0 4.3 13 110 M M 9 1 18 110
12 65 61 63 12 2 0 0.17 0.0 0 5.8 12 290 M M 10 1 16 290
13 67 60 64 13 1 0 T 0.0 0 9.0 21 160 M M 8 31 160
14 67 47 57 7 8 0 0.00 0.0 0 6.8 17 210 M M 1 1 28 200
15 58 41 50 0 15 0 0.01 0.0 0 3.8 9 290 M M 3 14 280
16 59 39 49 0 16 0 0.00 0.0 0 9.1 24 300 M M 1 36 280
17 65 41 53 4 12 0 0.00 0.0 0 7.9 20 290 M M 0 28 290
18 69 38 54 6 11 0 0.00 0.0 0 4.8 9 210 M M 0 14 210
19 74 46 60 12 5 0 0.00 0.0 0 8.1 18 230 M M 1 26 200
20 66 46 56 8 9 0 0.02 0.0 0 7.6 17 60 M M 5 1 23 60
21 59 37 48 1 17 0 0.25 0.0 0 9.0 22 10 M M 7 1 28 360
22 48 34 41 -6 24 0 0.00 0.0 0 5.0 13 350 M M 5 17 330
23 53 34 44 -2 21 0 0.00 0.0 0 4.0 10 350 M M 3 15 340
24 51 30 41 -5 24 0 0.00 0.0 0 9.4 23 40 M M 2 33 60
25 52 38 45 -1 20 0 T 0.0 0 15.1 26 20 M M 6 37 50
26 51 32 42 -3 23 0 0.00 0.0 0 6.0 15 20 M M 0 21 10
27 56 32 44 -1 21 0 0.00 0.0 0 7.5 18 120 M M 3 1 24 120
28 54 49 52 8 13 0 0.10 0.0 0 10.0 16 30 M M 9 1 23 60
29 55 49 52 8 13 0 0.06 0.0 0 15.3 26 20 M M 9 35 20
30 57 43 50 7 15 0 0.00 0.0 0 8.0 18 10 M M 6 24 350
31 51 37 44 1 21 0 0.00 0.0 0 9.9 22 310 M M 4 39 300
================================================================================
SM 1969 1493 296 17 1.14 0.0 228.8 M 152
================================================================================
AV 63.5 48.2 7.4 FASTST M M 5 MAX(MPH)
MISC ----> # 26 20 39 300
================================================================================
NOTES:
# LAST OF SEVERAL OCCURRENCES
COLUMN 17 PEAK WIND IN M.P.H.
PRELIMINARY LOCAL CLIMATOLOGICAL DATA (WS FORM: F-6) , PAGE 2
STATION: OSHKOSH WI
MONTH: OCTOBER
YEAR: 2021
LATITUDE: 44 0 N
LONGITUDE: 88 34 W
[TEMPERATURE DATA] [PRECIPITATION DATA] SYMBOLS USED IN COLUMN 16
AVERAGE MONTHLY: 55.8 TOTAL FOR MONTH: 1.14 1 = FOG OR MIST
DPTR FM NORMAL: 6.5 DPTR FM NORMAL: -1.62 2 = FOG REDUCING VISIBILITY
HIGHEST: 85 ON 1 GRTST 24HR 0.29 ON 3- 4 TO 1/4 MILE OR LESS
LOWEST: 30 ON 24 3 = THUNDER
SNOW, ICE PELLETS, HAIL 4 = ICE PELLETS
TOTAL MONTH: 0.0 INCH 5 = HAIL
GRTST 24HR 0.0 6 = FREEZING RAIN OR DRIZZLE
GRTST DEPTH: 0 7 = DUSTSTORM OR SANDSTORM:
VSBY 1/2 MILE OR LESS
8 = SMOKE OR HAZE
[NO. OF DAYS WITH] [WEATHER - DAYS WITH] 9 = BLOWING SNOW
X = TORNADO
MAX 32 OR BELOW: 0 0.01 INCH OR MORE: 11
MAX 90 OR ABOVE: 0 0.10 INCH OR MORE: 5
MIN 32 OR BELOW: 3 0.50 INCH OR MORE: 0
MIN 0 OR BELOW: 0 1.00 INCH OR MORE: 0
[HDD (BASE 65) ]
TOTAL THIS MO. 296 CLEAR (SCALE 0-3) 12
DPTR FM NORMAL -195 PTCLDY (SCALE 4-7) 11
TOTAL FM JUL 1 362 CLOUDY (SCALE 8-10) 8
DPTR FM NORMAL -311
[CDD (BASE 65) ]
TOTAL THIS MO. 17
DPTR FM NORMAL 12 [PRESSURE DATA]
TOTAL FM JAN 1 734 HIGHEST SLP 30.30 ON 6
DPTR FM NORMAL 167 LOWEST SLP 29.57 ON 10
[REMARKS]
#FINAL-10-21#