000
CXUS56 KLKN 161910
CF6P68
PRELIMINARY LOCAL CLIMATOLOGICAL DATA (WS FORM: F-6)
STATION: EUREKA AIRPORT NV
MONTH: JANUARY
YEAR: 2023
LATITUDE: 39 30 N
LONGITUDE: 115 58 W
TEMPERATURE IN F: :PCPN: SNOW: WIND :SUNSHINE: SKY :PK WND
================================================================================
1 2 3 4 5 6A 6B 7 8 9 10 11 12 13 14 15 16 17 18
12Z AVG MX 2MIN
DY MAX MIN AVG DEP HDD CDD WTR SNW DPTH SPD SPD DIR MIN PSBL S-S WX SPD DR
================================================================================
1 30 22 26 1 39 0 0.35 M M 13.1 24 350 M M M 34 10
2 27 3 15 -10 50 0 0.01 M M 3.0 12 200 M M M 13 210
3 29 10 20 -5 45 0 0.00 M M 5.4 13 210 M M M 15 200
4 38 17 28 3 37 0 0.00 M M 11.8 28 140 M M M 37 180
5 40 27 34 9 31 0 0.23 M M 10.1 35 180 M M M 46 190
6 36 12 24 -1 41 0 0.10 M M 6.9 14 210 M M M 20 250
7 29 5 17 -8 48 0 0.00 M M 5.4 29 160 M M M 36 160
8 42 20 31 6 34 0 0.00 M M 9.7 37 130 M M M 49 130
9 40 32 36 10 29 0 0.10 M M 13.0 30 160 M M M 39 150
10 40 26 33 7 32 0 0.21 M M 9.4 33 180 M M M 46 270
11 34 12 23 -3 42 0 0.00 M M 5.3 13 220 M M M 17 220
12 42 24 33 7 32 0 0.00 M M 4.9 22 160 M M M 28 150
13 43 24 34 8 31 0 0.00 M M 9.7 24 140 M M M 31 140
14 39 24 32 6 33 0 0.08 M M 8.1 22 180 M M M 29 180
15 36 11 24 -2 41 0 0.06 M M 4.4 15 270 M M M 23 270
16 32 11 22 -4 43 0 0.13 M M 3.7 10 20 M M M 13 30
17 30 10 20 -6 45 0 0.05 M M 8.4 21 340 M M M 27 350
18 27 6 17 -9 48 0 0.00 M M 4.3 13 210 M M M 16 200
19 28 18 23 -3 42 0 0.13 M M 8.7 18 330 M M M 26 340
20 25 -7 9 -17 56 0 0.00 M M 4.6 14 340 M M M 18 330
21 20 -6 7 -19 58 0 0.00 M M 5.9 15 220 M M M 20 220
22 24 -2 11 -15 54 0 0.02 M M 10.8 22 330 M M M 30 330
23 25 4 15 -11 50 0 0.00 M M 4.9 17 350 M M M 24 350
24 29 1 15 -11 50 0 0.00 M M 4.5 10 220 M M M 14 220
25 34 18 26 0 39 0 0.00 M M 6.1 16 350 M M M 22 350
26 33 11 22 -4 43 0 0.00 M M 4.5 13 200 M M M 15 210
27 44 9 27 1 38 0 0.01 M M 8.1 20 250 M M M 25 240
28 35 9 22 -5 43 0 0.01 M M 7.0 16 260 M M M 21 260
29 27 8 18 -9 47 0 0.00 M M 8.1 18 350 M M M 24 340
30 16 -13 2 -25 63 0 0.00 M M 4.7 14 350 M M M 19 350
31 22 -15 4 -23 61 0 0.00 M M 4.2 12 190 M M M 13 210
================================================================================
SM 996 331 1345 0 1.49 M 218.7 M M
================================================================================
AV 32.1 10.7 7.1 FASTST M M M MAX(MPH)
MISC ----> 37 130 49 130
================================================================================
NOTES:
# LAST OF SEVERAL OCCURRENCES
COLUMN 17 PEAK WIND IN M.P.H.
PRELIMINARY LOCAL CLIMATOLOGICAL DATA (WS FORM: F-6) , PAGE 2
STATION: EUREKA AIRPORT NV
MONTH: JANUARY
YEAR: 2023
LATITUDE: 39 30 N
LONGITUDE: 115 58 W
[TEMPERATURE DATA] [PRECIPITATION DATA] SYMBOLS USED IN COLUMN 16
AVERAGE MONTHLY: 21.4 TOTAL FOR MONTH: 1.49 1 = FOG OR MIST
DPTR FM NORMAL: -4.5 DPTR FM NORMAL: 0.69 2 = FOG REDUCING VISIBILITY
HIGHEST: 44 ON 27 GRTST 24HR 0.99 ON 31- 1 TO 1/4 MILE OR LESS
LOWEST: -15 ON 31 3 = THUNDER
SNOW, ICE PELLETS, HAIL 4 = ICE PELLETS
TOTAL MONTH: M 5 = HAIL
GRTST 24HR M ON M 6 = FREEZING RAIN OR DRIZZLE
GRTST DEPTH: M ON M 7 = DUSTSTORM OR SANDSTORM:
VSBY 1/2 MILE OR LESS
8 = SMOKE OR HAZE
[NO. OF DAYS WITH] [WEATHER - DAYS WITH] 9 = BLOWING SNOW
X = TORNADO
MAX 32 OR BELOW: 16 0.01 INCH OR MORE: 14
MAX 90 OR ABOVE: 0 0.10 INCH OR MORE: 7
MIN 32 OR BELOW: 31 0.50 INCH OR MORE: 0
MIN 0 OR BELOW: 5 1.00 INCH OR MORE: 0
[HDD (BASE 65) ]
TOTAL THIS MO. 1345 CLEAR (SCALE 0-3) 0
DPTR FM NORMAL 133 PTCLDY (SCALE 4-7) 0
TOTAL FM JUL 1 4247 CLOUDY (SCALE 8-10) 31
DPTR FM NORMAL 120
[CDD (BASE 65) ]
TOTAL THIS MO. 0
DPTR FM NORMAL 0 [PRESSURE DATA]
TOTAL FM JAN 1 0 HIGHEST SLP 30.73 ON 21
DPTR FM NORMAL 0 LOWEST SLP 29.46 ON 16
[REMARKS]
#FINAL-01-23#