995
CXUS53 KPAH 011655
CLSPAH
CLIMATE REPORT
NATIONAL WEATHER SERVICE PADUCAH
1155 AM CDT MON JUN 01 2020
...................................
...THE PADUCAH KY CLIMATE SUMMARY FOR THE SEASON, FROM
3/1/2020 TO 5/31/2020...
CLIMATE NORMAL PERIOD 1981 TO 2010
CLIMATE RECORD PERIOD 1937 TO 2020
WEATHER OBSERVED NORMAL DEPART LAST YEAR`S
VALUE DATE(S) VALUE FROM VALUE
NORMAL
..............................................................
TEMPERATURE (F)
RECORD
HIGH 96 05/26/1953
05/26/1944
05/22/1941
LOW -6 03/06/2015
HIGHEST 91 05/25 68 23
LOWEST 26 03/07 47 -21
AVG. MAXIMUM 68.9 68.8 0.1
AVG. MINIMUM 48.0 46.9 1.1
MEAN 58.4 57.8 0.6
DAYS MAX >= 90 1 0.8 0.2
DAYS MAX <= 32 0 0.3 -0.3
DAYS MIN <= 32 4 12.0 -8.0
DAYS MIN <= 0 0 0.0 0.0
PRECIPITATION (INCHES)
RECORD
MAXIMUM 31.21 2011
MINIMUM 4.95 2012
TOTALS 14.27 13.63 0.64
DAILY AVG. 0.15 0.15 0.00
DAYS >= .01 41 32.5 8.5
DAYS >= .10 31 22.1 8.9
DAYS >= .50 11 8.9 2.1
DAYS >= 1.00 1 3.4 -2.4
GREATEST
24 HR. TOTAL 1.17 03/14 TO 03/14
STORM TOTAL 1.17
(MM/DD(HH))
SNOWFALL (INCHES)
RECORDS
TOTAL 24.0 1960
24 HR TOTAL 8.1 MM
TOTALS 0.0 0.6 -0.6
LIQUID EQUIV 0.00
SINCE 7/1 1.2 9.1 -7.9
LIQUID 7/1 0.12
SNOWDEPTH AVG. 0
DAYS >= TRACE 0
DAYS >= 1.0 0
GREATEST
SNOW DEPTH 0
24 HR TOTAL MM
STORM TOTAL 0.0
(MM/DD(HH))
DEGREE DAYS
HEATING TOTAL 741 831 -90
SINCE 7/1 3768 4129 -361
COOLING TOTAL 163 172 -9
SINCE 1/1 163 172 -9
FREEZE DATES
RECORD
EARLIEST 10/01/1984
LATEST 04/28/1992
EARLIEST 10/31
LATEST 04/15
..............................................................
WIND (MPH)
AVERAGE WIND SPEED 7.0
HIGHEST WIND SPEED/DIRECTION 37/240 DATE 03/28
HIGHEST GUST SPEED/DIRECTION 53/250 DATE 03/28
SKY COVER
POSSIBLE SUNSHINE (PERCENT) MM
AVERAGE SKY COVER 0.46
NUMBER OF DAYS FAIR 34
NUMBER OF DAYS PC 36
NUMBER OF DAYS CLOUDY 21
AVERAGE RH (PERCENT) 67
WEATHER CONDITIONS. NUMBER OF DAYS WITH
THUNDERSTORM 18 MIXED PRECIP 0
HEAVY RAIN 17 RAIN 27
LIGHT RAIN 45 FREEZING RAIN 0
LT FREEZING RAIN 0 HAIL 0
HEAVY SNOW 0 SNOW 0
LIGHT SNOW 0 SLEET 0
FOG 46 FOG W/VIS <= 1/4 MILE 4
HAZE 12
- INDICATES NEGATIVE NUMBERS.
R INDICATES RECORD WAS SET OR TIED.
MM INDICATES DATA IS MISSING.
T INDICATES TRACE AMOUNT.
$$