000
CXUS52 KMFL 011030
CF6PBI
PRELIMINARY LOCAL CLIMATOLOGICAL DATA (WS FORM: F-6)
STATION: WEST PALM BEACH
MONTH: OCTOBER
YEAR: 2021
LATITUDE: 26 40 N
LONGITUDE: 80 7 W
TEMPERATURE IN F: :PCPN: SNOW: WIND :SUNSHINE: SKY :PK WND
================================================================================
1 2 3 4 5 6A 6B 7 8 9 10 11 12 13 14 15 16 17 18
12Z AVG MX 2MIN
DY MAX MIN AVG DEP HDD CDD WTR SNW DPTH SPD SPD DIR MIN PSBL S-S WX SPD DR
================================================================================
1 88 74 81 0 0 16 0.40 0.0 M 11.7 25 90 M M 7 13 31 90
2 88 76 82 1 0 17 0.12 0.0 0 14.4 24 90 M M 5 31 80
3 88 79 84 3 0 19 0.00 0.0 M 10.5 17 80 M M 4 22 90
4 88 72 80 -1 0 15 0.00 0.0 0 7.4 14 70 M M 4 19 100
5 89 74 82 2 0 17 0.00 0.0 0 7.6 15 110 M M 4 19 130
6 89 80 85 5 0 20 0.16 0.0 0 8.9 15 90 M M 4 19 100
7 90 81 86 6 0 21 0.03 0.0 0 9.8 17 140 M M 6 26 140
8 88 74 81 1 0 16 2.26 0.0 0 6.3 18 120 M M 7 13 22 120
9 87 70 79 -1 0 14 2.22 0.0 0 4.5 16 60 M M 8 13 22 330
10 87 70 79 -1 0 14 0.00 0.0 0 5.8 14 60 M M 5 17 60
11 87 71 79 -1 0 14 0.02 0.0 M 4.7 17 90 M M 5 3 22 120
12 86 71 79 -1 0 14 0.93 M M 6.8 16 80 M M 6 1 21 80
13 87 75 81 2 0 16 1.52 0.0 M 6.2 16 200 M M 5 1 22 20
14 87 74 81 2 0 16 0.03 0.0 0 6.4 17 70 M M 5 21 60
15 88 74 81 2 0 16 T 0.0 0 6.1 15 40 M M 4 19 70
16 87 72 80 1 0 15 0.14 0.0 0 5.8 14 60 M M 4 20 310
17 88 72 80 1 0 15 0.00 0.0 0 8.1 16 20 M M 3 21 20
18 84 76 80 2 0 15 0.00 0.0 0 11.6 18 60 M M 4 25 60
19 84 76 80 2 0 15 0.00 0.0 0 11.3 20 90 M M 6 23 60
20 85 78 82 4 0 17 0.00 0.0 0 12.0 18 80 M M 6 26 70
21 86 78 82 4 0 17 0.00 0.0 0 11.5 20 100 M M 5 24 90
22 85 74 80 2 0 15 0.54 0.0 0 4.9 21 110 M M 7 13 25 340
23 85 74 80 3 0 15 0.01 0.0 0 8.0 16 90 M M 8 3 20 90
24 84 75 80 3 0 15 0.58 0.0 M 7.5 20 100 M M 8 1 25 160
25 87 77 82 5 0 17 T 0.0 0 8.8 20 220 M M 7 25 240
26 90 75 83 6 0 18 0.00 0.0 0 9.9 20 270 M M 4 24 250
27 87 68 78 1 0 13 0.00 0.0 0 5.7 16 280 M M 4 20 260
28 89 74 82 6 0 17 0.01 0.0 0 10.5 23 220 M M 6 3 31 210
29 87 74 81 5 0 16 0.02 0.0 0 12.3 24 270 M M 6 3 33 250
30 80 68 74 -2 0 9 0.03 0.0 0 8.1 23 300 M M 6 30 290
31 82 65 74 -2 0 9 0.00 0.0 0 4.8 13 300 M M 5 16 300
================================================================================
SM 2687 2291 0 483 9.02 0.0 257.9 M 168
================================================================================
AV 86.7 73.9 8.3 FASTST M M 5 MAX(MPH)
MISC ----> 25 90 33 250
================================================================================
NOTES:
# LAST OF SEVERAL OCCURRENCES
COLUMN 17 PEAK WIND IN M.P.H.
PRELIMINARY LOCAL CLIMATOLOGICAL DATA (WS FORM: F-6) , PAGE 2
STATION: WEST PALM BEACH
MONTH: OCTOBER
YEAR: 2021
LATITUDE: 26 40 N
LONGITUDE: 80 7 W
[TEMPERATURE DATA] [PRECIPITATION DATA] SYMBOLS USED IN COLUMN 16
AVERAGE MONTHLY: 80.3 TOTAL FOR MONTH: 9.02 1 = FOG OR MIST
DPTR FM NORMAL: 1.6 DPTR FM NORMAL: 3.12 2 = FOG REDUCING VISIBILITY
HIGHEST: 90 ON 26, 7 GRTST 24HR 2.90 ON 8- 9 TO 1/4 MILE OR LESS
LOWEST: 65 ON 31 3 = THUNDER
SNOW, ICE PELLETS, HAIL 4 = ICE PELLETS
TOTAL MONTH: 0.0 INCH 5 = HAIL
GRTST 24HR 0.0 6 = FREEZING RAIN OR DRIZZLE
GRTST DEPTH: 0 7 = DUSTSTORM OR SANDSTORM:
VSBY 1/2 MILE OR LESS
8 = SMOKE OR HAZE
[NO. OF DAYS WITH] [WEATHER - DAYS WITH] 9 = BLOWING SNOW
X = TORNADO
MAX 32 OR BELOW: 0 0.01 INCH OR MORE: 17
MAX 90 OR ABOVE: 2 0.10 INCH OR MORE: 10
MIN 32 OR BELOW: 0 0.50 INCH OR MORE: 6
MIN 0 OR BELOW: 0 1.00 INCH OR MORE: 3
[HDD (BASE 65) ]
TOTAL THIS MO. 0 CLEAR (SCALE 0-3) 1
DPTR FM NORMAL -1 PTCLDY (SCALE 4-7) 30
TOTAL FM JUL 1 0 CLOUDY (SCALE 8-10) 0
DPTR FM NORMAL 0
[CDD (BASE 65) ]
TOTAL THIS MO. 483
DPTR FM NORMAL 59 [PRESSURE DATA]
TOTAL FM JAN 1 4279 HIGHEST SLP 30.20 ON 20
DPTR FM NORMAL 537 LOWEST SLP 29.70 ON 30
[REMARKS]
#FINAL-10-21#