000
CXUS52 KMFL 011000
CF6PBI
PRELIMINARY LOCAL CLIMATOLOGICAL DATA (WS FORM: F-6)
STATION: WEST PALM BEACH
MONTH: JUNE
YEAR: 2020
LATITUDE: 26 40 N
LONGITUDE: 80 7 W
TEMPERATURE IN F: :PCPN: SNOW: WIND :SUNSHINE: SKY :PK WND
================================================================================
1 2 3 4 5 6A 6B 7 8 9 10 11 12 13 14 15 16 17 18
12Z AVG MX 2MIN
DY MAX MIN AVG DEP HDD CDD WTR SNW DPTH SPD SPD DIR MIN PSBL S-S WX SPD DR
================================================================================
1 89 75 82 2 0 17 0.00 0.0 0 6.7 14 100 M M 6 17 90
2 84 76 80 -1 0 15 0.20 0.0 0 13.2 24 130 M M 6 13 29 110
3 79 73 76 -5 0 11 0.64 0.0 0 7.6 20 130 M M 8 13 23 120
4 83 71 77 -4 0 12 1.28 0.0 0 6.4 24 130 M M 8 1 34 130
5 88 73 81 0 0 16 0.74 0.0 0 8.5 22 120 M M 8 13 27 250
6 86 80 83 2 0 18 T 0.0 0 14.3 23 130 M M 8 27 130
7 88 80 84 3 0 19 0.04 0.0 0 10.4 22 160 M M 9 13X 26 150
8 90 80 85 4 0 20 0.00 0.0 0 7.2 17 150 M M 7 3 22 130
9 90 79 85 4 0 20 0.00 0.0 0 7.9 15 110 M M 6 19 100
10 89 79 84 3 0 19 0.01 0.0 0 5.6 17 90 M M 6 3 22 90
11 86 77 82 1 0 17 0.21 0.0 0 10.9 18 120 M M 5 1 22 90
12 87 79 83 2 0 18 0.04 0.0 0 10.7 18 110 M M 5 24 100
13 87 78 83 2 0 18 0.00 0.0 0 10.4 16 100 M M 5 21 90
14 87 75 81 0 0 16 0.05 0.0 0 8.1 17 40 M M 8 3 23 40
15 89 74 82 1 0 17 T 0.0 0 7.4 18 20 M M 6 3 23 20
16 87 72 80 -1 0 15 0.00 0.0 0 9.0 17 50 M M 3 23 30
17 87 72 80 -2 0 15 0.00 0.0 0 9.6 21 120 M M 5 25 130
18 83 73 78 -4 0 13 1.46 0.0 0 5.1 18 200 M M 6 13 22 200
19 89 71 80 -2 0 15 1.71 0.0 0 6.8 29 320 M M 7 3 36 310
20 88 73 81 -1 0 16 0.01 0.0 0 5.9 15 130 M M 6 3 19 130
21 90 77 84 2 0 19 T 0.0 0 6.2 14 140 M M 7 3 16 130
22 89 77 83 1 0 18 0.00 0.0 0 5.6 16 120 M M 5 1 20 120
23 91 78 85 3 0 20 0.00 0.0 0 7.3 17 140 M M 5 24 140
24 92 78 85 3 0 20 0.05 0.0 0 6.9 16 130 M M 5 3 20 130
25 91 81 86 4 0 21 0.00 0.0 0 8.0 15 120 M M 5 19 130
26 90 82 86 4 0 21 0.00 0.0 M 9.3 15 90 M M 5 21 100
27 90 82 86 4 0 21 0.00 0.0 0 8.6 14 110 M M 4 19 110
28 90 79 85 3 0 20 0.00 0.0 0 6.8 13 140 M M 6 17 150
29 92 77 85 3 0 20 0.00 0.0 0 5.6 15 120 M M 5 3 19 120
30 95 79 87 5 0 22 0.00 0.0 0 6.3 16 110 M M 4 3 19 130
================================================================================
SM 2646 2300 0 529 6.44 0.0 242.3 M 179
================================================================================
AV 88.2 76.7 8.1 FASTST M M 6 MAX(MPH)
MISC ----> # 29 320 # 36 310
================================================================================
NOTES:
# LAST OF SEVERAL OCCURRENCES
COLUMN 17 PEAK WIND IN M.P.H.
PRELIMINARY LOCAL CLIMATOLOGICAL DATA (WS FORM: F-6) , PAGE 2
STATION: WEST PALM BEACH
MONTH: JUNE
YEAR: 2020
LATITUDE: 26 40 N
LONGITUDE: 80 7 W
[TEMPERATURE DATA] [PRECIPITATION DATA] SYMBOLS USED IN COLUMN 16
AVERAGE MONTHLY: 82.4 TOTAL FOR MONTH: 6.44 1 = FOG OR MIST
DPTR FM NORMAL: 1.0 DPTR FM NORMAL: -1.86 2 = FOG REDUCING VISIBILITY
HIGHEST: 95 ON 30 GRTST 24HR 1.71 ON 19-19 TO 1/4 MILE OR LESS
LOWEST: 71 ON 19, 4 3 = THUNDER
SNOW, ICE PELLETS, HAIL 4 = ICE PELLETS
TOTAL MONTH: 0.0 INCH 5 = HAIL
GRTST 24HR 0.0 6 = FREEZING RAIN OR DRIZZLE
GRTST DEPTH: 0 7 = DUSTSTORM OR SANDSTORM:
VSBY 1/2 MILE OR LESS
8 = SMOKE OR HAZE
[NO. OF DAYS WITH] [WEATHER - DAYS WITH] 9 = BLOWING SNOW
X = TORNADO
MAX 32 OR BELOW: 0 0.01 INCH OR MORE: 13
MAX 90 OR ABOVE: 11 0.10 INCH OR MORE: 7
MIN 32 OR BELOW: 0 0.50 INCH OR MORE: 5
MIN 0 OR BELOW: 0 1.00 INCH OR MORE: 3
[HDD (BASE 65) ]
TOTAL THIS MO. 0 CLEAR (SCALE 0-3) 0
DPTR FM NORMAL 0 PTCLDY (SCALE 4-7) 27
TOTAL FM JUL 1 75 CLOUDY (SCALE 8-10) 3
DPTR FM NORMAL -158
[CDD (BASE 65) ]
TOTAL THIS MO. 529
DPTR FM NORMAL 39 [PRESSURE DATA]
TOTAL FM JAN 1 2227 HIGHEST SLP 30.20 ON 26
DPTR FM NORMAL 628 LOWEST SLP 29.93 ON 13
[REMARKS]
#FINAL-06-20#