000
CXUS52 KMFL 011000
CF6PBI
PRELIMINARY LOCAL CLIMATOLOGICAL DATA (WS FORM: F-6)
STATION: WEST PALM BEACH
MONTH: MARCH
YEAR: 2020
LATITUDE: 26 40 N
LONGITUDE: 80 7 W
TEMPERATURE IN F: :PCPN: SNOW: WIND :SUNSHINE: SKY :PK WND
================================================================================
1 2 3 4 5 6A 6B 7 8 9 10 11 12 13 14 15 16 17 18
12Z AVG MX 2MIN
DY MAX MIN AVG DEP HDD CDD WTR SNW DPTH SPD SPD DIR MIN PSBL S-S WX SPD DR
================================================================================
1 76 50 63 -6 2 0 0.00 0.0 0 10.7 17 100 M M 4 22 80
2 80 69 75 6 0 10 0.00 0.0 0 12.7 23 140 M M 6 31 130
3 84 70 77 8 0 12 0.00 0.0 0 11.9 21 150 M M 6 28 160
4 86 65 76 7 0 11 0.00 0.0 0 9.6 22 150 M M 2 1 27 130
5 94 75 85 15 0 20 0.00 0.0 0 12.1 22 230 M M 4 29 230
6 82 65 74 4 0 9 T 0.0 0 11.0 21 270 M M 6 26 300
7 74 56 65 -5 0 0 0.00 0.0 0 15.6 24 350 M M 5 31 350
8 75 68 72 2 0 7 T 0.0 0 18.5 26 90 M M 8 33 80
9 78 69 74 4 0 9 T 0.0 0 20.7 30 90 M M 7 39 90
10 80 67 74 4 0 9 0.09 0.0 0 12.7 25 110 M M 6 1 30 90
11 82 71 77 7 0 12 0.00 0.0 0 10.7 18 120 M M 6 23 110
12 83 69 76 6 0 11 0.08 0.0 0 7.8 15 90 M M 6 8 18 90
13 83 67 75 5 0 10 0.00 0.0 0 8.7 15 80 M M 5 20 90
14 83 75 79 9 0 14 0.00 0.0 0 10.8 16 80 M M 5 22 70
15 85 75 80 10 0 15 0.00 0.0 0 9.2 15 90 M M 4 22 120
16 84 67 76 6 0 11 0.00 0.0 0 8.7 16 100 M M 4 22 90
17 84 74 79 9 0 14 0.00 0.0 0 11.3 17 100 M M 4 23 110
18 83 73 78 7 0 13 0.00 0.0 0 11.2 16 110 M M 5 23 130
19 85 74 80 9 0 15 0.00 0.0 0 14.6 23 130 M M 4 28 130
20 85 75 80 9 0 15 0.00 0.0 0 13.7 22 120 M M 5 27 110
21 85 75 80 9 0 15 0.00 0.0 0 9.4 16 130 M M 4 22 110
22 85 73 79 8 0 14 0.00 0.0 0 9.1 16 110 M M 3 24 130
23 85 69 77 6 0 12 T 0.0 0 8.2 17 130 M M 5 22 130
24 87 69 78 7 0 13 0.00 0.0 0 7.8 18 150 M M 5 23 150
25 91 67 79 8 0 14 0.00 0.0 0 8.9 17 230 M M 4 24 260
26 88 71 80 9 0 15 0.00 0.0 0 9.0 17 50 M M 4 22 60
27 86 75 81 10 0 16 T 0.0 0 8.3 15 110 M M 4 21 120
28 85 72 79 7 0 14 0.00 0.0 0 10.6 21 130 M M 3 26 150
29 88 75 82 10 0 17 0.00 0.0 0 10.7 18 130 M M 3 22 130
30 88 67 78 6 0 13 0.00 0.0 0 6.4 16 150 M M 2 19 150
31 93 75 84 12 0 19 0.00 0.0 0 11.7 20 260 M M 6 31 240
================================================================================
SM 2607 2162 2 379 0.17 0.0 342.3 M 145
================================================================================
AV 84.1 69.7 11.0 FASTST M M 5 MAX(MPH)
MISC ----> # 30 90 # 39 90
================================================================================
NOTES:
# LAST OF SEVERAL OCCURRENCES
COLUMN 17 PEAK WIND IN M.P.H.
PRELIMINARY LOCAL CLIMATOLOGICAL DATA (WS FORM: F-6) , PAGE 2
STATION: WEST PALM BEACH
MONTH: MARCH
YEAR: 2020
LATITUDE: 26 40 N
LONGITUDE: 80 7 W
[TEMPERATURE DATA] [PRECIPITATION DATA] SYMBOLS USED IN COLUMN 16
AVERAGE MONTHLY: 76.9 TOTAL FOR MONTH: 0.17 1 = FOG OR MIST
DPTR FM NORMAL: 6.4 DPTR FM NORMAL: -4.42 2 = FOG REDUCING VISIBILITY
HIGHEST: 94 ON 5 GRTST 24HR 0.09 ON 10-10 TO 1/4 MILE OR LESS
LOWEST: 50 ON 1 3 = THUNDER
SNOW, ICE PELLETS, HAIL 4 = ICE PELLETS
TOTAL MONTH: 0.0 INCH 5 = HAIL
GRTST 24HR 0.0 6 = FREEZING RAIN OR DRIZZLE
GRTST DEPTH: 0 7 = DUSTSTORM OR SANDSTORM:
VSBY 1/2 MILE OR LESS
8 = SMOKE OR HAZE
[NO. OF DAYS WITH] [WEATHER - DAYS WITH] 9 = BLOWING SNOW
X = TORNADO
MAX 32 OR BELOW: 0 0.01 INCH OR MORE: 2
MAX 90 OR ABOVE: 3 0.10 INCH OR MORE: 0
MIN 32 OR BELOW: 0 0.50 INCH OR MORE: 0
MIN 0 OR BELOW: 0 1.00 INCH OR MORE: 0
[HDD (BASE 65) ]
TOTAL THIS MO. 2 CLEAR (SCALE 0-3) 3
DPTR FM NORMAL -22 PTCLDY (SCALE 4-7) 28
TOTAL FM JUL 1 75 CLOUDY (SCALE 8-10) 0
DPTR FM NORMAL -154
[CDD (BASE 65) ]
TOTAL THIS MO. 379
DPTR FM NORMAL 186 [PRESSURE DATA]
TOTAL FM JAN 1 824 HIGHEST SLP 30.47 ON 9
DPTR FM NORMAL 396 LOWEST SLP 29.76 ON 31
[REMARKS]
#FINAL-03-20#