000
CXUS52 KFFC 221010
CF6PDK
PRELIMINARY LOCAL CLIMATOLOGICAL DATA (WS FORM: F-6)
STATION: DEKALB PEACHTREE AIRPORT
MONTH: APRIL
YEAR: 2024
LATITUDE: 33 52 N
LONGITUDE: 84 18 W
TEMPERATURE IN F: :PCPN: SNOW: WIND :SUNSHINE: SKY :PK WND
================================================================================
1 2 3 4 5 6A 6B 7 8 9 10 11 12 13 14 15 16 17 18
12Z AVG MX 2MIN
DY MAX MIN AVG DEP HDD CDD WTR SNW DPTH SPD SPD DIR MIN PSBL S-S WX SPD DR
================================================================================
1 75 61 68 11 0 3 0.00 M M 7.5 16 210 M M 6 20 210
2 79 62 71 13 0 6 0.41 M M 9.9 22 210 M M 6 13 28 230
3 66 49 58 0 7 0 0.30 M M 11.9 24 270 M M 6 1 36 270
4 62 42 52 -6 13 0 0.00 M M 11.9 24 290 M M 1 40 270
5 61 41 51 -7 14 0 0.00 M M 10.2 23 280 M M 0 32 260
6 64 36 50 -8 15 0 0.00 M M 5.2 14 270 M M 0 19 310
7 72 37 55 -4 10 0 0.00 M M 2.2 9 220 M M 0 17 20
8 75 50 63 4 2 0 T M M 3.3 15 180 M M 5 21 180
9 64 56 60 1 5 0 0.23 M M 2.6 17 280 M M 9 1 25 310
10 71 58 65 5 0 0 0.10 M M 4.7 24 140 M M 9 13 49 110
11 75 54 65 5 0 0 0.03 M M 13.6 26 260 M M 7 1 40 280
12 67 49 58 -2 7 0 0.00 M M 13.0 30 300 M M 1 48 310
13 76 44 60 0 5 0 0.00 M M 7.8 20 330 M M 0 31 280
14 83 47 65 5 0 0 0.00 M M 5.2 18 220 M M 0 25 220
15 83 56 70 9 0 5 0.00 M M 6.0 15 210 M M 0 21 270
16 82 56 69 8 0 4 0.00 M M 3.3 16 210 M M 0 22 220
17 78 61 70 9 0 5 0.03 M M 5.9 20 240 M M 3 26 240
18 86 52 69 7 0 4 0.00 M M 3.5 12 210 M M 0 1 16 260
19 83 64 74 12 0 9 0.06 M M 5.9 13 330 M M 5 1 20 290
20 79 55 67 5 0 2 0.12 M M 8.0 17 290 M M 3 13 25 290
21 58 47 53 -9 12 0 0.04 M M 9.1 20 310 M M 7 1 26 330
================================================================================
SM 1539 1077 90 38 1.32 M 150.7 M 68
================================================================================
AV 73.3 51.3 7.2 FASTST M M 3 MAX(MPH)
MISC ----> 30 300 49 110
================================================================================
NOTES:
# LAST OF SEVERAL OCCURRENCES
COLUMN 17 PEAK WIND IN M.P.H.
PRELIMINARY LOCAL CLIMATOLOGICAL DATA (WS FORM: F-6) , PAGE 2
STATION: DEKALB PEACHTREE AIRPORT
MONTH: APRIL
YEAR: 2024
LATITUDE: 33 52 N
LONGITUDE: 84 18 W
[TEMPERATURE DATA] [PRECIPITATION DATA] SYMBOLS USED IN COLUMN 16
AVERAGE MONTHLY: 62.3 TOTAL FOR MONTH: 1.32 1 = FOG OR MIST
DPTR FM NORMAL: 2.5 DPTR FM NORMAL: -1.45 2 = FOG REDUCING VISIBILITY
HIGHEST: 86 ON 18 GRTST 24HR 0.71 ON 2- 3 TO 1/4 MILE OR LESS
LOWEST: 36 ON 6 3 = THUNDER
SNOW, ICE PELLETS, HAIL 4 = ICE PELLETS
TOTAL MONTH: M 5 = HAIL
GRTST 24HR M ON M 6 = FREEZING RAIN OR DRIZZLE
GRTST DEPTH: M ON M 7 = DUSTSTORM OR SANDSTORM:
VSBY 1/2 MILE OR LESS
8 = SMOKE OR HAZE
[NO. OF DAYS WITH] [WEATHER - DAYS WITH] 9 = BLOWING SNOW
X = TORNADO
MAX 32 OR BELOW: 0 0.01 INCH OR MORE: 9
MAX 90 OR ABOVE: 0 0.10 INCH OR MORE: 5
MIN 32 OR BELOW: 0 0.50 INCH OR MORE: 0
MIN 0 OR BELOW: 0 1.00 INCH OR MORE: 0
[HDD (BASE 65) ]
TOTAL THIS MO. 90 CLEAR (SCALE 0-3) 12
DPTR FM NORMAL -39 PTCLDY (SCALE 4-7) 7
TOTAL FM JUL 1 2532 CLOUDY (SCALE 8-10) 2
DPTR FM NORMAL -383
[CDD (BASE 65) ]
TOTAL THIS MO. 38
DPTR FM NORMAL 18 [PRESSURE DATA]
TOTAL FM JAN 1 40 HIGHEST SLP M ON M
DPTR FM NORMAL 12 LOWEST SLP 29.38 ON 3
[REMARKS]