000
CXUS56 KPDT 021758
CF6PDT
PRELIMINARY LOCAL CLIMATOLOGICAL DATA (WS FORM: F-6)
STATION: PENDLETON OR
MONTH: DECEMBER
YEAR: 2021
LATITUDE: 45 40 N
LONGITUDE: 118 51 W
TEMPERATURE IN F: :PCPN: SNOW: WIND :SUNSHINE: SKY :PK WND
================================================================================
1 2 3 4 5 6A 6B 7 8 9 10 11 12 13 14 15 16 17 18
12Z AVG MX 2MIN
DY MAX MIN AVG DEP HDD CDD WTR SNW DPTH SPD SPD DIR MIN PSBL S-S WX SPD DR
================================================================================
1 68 48 58 22 7 0 0.00 0.0 0 6.1 14 280 M M 1 17 290
2 58 42 50 14 15 0 0.00 0.0 0 12.2 24 260 M M 4 32 260
3 49 29 39 3 26 0 0.00 0.0 0 3.8 12 30 M M 1 14 20
4 50 28 39 3 26 0 0.04 0.0 0 5.8 15 260 M M 5 1 22 260
5 44 28 36 1 29 0 0.00 0.0 0 5.4 13 60 M M 5 17 30
6 41 30 36 1 29 0 0.11 0.0 0 5.5 13 40 M M 10 1 16 360
7 44 33 39 4 26 0 0.04 0.0 0 4.0 12 310 M M 9 1 16 320
8 49 33 41 6 24 0 0.05 0.0 0 14.7 31 270 M M 6 1 39 270
9 41 31 36 1 29 0 T T 0 14.9 33 260 M M 4 43 260
10 45 33 39 5 26 0 0.00 0.0 0 13.7 26 250 M M 7 34 240
11 52 45 49 15 16 0 T 0.0 0 20.1 36 200 M M 9 48 190
12 47 34 41 7 24 0 0.13 0.0 0 9.3 25 290 M M 10 1 36 290
13 57 35 46 12 19 0 0.04 0.0 0 9.0 37 270 M M 6 1 47 260
14 40 26 33 -1 32 0 0.00 0.0 0 9.1 23 270 M M 3 30 270
15 43 25 34 0 31 0 T 0.0 0 8.9 18 130 M M 4 24 140
16 40 30 35 1 30 0 0.01 0.3 0 6.5 15 280 M M 9 12 20 290
17 42 29 36 2 29 0 T T 0 4.5 10 300 M M 6 13 70
18 54 29 42 8 23 0 T T 0 10.6 23 270 M M 7 31 260
19 43 29 36 2 29 0 0.84 2.4 0 5.5 17 280 M M 10 1 23 290
20 31 25 28 -5 37 0 0.24 2.8 3 3.7 16 30 M M 10 1 20 40
21 30 26 28 -5 37 0 T T 3 3.7 13 10 M M 10 1 15 360
22 50 26 38 5 27 0 0.00 0.0 3 6.7 21 200 M M 6 1 31 190
23 48 36 42 9 23 0 0.01 0.0 0 14.4 32 260 M M 6 41 260
24 47 33 40 7 25 0 0.00 0.0 0 10.6 28 210 M M 6 37 200
25 44 31 38 5 27 0 0.00 0.0 0 11.0 23 220 M M 3 32 210
26 36 19 28 -5 37 0 0.01 T 0 10.5 30 240 M M 9 8 38 240
27 22 13 18 -15 47 0 T 0.4 0 6.7 23 30 M M 8 18 28 20
28 24 16 20 -13 45 0 0.07 1.6 T 5.5 9 40 M M 9 1 11 30
29 16 2 9 -24 56 0 0.12 4.1 3 5.6 14 20 M M 8 1 16 20
30 34 10 22 -12 43 0 0.23 4.6 6 9.2 23 20 M M 10 1 28 10
31 18 -7 6 -28 59 0 0.07 1.6 6 3.7 12 120 M M 7 1 13 120
================================================================================
SM 1307 847 933 0 2.01 17.8 260.9 M 208
================================================================================
AV 42.2 27.3 8.4 FASTST M M 7 MAX(MPH)
MISC ----> 37 270 48 190
================================================================================
NOTES:
# LAST OF SEVERAL OCCURRENCES
COLUMN 17 PEAK WIND IN M.P.H.
PRELIMINARY LOCAL CLIMATOLOGICAL DATA (WS FORM: F-6) , PAGE 2
STATION: PENDLETON OR
MONTH: DECEMBER
YEAR: 2021
LATITUDE: 45 40 N
LONGITUDE: 118 51 W
[TEMPERATURE DATA] [PRECIPITATION DATA] SYMBOLS USED IN COLUMN 16
AVERAGE MONTHLY: 34.7 TOTAL FOR MONTH: 2.01 1 = FOG OR MIST
DPTR FM NORMAL: 0.5 DPTR FM NORMAL: 0.51 2 = FOG REDUCING VISIBILITY
HIGHEST: 68 ON 1 GRTST 24HR 0.89 ON 19-20 TO 1/4 MILE OR LESS
LOWEST: -7 ON 31 3 = THUNDER
SNOW, ICE PELLETS, HAIL 4 = ICE PELLETS
TOTAL MONTH: 17.8 INCHES 5 = HAIL
GRTST 24HR 4.6 ON 30-30 6 = FREEZING RAIN OR DRIZZLE
GRTST DEPTH: 6 ON 31,30 7 = DUSTSTORM OR SANDSTORM:
VSBY 1/2 MILE OR LESS
8 = SMOKE OR HAZE
[NO. OF DAYS WITH] [WEATHER - DAYS WITH] 9 = BLOWING SNOW
X = TORNADO
MAX 32 OR BELOW: 6 0.01 INCH OR MORE: 15
MAX 90 OR ABOVE: 0 0.10 INCH OR MORE: 6
MIN 32 OR BELOW: 21 0.50 INCH OR MORE: 1
MIN 0 OR BELOW: 1 1.00 INCH OR MORE: 0
[HDD (BASE 65) ]
TOTAL THIS MO. 933 CLEAR (SCALE 0-3) 3
DPTR FM NORMAL -23 PTCLDY (SCALE 4-7) 17
TOTAL FM JUL 1 2020 CLOUDY (SCALE 8-10) 11
DPTR FM NORMAL -221
[CDD (BASE 65) ]
TOTAL THIS MO. 0
DPTR FM NORMAL 0 [PRESSURE DATA]
TOTAL FM JAN 1 1003 HIGHEST SLP 30.50 ON 5
DPTR FM NORMAL 366 LOWEST SLP 29.27 ON 24
[REMARKS]
#FINAL-12-21#