833
CXUS56 KPDT 011910
CF6PDT
PRELIMINARY LOCAL CLIMATOLOGICAL DATA (WS FORM: F-6)
STATION: PENDLETON OR
MONTH: NOVEMBER
YEAR: 2020
LATITUDE: 45 40 N
LONGITUDE: 118 51 W
TEMPERATURE IN F: :PCPN: SNOW: WIND :SUNSHINE: SKY :PK WND
================================================================================
1 2 3 4 5 6A 6B 7 8 9 10 11 12 13 14 15 16 17 18
12Z AVG MX 2MIN
DY MAX MIN AVG DEP HDD CDD WTR SNW DPTH SPD SPD DIR MIN PSBL S-S WX SPD DR
================================================================================
1 57 29 43 -3 22 0 0.00 0.0 0 5.1 12 310 M M 0 8 15 300
2 59 30 45 -1 20 0 0.00 0.0 0 4.2 8 120 M M 0 8 9 140
3 61 30 46 0 19 0 T 0.0 0 4.1 13 140 M M 3 18 15 140
4 72 46 59 14 6 0 0.00 0.0 0 7.3 17 250 M M 2 8 22 260
5 65 48 57 12 8 0 0.53 0.0 0 8.9 23 290 M M 8 1 27 290
6 49 39 44 -1 21 0 1.02 0.0 0 10.7 18 270 M M 10 12 24 10
7 44 34 39 -5 26 0 T 0.0 0 8.0 25 250 M M 9 1 30 250
8 35 25 30 -14 35 0 0.09 0.8 0 11.2 21 300 M M 8 18 26 310
9 39 20 30 -14 35 0 0.01 T T 8.1 17 190 M M 3 21 190
10 49 36 43 0 22 0 0.05 T 0 14.6 31 260 M M 7 1 39 260
11 45 32 39 -4 26 0 0.18 0.4 T 7.4 20 320 M M 7 12 24 330
12 45 29 37 -6 28 0 0.00 0.0 0 3.9 12 300 M M 2 14 180
13 53 37 45 3 20 0 0.13 0.0 0 22.5 40 250 M M 7 1 49 250
14 49 37 43 1 22 0 0.24 0.0 0 17.3 38 250 M M 5 1 47 250
15 56 40 48 6 17 0 0.00 0.0 0 10.1 23 250 M M 6 32 240
16 50 40 45 4 20 0 0.03 0.0 0 6.5 13 320 M M 7 12 16 300
17 64 38 51 10 14 0 T 0.0 0 9.5 33 190 M M 6 128 43 200
18 60 36 48 8 17 0 0.02 0.0 0 8.6 39 280 M M 7 1 49 280
19 50 34 42 2 23 0 0.00 0.0 0 10.1 30 260 M M 5 38 260
20 49 30 40 0 25 0 0.00 0.0 0 6.7 13 320 M M 0 8 15 160
21 49 28 39 0 26 0 0.00 0.0 0 6.4 12 150 M M 0 14 150
22 35 24 30 -9 35 0 0.00 0.0 0 5.1 15 300 M M 5 12 17 300
23 44 28 36 -3 29 0 0.10 0.0 0 6.0 15 280 M M 7 126 21 270
24 54 32 43 5 22 0 0.01 0.0 0 7.9 28 250 M M 3 36 260
25 45 37 41 3 24 0 0.01 0.0 0 13.1 24 240 M M 6 34 250
26 49 32 41 3 24 0 0.00 0.0 0 8.6 24 260 M M 4 32 260
27 51 27 39 2 26 0 0.00 0.0 0 3.3 12 230 M M 0 8 14 240
28 50 32 41 4 24 0 0.00 0.0 0 7.2 14 330 M M 4 16 340
29 44 28 36 0 29 0 0.00 0.0 0 5.9 15 290 M M 3 12 18 290
30 50 24 37 1 28 0 0.01 0.0 0 14.8 36 250 M M 4 126 44 260
================================================================================
SM 1522 982 693 0 2.43 1.2 263.1 M 138
================================================================================
AV 50.7 32.7 8.8 FASTST M M 5 MAX(MPH)
MISC ----> 40 250 # 49 250
================================================================================
NOTES:
# LAST OF SEVERAL OCCURRENCES
COLUMN 17 PEAK WIND IN M.P.H.
PRELIMINARY LOCAL CLIMATOLOGICAL DATA (WS FORM: F-6) , PAGE 2
STATION: PENDLETON OR
MONTH: NOVEMBER
YEAR: 2020
LATITUDE: 45 40 N
LONGITUDE: 118 51 W
[TEMPERATURE DATA] [PRECIPITATION DATA] SYMBOLS USED IN COLUMN 16
AVERAGE MONTHLY: 41.7 TOTAL FOR MONTH: 2.43 1 = FOG OR MIST
DPTR FM NORMAL: 0.4 DPTR FM NORMAL: 0.91 2 = FOG REDUCING VISIBILITY
HIGHEST: 72 ON 4 GRTST 24HR 1.54 ON 5- 6 TO 1/4 MILE OR LESS
LOWEST: 20 ON 9 3 = THUNDER
SNOW, ICE PELLETS, HAIL 4 = ICE PELLETS
TOTAL MONTH: 1.2 INCHES 5 = HAIL
GRTST 24HR 0.8 ON 8- 8 6 = FREEZING RAIN OR DRIZZLE
GRTST DEPTH: T 7 = DUSTSTORM OR SANDSTORM:
VSBY 1/2 MILE OR LESS
8 = SMOKE OR HAZE
[NO. OF DAYS WITH] [WEATHER - DAYS WITH] 9 = BLOWING SNOW
X = TORNADO
MAX 32 OR BELOW: 0 0.01 INCH OR MORE: 14
MAX 90 OR ABOVE: 0 0.10 INCH OR MORE: 6
MIN 32 OR BELOW: 17 0.50 INCH OR MORE: 2
MIN 0 OR BELOW: 0 1.00 INCH OR MORE: 1
[HDD (BASE 65) ]
TOTAL THIS MO. 693 CLEAR (SCALE 0-3) 11
DPTR FM NORMAL -18 PTCLDY (SCALE 4-7) 17
TOTAL FM JUL 1 1084 CLOUDY (SCALE 8-10) 2
DPTR FM NORMAL -168
[CDD (BASE 65) ]
TOTAL THIS MO. 0
DPTR FM NORMAL 0 [PRESSURE DATA]
TOTAL FM JAN 1 751 HIGHEST SLP 30.51 ON 21
DPTR FM NORMAL 115 LOWEST SLP 29.32 ON 13
[REMARKS]
#FINAL-11-20#