205
CXUS56 KPQR 021202
CF6PDX
PRELIMINARY LOCAL CLIMATOLOGICAL DATA (WS FORM: F-6)
STATION: PORTLAND OR
MONTH: MARCH
YEAR: 2021
LATITUDE: 45 35 N
LONGITUDE: 122 36 W
TEMPERATURE IN F: :PCPN: SNOW: WIND :SUNSHINE: SKY :PK WND
================================================================================
1 2 3 4 5 6A 6B 7 8 9 10 11 12 13 14 15 16 17 18
12Z AVG MX 2MIN
DY MAX MIN AVG DEP HDD CDD WTR SNW DPTH SPD SPD DIR MIN PSBL S-S WX SPD DR
================================================================================
1 60 39 50 4 15 0 0.00 0.0 0 2.8 9 310 M M 6 11 110
2 55 38 47 1 18 0 0.00 0.0 0 4.9 12 280 M M 5 14 300
3 60 33 47 1 18 0 0.00 0.0 0 3.3 10 190 M M 2 128 11 200
4 60 38 49 3 16 0 T 0.0 0 7.8 18 180 M M 7 1 23 200
5 50 39 45 -1 20 0 0.15 0.0 0 7.2 20 180 M M 9 1 30 190
6 53 40 47 1 18 0 0.03 0.0 0 7.0 21 260 M M 8 24 260
7 50 39 45 -2 20 0 0.25 T 0 10.6 28 220 M M 8 38 33 210
8 53 34 44 -3 21 0 T 0.0 0 8.3 28 140 M M 8 12 31 140
9 54 40 47 0 18 0 T 0.0 0 7.6 21 100 M M 8 23 100
10 58 42 50 3 15 0 T 0.0 0 3.1 13 50 M M 7 17 50
11 61 36 49 2 16 0 0.00 0.0 0 3.6 10 290 M M 2 1 12 290
12 62 35 49 1 16 0 0.00 0.0 0 1.7 8 310 M M 1 10 290
13 62 32 47 -1 18 0 0.00 0.0 0 3.5 10 110 M M 5 M M
14 52 42 47 -1 18 0 0.16 0.0 0 10.3 21 320 M M 8 29 320
15 48 33 41 -7 24 0 T 0.0 0 4.1 10 290 M M 5 10 290
16 55 30 43 -5 22 0 0.00 0.0 0 2.5 7 280 M M 3 7 280
17 62 32 47 -1 18 0 0.00 0.0 0 2.3 7 300 M M 3 7 300
18 56 41 49 0 16 0 0.16 0.0 0 6.2 13 110 M M 7 13 110
19 55 45 50 1 15 0 0.05 0.0 0 13.6 20 190 M M 8 35 210
20 53 42 48 -1 17 0 0.11 0.0 0 11.1 20 190 M M 8 25 190
21 51 43 47 -2 18 0 0.20 0.0 0 7.1 14 210 M M 10 1 14 210
22 54 40 47 -2 18 0 0.11 0.0 0 8.8 16 310 M M 7 18 22 240
23 58 34 46 -3 19 0 0.00 0.0 0 2.7 8 350 M M 4 8 350
24 50 43 47 -2 18 0 0.11 0.0 0 7.4 17 200 M M 9 1 24 210
25 55 44 50 0 15 0 0.03 0.0 0 3.8 13 280 M M 8 13 280
26 57 44 51 1 14 0 0.00 0.0 0 2.8 12 330 M M 8 12 330
27 65 41 53 3 12 0 0.00 0.0 0 1.8 5 270 M M 6 5 270
28 52 39 46 -4 19 0 0.15 0.0 0 11.5 23 220 M M 8 35 280
29 55 37 46 -4 19 0 0.04 0.0 0 8.9 16 300 M M 6 16 300
30 55 33 44 -6 21 0 0.00 0.0 0 4.3 10 290 M M 3 10 290
31 71 34 53 3 12 0 0.00 0.0 0 4.6 13 120 M M 3 13 120
================================================================================
SM 1742 1182 544 0 1.55 T 185.2 M 190
================================================================================
AV 56.2 38.1 6.0 FASTST M M 6 MAX(MPH)
MISC ----> # 28 220 # 35 210
================================================================================
NOTES:
# LAST OF SEVERAL OCCURRENCES
COLUMN 17 PEAK WIND IN M.P.H.
PRELIMINARY LOCAL CLIMATOLOGICAL DATA (WS FORM: F-6) , PAGE 2
STATION: PORTLAND OR
MONTH: MARCH
YEAR: 2021
LATITUDE: 45 35 N
LONGITUDE: 122 36 W
[TEMPERATURE DATA] [PRECIPITATION DATA] SYMBOLS USED IN COLUMN 16
AVERAGE MONTHLY: 47.2 TOTAL FOR MONTH: 1.55 1 = FOG OR MIST
DPTR FM NORMAL: -1.0 DPTR FM NORMAL: -2.13 2 = FOG REDUCING VISIBILITY
HIGHEST: 71 ON 31 GRTST 24HR 0.30 ON 21-22 TO 1/4 MILE OR LESS
LOWEST: 30 ON 16 3 = THUNDER
SNOW, ICE PELLETS, HAIL 4 = ICE PELLETS
TOTAL MONTH: T 5 = HAIL
GRTST 24HR T ON 7- 7 6 = FREEZING RAIN OR DRIZZLE
GRTST DEPTH: 0 7 = DUSTSTORM OR SANDSTORM:
VSBY 1/2 MILE OR LESS
8 = SMOKE OR HAZE
[NO. OF DAYS WITH] [WEATHER - DAYS WITH] 9 = BLOWING SNOW
X = TORNADO
MAX 32 OR BELOW: 0 0.01 INCH OR MORE: 13
MAX 90 OR ABOVE: 0 0.10 INCH OR MORE: 9
MIN 32 OR BELOW: 3 0.50 INCH OR MORE: 0
MIN 0 OR BELOW: 0 1.00 INCH OR MORE: 0
[HDD (BASE 65) ]
TOTAL THIS MO. 544 CLEAR (SCALE 0-3) 7
DPTR FM NORMAL 22 PTCLDY (SCALE 4-7) 7
TOTAL FM JUL 1 3326 CLOUDY (SCALE 8-10) 17
DPTR FM NORMAL -254
[CDD (BASE 65) ]
TOTAL THIS MO. 0
DPTR FM NORMAL 0 [PRESSURE DATA]
TOTAL FM JAN 1 0 HIGHEST SLP 30.70 ON 23
DPTR FM NORMAL 0 LOWEST SLP 29.98 ON 18
[REMARKS]
#FINAL-03-21#