000
CXUS54 KMAF 011110
CF6PEQ
PRELIMINARY LOCAL CLIMATOLOGICAL DATA (WS FORM: F-6)
STATION: PECOS MUNICIPAL AIRPORT
MONTH: MARCH
YEAR: 2024
LATITUDE: 31 22 N
LONGITUDE: 103 31 W
TEMPERATURE IN F: :PCPN: SNOW: WIND :SUNSHINE: SKY :PK WND
================================================================================
1 2 3 4 5 6A 6B 7 8 9 10 11 12 13 14 15 16 17 18
12Z AVG MX 2MIN
DY MAX MIN AVG DEP HDD CDD WTR SNW DPTH SPD SPD DIR MIN PSBL S-S WX SPD DR
================================================================================
1 76 39 58 M 7 0 M M M 8.7 22 260 M M 0 1 28 260
2 82 39 61 M 4 0 M M M 6.0 20 250 M M 0 30 250
3 79 46 63 M 2 0 M M M 11.9 22 260 M M 0 30 260
4 78 50 64 M 1 0 M M M 11.9 20 270 M M 0 25 270
5 77 47 62 M 3 0 M M M 10.7 20 290 M M 0 26 290
6 78 43 61 M 4 0 M M M 2.3 8 260 M M 0 M M
7 78 57 68 M 0 3 M M M 9.1 20 270 M M 0 28 270
8 66 43 55 M 10 0 0.02 M M 12.4 21 20 M M 1 24 40
9 54 35 45 M 20 0 M M M 6.0 10 360 M M 4 M M
10 67 32 50 M 15 0 M M M 6.1 14 110 M M 0 17 90
11 77 35 56 M 9 0 M M M 4.7 12 80 M M 0 M M
12 83 44 64 M 1 0 M M M 6.7 20 250 M M 0 25 230
13 84 48 66 M 0 1 M M M 10.5 26 230 M M 0 33 230
14 80 47 64 M 1 0 M M M 5.1 12 80 M M 0 18 0
15 62 48 55 M 10 0 M M M 11.4 20 360 M M 9 28 10
16 57 48 53 M 12 0 0.03 M M 3.2 7 350 M M 10 1 M M
17 63 51 57 M 8 0 M M M 5.8 16 60 M M 9 1 20 50
18 60 49 55 M 10 0 M M M 9.7 17 150 M M 9 23 150
19 72 48 60 M 5 0 M M M 6.0 12 90 M M 2 M M
20 77 47 62 M 3 0 M M M 6.0 17 310 M M 4 24 120
21 76 46 61 M 4 0 M M M 9.6 23 260 M M 2 32 260
22 83 51 67 M 0 2 M M M 8.4 16 320 M M 0 22 320
23 83 54 69 M 0 4 M M M 15.0 24 130 M M 0 29 120
24 78 53 66 M 0 1 M M M 19.2 36 270 M M 1 8 44 260
25 68 49 59 M 6 0 M M M 21.2 30 250 M M 1 40 250
26 65 37 51 M 14 0 M M M 10.3 22 240 M M 1 37 290
27 71 46 59 M 6 0 M M M 13.0 23 290 M M 0 35 270
28 84 33 59 M 6 0 M M M 5.1 10 140 M M 0 20 240
29 89 47 68 M 0 3 M M M 6.8 21 240 M M 0 25 240
30 87 46 67 M 0 2 M M M 2.3 9 240 M M 0 M M
31 90 54 72 M 0 7 M M M 5.6 18 230 M M 0 26 230
================================================================================
SM 2324 1412 161 23 0.05 M 270.9 M 53
================================================================================
AV 75.0 45.5 8.7 FASTST M M 2 MAX(MPH)
MISC ----> 36 270 44 260
================================================================================
NOTES:
# LAST OF SEVERAL OCCURRENCES
COLUMN 17 PEAK WIND IN M.P.H.
PRELIMINARY LOCAL CLIMATOLOGICAL DATA (WS FORM: F-6) , PAGE 2
STATION: PECOS MUNICIPAL AIRPORT
MONTH: MARCH
YEAR: 2024
LATITUDE: 31 22 N
LONGITUDE: 103 31 W
[TEMPERATURE DATA] [PRECIPITATION DATA] SYMBOLS USED IN COLUMN 16
AVERAGE MONTHLY: 60.3 TOTAL FOR MONTH: 0.05 1 = FOG OR MIST
DPTR FM NORMAL: 0.0 DPTR FM NORMAL: M 2 = FOG REDUCING VISIBILITY
HIGHEST: 90 ON 31 GRTST 24HR 0.03 ON 16-16 TO 1/4 MILE OR LESS
LOWEST: 32 ON 10 3 = THUNDER
SNOW, ICE PELLETS, HAIL 4 = ICE PELLETS
TOTAL MONTH: M 5 = HAIL
GRTST 24HR M ON M 6 = FREEZING RAIN OR DRIZZLE
GRTST DEPTH: M ON M 7 = DUSTSTORM OR SANDSTORM:
VSBY 1/2 MILE OR LESS
8 = SMOKE OR HAZE
[NO. OF DAYS WITH] [WEATHER - DAYS WITH] 9 = BLOWING SNOW
X = TORNADO
MAX 32 OR BELOW: 0 0.01 INCH OR MORE: 2
MAX 90 OR ABOVE: 1 0.10 INCH OR MORE: 0
MIN 32 OR BELOW: 1 0.50 INCH OR MORE: 0
MIN 0 OR BELOW: 0 1.00 INCH OR MORE: 0
[HDD (BASE 65) ]
TOTAL THIS MO. 161 CLEAR (SCALE 0-3) 25
DPTR FM NORMAL M PTCLDY (SCALE 4-7) 2
TOTAL FM JUL 1 1672 CLOUDY (SCALE 8-10) 4
DPTR FM NORMAL M
[CDD (BASE 65) ]
TOTAL THIS MO. 23
DPTR FM NORMAL M [PRESSURE DATA]
TOTAL FM JAN 1 43 HIGHEST SLP M ON M
DPTR FM NORMAL M LOWEST SLP M ON M
[REMARKS]
#FINAL-03-24#