000
CXUS51 KPBZ 010730
CF6PHD
PRELIMINARY LOCAL CLIMATOLOGICAL DATA (WS FORM: F-6)
STATION: NEW PHILADELPHIA OH
MONTH: AUGUST
YEAR: 2021
LATITUDE: 40 28 N
LONGITUDE: 81 25 W
TEMPERATURE IN F: :PCPN: SNOW: WIND :SUNSHINE: SKY :PK WND
================================================================================
1 2 3 4 5 6A 6B 7 8 9 10 11 12 13 14 15 16 17 18
12Z AVG MX 2MIN
DY MAX MIN AVG DEP HDD CDD WTR SNW DPTH SPD SPD DIR MIN PSBL S-S WX SPD DR
================================================================================
1 78 57 68 -5 0 3 T M M 4.9 18 330 M M 3 128 24 340
2 79 53 66 -7 0 1 0.00 M M 3.0 14 20 M M 3 1 17 20
3 82 53 68 -5 0 3 0.00 M M 2.5 12 40 M M 2 17 20
4 84 54 69 -4 0 4 0.00 M M 2.0 12 340 M M 2 15 340
5 85 55 70 -3 0 5 0.00 M M 1.8 12 330 M M 0 14 280
6 86 58 72 -1 0 7 0.00 M M 3.3 13 250 M M 1 1 20 240
7 86 64 75 3 0 10 0.00 M M 2.5 10 230 M M 1 1 17 220
8 88 63 76 4 0 11 0.16 M M 2.9 17 20 M M 2 13 23 30
9 91 65 78 6 0 13 0.02 M M 4.7 20 230 M M 4 12 29 210
10 84 68 76 4 0 11 0.56 M M 4.7 20 120 M M 5 123 24 120
11 89 69 79 7 0 14 0.66 M M 4.7 25 310 M M 3 138 36 300
12 90 69 80 8 0 15 0.42 M M 5.7 18 210 M M 3 13 28 210
13 87 68 78 6 0 13 0.22 M M 4.2 20 170 M M 3 13 26 160
14 82 63 73 1 0 8 0.01 M M 4.0 13 360 M M 5 13 19 350
15 80 59 70 -2 0 5 0.00 M M 3.5 12 40 M M 4 17 60
16 77 67 72 0 0 7 0.28 M M 1.9 8 140 M M 9 1 11 150
17 81 70 76 5 0 11 0.39 M M 2.8 10 150 M M 8 13 17 160
18 82 68 75 4 0 10 1.04 M M 4.5 12 340 M M 7 1 17 360
19 82 65 74 3 0 9 0.00 M M 1.7 12 320 M M 3 12 13 320
20 86 62 74 3 0 9 0.00 M M 1.3 10 20 M M 2 1 14 50
21 86 63 75 4 0 10 0.00 M M 1.5 8 300 M M 3 12 12 350
22 88 62 75 4 0 10 0.05 M M 2.2 16 40 M M 3 128 21 40
23 87 66 77 6 0 12 0.00 M M 4.1 14 320 M M 5 128 20 310
24 89 65 77 7 0 12 0.00 M M 1.3 8 250 M M 3 12 12 200
25 90 69 80 10 0 15 0.03 M M 3.3 24 310 M M 2 1 33 300
26 89 71 80 10 0 15 0.04 M M 1.5 20 340 M M 5 138 24 340
27 89 68 79 9 0 14 T M M 1.6 9 200 M M 4 12 12 220
28 88 70 79 9 0 14 0.00 M M 2.0 9 250 M M 2 12 14 200
29 88 71 80 10 0 15 T M M 3.3 18 260 M M 3 123 26 260
30 83 69 76 7 0 11 0.51 M M 2.9 12 310 M M 5 13 15 180
31 78 70 74 5 0 9 0.49 M M 2.5 9 170 M M 9 1 14 170
================================================================================
SM 2634 1994 0 306 4.88 M 92.8 M 114
================================================================================
AV 85.0 64.3 3.0 FASTST M M 4 MAX(MPH)
MISC ----> 25 310 36 300
================================================================================
NOTES:
# LAST OF SEVERAL OCCURRENCES
COLUMN 17 PEAK WIND IN M.P.H.
PRELIMINARY LOCAL CLIMATOLOGICAL DATA (WS FORM: F-6) , PAGE 2
STATION: NEW PHILADELPHIA OH
MONTH: AUGUST
YEAR: 2021
LATITUDE: 40 28 N
LONGITUDE: 81 25 W
[TEMPERATURE DATA] [PRECIPITATION DATA] SYMBOLS USED IN COLUMN 16
AVERAGE MONTHLY: 74.6 TOTAL FOR MONTH: 4.88 1 = FOG OR MIST
DPTR FM NORMAL: 3.3 DPTR FM NORMAL: 1.23 2 = FOG REDUCING VISIBILITY
HIGHEST: 91 ON 9 GRTST 24HR 1.36 ON 17-18 TO 1/4 MILE OR LESS
LOWEST: 53 ON 3, 2 3 = THUNDER
SNOW, ICE PELLETS, HAIL 4 = ICE PELLETS
TOTAL MONTH: M 5 = HAIL
GRTST 24HR M ON M 6 = FREEZING RAIN OR DRIZZLE
GRTST DEPTH: M ON M 7 = DUSTSTORM OR SANDSTORM:
VSBY 1/2 MILE OR LESS
8 = SMOKE OR HAZE
[NO. OF DAYS WITH] [WEATHER - DAYS WITH] 9 = BLOWING SNOW
X = TORNADO
MAX 32 OR BELOW: 0 0.01 INCH OR MORE: 15
MAX 90 OR ABOVE: 3 0.10 INCH OR MORE: 10
MIN 32 OR BELOW: 0 0.50 INCH OR MORE: 4
MIN 0 OR BELOW: 0 1.00 INCH OR MORE: 1
[HDD (BASE 65) ]
TOTAL THIS MO. 0 CLEAR (SCALE 0-3) 15
DPTR FM NORMAL -8 PTCLDY (SCALE 4-7) 13
TOTAL FM JUL 1 0 CLOUDY (SCALE 8-10) 3
DPTR FM NORMAL -6
[CDD (BASE 65) ]
TOTAL THIS MO. 306
DPTR FM NORMAL 101 [PRESSURE DATA]
TOTAL FM JAN 1 840 HIGHEST SLP M ON M
DPTR FM NORMAL 154 LOWEST SLP 29.76 ON 31
[REMARKS]
#FINAL-08-21#