000
CXUS53 KILX 010900
CF6PIA
PRELIMINARY LOCAL CLIMATOLOGICAL DATA (WS FORM: F-6)
STATION: PEORIA IL
MONTH: AUGUST
YEAR: 2023
LATITUDE: 40 40 N
LONGITUDE: 89 41 W
TEMPERATURE IN F: :PCPN: SNOW: WIND :SUNSHINE: SKY :PK WND
================================================================================
1 2 3 4 5 6A 6B 7 8 9 10 11 12 13 14 15 16 17 18
12Z AVG MX 2MIN
DY MAX MIN AVG DEP HDD CDD WTR SNW DPTH SPD SPD DIR MIN PSBL S-S WX SPD DR
================================================================================
1 87 65 76 0 0 11 0.00 0.0 0 7.1 16 210 M M 0 22 200
2 77 71 74 -2 0 9 T 0.0 0 7.5 16 190 M M 8 21 200
3 85 68 77 1 0 12 0.00 0.0 0 2.9 12 50 M M 6 1 15 60
4 90 68 79 3 0 14 T 0.0 0 6.0 15 90 M M 2 21 70
5 77 66 72 -4 0 7 3.29 0.0 0 11.0 24 80 M M 8 13 35 60
6 76 63 70 -6 0 5 0.60 0.0 0 4.5 15 100 M M 5 13 18 100
7 79 65 72 -4 0 7 0.63 0.0 0 4.9 13 40 M M 8 1 19 30
8 84 64 74 -1 0 9 M 0.0 0 4.1 14 280 M M 2 3 19 260
9 M M M M M M M M M M M M M M M 12 M M
10 85 68 77 2 0 12 0.00 0.0 0 4.6 12 240 M M 5 1 16 250
11 89 68 79 4 0 14 M 0.0 0 M 33 280 M M 2 13 49 280
12 86 70 78 3 0 13 0.00 0.0 0 5.1 12 290 M M 1 19 310
13 80 65 73 -2 0 8 0.01 0.0 0 3.0 12 80 M M 4 15 80
14 80 63 72 -3 0 7 0.16 0.0 0 6.4 18 270 M M 8 1 30 270
15 78 60 69 -6 0 4 0.00 0.0 0 4.8 13 360 M M 4 20 360
16 81 57 69 -6 0 4 0.00 0.0 0 5.5 15 200 M M 0 19 200
17 81 61 71 -4 0 6 0.05 0.0 0 8.1 17 300 M M 2 13 27 310
18 80 57 69 -5 0 4 0.00 0.0 0 3.0 9 190 M M 0 12 140
19 85 62 74 0 0 9 0.00 0.0 0 10.3 21 170 M M 0 27 180
20 92 72 82 8 0 17 0.00 0.0 0 5.8 12 80 M M 2 16 70
21 91 74 83 9 0 18 0.00 0.0 0 8.3 14 70 M M 4 18 60
22 92 70 81 7 0 16 0.00 0.0 0 5.2 12 70 M M 2 15 70
23 97 77 87 13 0 22 0.00 0.0 0 7.5 17 270 M M 0 1 22 270
24 99 78 89 15 0 24 0.00 0.0 0 7.7 18 230 M M 0 24 240
25 95 79 87 13 0 22 0.00 0.0 0 3.8 10 80 M M 2 138 15 70
26 88 M M M M M 1.10 0.0 0 6.2 22 70 M M 5 13 31 10
27 81 62 72 -1 0 7 0.00 0.0 0 7.1 14 80 M M 3 19 70
28 81 59 70 -3 0 5 0.00 0.0 0 2.9 9 60 M M 0 17 60
29 86 61 74 1 0 9 T 0.0 0 5.9 16 10 M M 1 27 10
30 76 58 67 -6 0 2 0.00 0.0 0 5.9 14 60 M M 2 20 50
31 79 52 66 -6 0 1 0.00 0.0 0 4.0 12 130 M M 0 17 140
================================================================================
SM 2537 1903 0 298 5.84 0.0 169.1 M 86
================================================================================
AV 84.6 65.6 5.8 FASTST M M 3 MAX(MPH)
MISC ----> 33 280 49 280
================================================================================
NOTES:
# LAST OF SEVERAL OCCURRENCES
COLUMN 17 PEAK WIND IN M.P.H.
PRELIMINARY LOCAL CLIMATOLOGICAL DATA (WS FORM: F-6) , PAGE 2
STATION: PEORIA IL
MONTH: AUGUST
YEAR: 2023
LATITUDE: 40 40 N
LONGITUDE: 89 41 W
[TEMPERATURE DATA] [PRECIPITATION DATA] SYMBOLS USED IN COLUMN 16
AVERAGE MONTHLY: 75.1 TOTAL FOR MONTH: 5.84 1 = FOG OR MIST
DPTR FM NORMAL: 0.6 DPTR FM NORMAL: 2.53 2 = FOG REDUCING VISIBILITY
HIGHEST: 99 ON 24 GRTST 24HR 3.29 ON 4- 5 TO 1/4 MILE OR LESS
LOWEST: 52 ON 31 3 = THUNDER
SNOW, ICE PELLETS, HAIL 4 = ICE PELLETS
TOTAL MONTH: 0.0 INCH 5 = HAIL
GRTST 24HR 0.0 6 = FREEZING RAIN OR DRIZZLE
GRTST DEPTH: 0 7 = DUSTSTORM OR SANDSTORM:
VSBY 1/2 MILE OR LESS
8 = SMOKE OR HAZE
[NO. OF DAYS WITH] [WEATHER - DAYS WITH] 9 = BLOWING SNOW
X = TORNADO
MAX 32 OR BELOW: 0 0.01 INCH OR MORE: 7
MAX 90 OR ABOVE: 7 0.10 INCH OR MORE: 5
MIN 32 OR BELOW: 0 0.50 INCH OR MORE: 4
MIN 0 OR BELOW: 0 1.00 INCH OR MORE: 2
[HDD (BASE 65) ]
TOTAL THIS MO. 0 CLEAR (SCALE 0-3) 19
DPTR FM NORMAL -3 PTCLDY (SCALE 4-7) 10
TOTAL FM JUL 1 0 CLOUDY (SCALE 8-10) 2
DPTR FM NORMAL -1
[CDD (BASE 65) ]
TOTAL THIS MO. 298
DPTR FM NORMAL 1 [PRESSURE DATA]
TOTAL FM JAN 1 1036 HIGHEST SLP 30.20 ON 1
DPTR FM NORMAL 39 LOWEST SLP 29.72 ON 17
[REMARKS]
#FINAL-08-23#