000
CXUS53 KILX 011553
CLSPIA
CLIMATE REPORT
NATIONAL WEATHER SERVICE LINCOLN IL
1031 AM CDT MON JUN 1 2020
...................................
...THE PEORIA IL CLIMATE SUMMARY FOR THE SPRING SEASON, FROM
3/1/2020 TO 5/31/2020...
CLIMATE NORMAL PERIOD 1981 TO 2010
CLIMATE RECORD PERIOD 1883 TO 2020
WEATHER OBSERVED NORMAL DEPART LAST YEAR`S
VALUE DATE(S) VALUE FROM VALUE
NORMAL
.............................................................
TEMPERATURE (F)
RECORD
HIGH 104 05/31/1934
LOW -11 03/08/1943
HIGHEST 88 05/24 MM MM 89
LOWEST 26 03/22 MM MM -2
03/07
AVG. MAXIMUM 60.7 62.2 -1.5 60.4
AVG. MINIMUM 41.9 41.4 0.5 41.2
MEAN 51.3 51.8 -0.5 50.8
DAYS MAX >= 90 0 0.5 -0.5 0
DAYS MAX <= 32 0 2.0 -2.0 4
DAYS MIN <= 32 18 21.1 -3.1 23
DAYS MIN <= 0 0 0.0 0.0 1
PRECIPITATION (INCHES)
RECORD
MAXIMUM 20.79 2013
MINIMUM 3.36 1934
TOTALS 13.63 10.76 2.87 16.95
DAILY AVG. 0.15 0.18
DAYS >= .01 36 33.6 2.4 49
DAYS >= .10 22 20.9 1.1 27
DAYS >= .50 8 6.6 1.4 12
DAYS >= 1.00 4 2.4 1.6 6
GREATEST
24 HR. TOTAL 1.94 MM 1.74
SNOWFALL (INCHES)
RECORDS
TOTAL 25.6 1926
24 HR TOTAL 8.1 03/25/1957 TO 03/25/1957
TOTALS 4.8 3.3 1.5 5.8
SINCE 7/1 35.9 24.6 11.3 36.4
DAYS >= TRACE 6 2.5 3.5 9
DAYS >= 1.0 2 1.0 1.0 1
GREATEST
SNOW DEPTH 2 04/17 3
24 HR TOTAL 2.0 MM 5.0
DEGREE_DAYS
HEATING TOTAL 1306 1296 10 1364
SINCE 7/1 MM 5813 MM MM
COOLING TOTAL 68 81 -13 81
SINCE 1/1 68 81 -13 81
FREEZE DATES
RECORD
EARLIEST 09/20/1991
LATEST 05/25/1925
EARLIEST 10/14
LATEST 04/19
..............................................................
WIND (MPH)
AVERAGE WIND SPEED 8.6
HIGHEST WIND SPEED/DIRECTION 33/240 DATE 03/29
HIGHEST GUST SPEED/DIRECTION 51/240 DATE 03/29
SKY COVER
POSSIBLE SUNSHINE (PERCENT) MM
AVERAGE SKY COVER 0.50
NUMBER OF DAYS FAIR 38
NUMBER OF DAYS PC 24
NUMBER OF DAYS CLOUDY 30
AVERAGE RH (PERCENT) 67
WEATHER CONDITIONS. NUMBER OF DAYS WITH
THUNDERSTORM 14 MIXED PRECIP 0
HEAVY RAIN 7 RAIN 19
LIGHT RAIN 55 FREEZING RAIN 0
LT FREEZING RAIN 0 HAIL 0
HEAVY SNOW 0 SNOW 2
LIGHT SNOW 6 SLEET 0
FOG 46 FOG W/VIS <= 1/4 MILE 6
HAZE 9
- INDICATES NEGATIVE NUMBERS.
R INDICATES RECORD WAS SET OR TIED.
MM INDICATES DATA IS MISSING.
T INDICATES TRACE AMOUNT.
$$