000
CXUS55 KPIH 011930
CF6PIH
PRELIMINARY LOCAL CLIMATOLOGICAL DATA (WS FORM: F-6)
STATION: POCATELLO
MONTH: APRIL
YEAR: 2023
LATITUDE: 42 55 N
LONGITUDE: 112 36 W
TEMPERATURE IN F: :PCPN: SNOW: WIND :SUNSHINE: SKY :PK WND
================================================================================
1 2 3 4 5 6A 6B 7 8 9 10 11 12 13 14 15 16 17 18
12Z AVG MX 2MIN
DY MAX MIN AVG DEP HDD CDD WTR SNW DPTH SPD SPD DIR MIN PSBL S-S WX SPD DR
================================================================================
1 48 33 41 -2 24 0 T T T 18.0 35 230 M M 9 43 230
2 43 27 35 -8 30 0 0.01 T 0 12.1 25 240 M M 9 1 34 230
3 36 26 31 -12 34 0 0.28 5.2 0 11.3 28 250 M M 9 18 33 250
4 34 24 29 -15 36 0 0.28 6.5 8 15.8 22 230 M M 10 128 27 250
5 32 25 29 -15 36 0 0.01 T 9 12.2 20 240 M M 7 18 24 230
6 42 14 28 -16 37 0 0.00 0.0 8 7.8 18 180 M M 1 24 180
7 51 18 35 -9 30 0 0.00 0.0 4 6.9 22 240 M M 2 32 260
8 55 29 42 -2 23 0 0.00 0.0 1 4.6 13 210 M M 5 20 270
9 62 28 45 1 20 0 0.00 0.0 T 4.9 14 240 M M 0 20 250
10 75 30 53 9 12 0 0.00 0.0 0 9.2 26 180 M M 0 33 170
11 72 46 59 14 6 0 0.00 0.0 0 13.6 31 270 M M 2 42 180
12 62 37 50 5 15 0 0.00 0.0 0 12.5 31 240 M M 3 37 240
13 45 29 37 -8 28 0 0.04 0.6 1 16.5 32 250 M M 9 1 40 240
14 45 27 36 -9 29 0 0.00 0.0 0 6.6 17 330 M M 5 23 320
15 56 22 39 -6 26 0 0.00 0.0 0 5.2 15 170 M M 0 20 180
16 66 27 47 1 18 0 0.00 0.0 0 11.6 32 180 M M 1 40 180
17 61 43 52 6 13 0 T 0.0 0 10.5 23 240 M M 4 30 270
18 50 28 39 -7 26 0 T T 0 19.8 44 260 M M 5 78 53 260
19 46 24 35 -11 30 0 0.00 0.0 0 12.3 21 260 M M 3 30 240
20 48 29 39 -7 26 0 0.00 0.0 0 13.1 22 250 M M 5 29 250
21 50 33 42 -5 23 0 0.01 T 0 14.9 25 250 M M 9 1 33 250
22 51 34 43 -4 22 0 0.00 0.0 0 6.3 15 280 M M 7 21 280
23 58 25 42 -5 23 0 0.00 0.0 0 6.5 17 200 M M 1 22 160
24 61 35 48 0 17 0 T 0.0 0 12.9 31 260 M M 6 3 40 260
25 61 32 47 -1 18 0 0.00 0.0 0 12.1 21 250 M M 5 27 250
26 65 33 49 1 16 0 0.00 0.0 0 10.3 20 260 M M 0 25 270
27 71 42 57 9 8 0 0.00 0.0 0 17.5 37 30 M M 1 78 51 40
28 70 25 48 -1 17 0 0.00 0.0 0 5.0 14 50 M M 0 21 30
29 80 32 56 7 9 0 0.00 0.0 0 5.8 15 280 M M 0 21 290
30 83 37 60 11 5 0 0.00 0.0 0 5.6 17 120 M M 1 22 120
================================================================================
SM 1679 894 657 0 0.63 12.3 321.4 M 119
================================================================================
AV 56.0 29.8 10.7 FASTST M M 4 MAX(MPH)
MISC ----> 44 260 53 260
================================================================================
NOTES:
# LAST OF SEVERAL OCCURRENCES
COLUMN 17 PEAK WIND IN M.P.H.
PRELIMINARY LOCAL CLIMATOLOGICAL DATA (WS FORM: F-6) , PAGE 2
STATION: POCATELLO
MONTH: APRIL
YEAR: 2023
LATITUDE: 42 55 N
LONGITUDE: 112 36 W
[TEMPERATURE DATA] [PRECIPITATION DATA] SYMBOLS USED IN COLUMN 16
AVERAGE MONTHLY: 42.9 TOTAL FOR MONTH: 0.63 1 = FOG OR MIST
DPTR FM NORMAL: -2.8 DPTR FM NORMAL: -0.57 2 = FOG REDUCING VISIBILITY
HIGHEST: 83 ON 30 GRTST 24HR 0.56 ON 3- 4 TO 1/4 MILE OR LESS
LOWEST: 14 ON 6 3 = THUNDER
SNOW, ICE PELLETS, HAIL 4 = ICE PELLETS
TOTAL MONTH: 13.0 INCHES 5 = HAIL
GRTST 24HR 6.5 ON 4- 4 6 = FREEZING RAIN OR DRIZZLE
GRTST DEPTH: 9 ON 5 7 = DUSTSTORM OR SANDSTORM:
VSBY 1/2 MILE OR LESS
8 = SMOKE OR HAZE
[NO. OF DAYS WITH] [WEATHER - DAYS WITH] 9 = BLOWING SNOW
X = TORNADO
MAX 32 OR BELOW: 1 0.01 INCH OR MORE: 6
MAX 90 OR ABOVE: 0 0.10 INCH OR MORE: 2
MIN 32 OR BELOW: 20 0.50 INCH OR MORE: 0
MIN 0 OR BELOW: 0 1.00 INCH OR MORE: 0
[HDD (BASE 65) ]
TOTAL THIS MO. 657 CLEAR (SCALE 0-3) 14
DPTR FM NORMAL 78 PTCLDY (SCALE 4-7) 10
TOTAL FM JUL 1 7129 CLOUDY (SCALE 8-10) 6
DPTR FM NORMAL 638
[CDD (BASE 65) ]
TOTAL THIS MO. 0
DPTR FM NORMAL 0 [PRESSURE DATA]
TOTAL FM JAN 1 0 HIGHEST SLP 30.37 ON 6
DPTR FM NORMAL 0 LOWEST SLP 29.57 ON 18
7TH: RECORD LOW 18; BREAKS OLD RECORD OF 19 SET IN 2012
#FINAL-04-23#