000
CXUS54 KBRO 010800
CF6PIL
PRELIMINARY LOCAL CLIMATOLOGICAL DATA (WS FORM: F-6)
STATION: BAYVIEW
MONTH: JULY
YEAR: 2023
LATITUDE: 26 10 N
LONGITUDE: 97 20 W
TEMPERATURE IN F: :PCPN: SNOW: WIND :SUNSHINE: SKY :PK WND
================================================================================
1 2 3 4 5 6A 6B 7 8 9 10 11 12 13 14 15 16 17 18
12Z AVG MX 2MIN
DY MAX MIN AVG DEP HDD CDD WTR SNW DPTH SPD SPD DIR MIN PSBL S-S WX SPD DR
================================================================================
1 98 82 90 5 0 25 0.00 0.0 0 13.3 22 120 M M 2 36 130
2 95 78 87 2 0 22 0.00 0.0 0 10.9 22 110 M M 0 27 110
3 96 78 87 2 0 22 0.00 0.0 0 10.6 23 110 M M 0 37 100
4 97 81 89 4 0 24 T 0.0 0 14.7 25 130 M M 1 32 110
5 93 80 87 2 0 22 T 0.0 0 14.8 26 140 M M 3 33 140
6 84 78 81 -4 0 16 0.41 0.0 0 9.2 18 120 M M 6 1 24 160
7 91 78 85 0 0 20 0.30 0.0 0 10.2 21 120 M M 1 1 28 120
8 95 82 89 4 0 24 0.00 0.0 0 12.5 22 130 M M 2 29 170
9 95 81 88 3 0 23 0.00 0.0 0 14.0 24 140 M M 2 35 160
10 95 81 88 3 0 23 0.00 0.0 0 13.8 23 150 M M 2 32 150
11 97 82 90 5 0 25 0.00 0.0 0 14.9 26 150 M M 2 1 36 150
12 96 82 89 4 0 24 0.00 0.0 0 16.6 28 140 M M 2 36 140
13 96 82 89 4 0 24 0.00 0.0 0 16.1 26 160 M M 1 1 37 150
14 97 80 89 4 0 24 0.00 0.0 0 16.5 26 150 M M 2 38 160
15 98 81 90 5 0 25 0.00 0.0 0 16.0 25 150 M M 0 39 140
16 100 81 91 6 0 26 0.00 0.0 0 12.4 22 150 M M 1 1 30 170
17 99 78 89 4 0 24 0.00 0.0 0 11.7 24 170 M M 1 36 140
18 100 79 90 5 0 25 0.00 0.0 0 13.8 23 130 M M 0 33 120
19 99 82 91 6 0 26 0.00 0.0 0 13.7 24 140 M M 1 36 150
20 98 80 89 4 0 24 0.00 0.0 0 12.6 24 130 M M 1 32 130
21 98 78 88 3 0 23 0.00 0.0 0 11.4 23 110 M M 1 30 100
22 97 79 88 3 0 23 0.00 0.0 0 9.9 24 110 M M 2 31 120
23 94 77 86 1 0 21 0.00 0.0 0 9.1 21 100 M M 0 3 25 100
24 93 79 86 1 0 21 0.16 0.0 0 7.0 21 110 M M 2 138 27 110
25 97 79 88 2 0 23 0.00 0.0 0 11.5 24 110 M M 1 32 130
26 98 81 90 4 0 25 0.00 0.0 0 12.3 24 140 M M 0 32 140
27 97 79 88 2 0 23 0.00 0.0 0 11.9 24 130 M M 0 35 120
28 93 75 84 -2 0 19 0.00 0.0 0 7.9 20 120 M M 0 26 80
29 93 75 84 -2 0 19 0.00 0.0 0 9.1 18 80 M M 0 26 110
30 95 77 86 0 0 21 0.00 0.0 0 9.3 20 120 M M 1 26 90
31 95 80 88 2 0 23 0.00 0.0 0 10.3 20 120 M M 0 27 90
================================================================================
SM 2969 2465 0 709 0.87 0.0 378.0 M 37
================================================================================
AV 95.8 79.5 12.2 FASTST M M 1 MAX(MPH)
MISC ----> 28 140 39 140
================================================================================
NOTES:
# LAST OF SEVERAL OCCURRENCES
COLUMN 17 PEAK WIND IN M.P.H.
PRELIMINARY LOCAL CLIMATOLOGICAL DATA (WS FORM: F-6) , PAGE 2
STATION: BAYVIEW
MONTH: JULY
YEAR: 2023
LATITUDE: 26 10 N
LONGITUDE: 97 20 W
[TEMPERATURE DATA] [PRECIPITATION DATA] SYMBOLS USED IN COLUMN 16
AVERAGE MONTHLY: 87.6 TOTAL FOR MONTH: 0.87 1 = FOG OR MIST
DPTR FM NORMAL: 2.5 DPTR FM NORMAL: -0.57 2 = FOG REDUCING VISIBILITY
HIGHEST: 100 ON 18,16 GRTST 24HR 0.71 ON 6- 7 TO 1/4 MILE OR LESS
LOWEST: 75 ON 29,28 3 = THUNDER
SNOW, ICE PELLETS, HAIL 4 = ICE PELLETS
TOTAL MONTH: 0.0 INCH 5 = HAIL
GRTST 24HR 0.0 6 = FREEZING RAIN OR DRIZZLE
GRTST DEPTH: 0 7 = DUSTSTORM OR SANDSTORM:
VSBY 1/2 MILE OR LESS
8 = SMOKE OR HAZE
[NO. OF DAYS WITH] [WEATHER - DAYS WITH] 9 = BLOWING SNOW
X = TORNADO
MAX 32 OR BELOW: 0 0.01 INCH OR MORE: 3
MAX 90 OR ABOVE: 30 0.10 INCH OR MORE: 3
MIN 32 OR BELOW: 0 0.50 INCH OR MORE: 0
MIN 0 OR BELOW: 0 1.00 INCH OR MORE: 0
[HDD (BASE 65) ]
TOTAL THIS MO. 0 CLEAR (SCALE 0-3) 30
DPTR FM NORMAL 0 PTCLDY (SCALE 4-7) 1
TOTAL FM JUL 1 0 CLOUDY (SCALE 8-10) 0
DPTR FM NORMAL 0
[CDD (BASE 65) ]
TOTAL THIS MO. 709
DPTR FM NORMAL 86 [PRESSURE DATA]
TOTAL FM JAN 1 2715 HIGHEST SLP M ON M
DPTR FM NORMAL 377 LOWEST SLP 29.82 ON 13
[REMARKS]
#FINAL-07-23#