000
CXUS53 KABR 011200
CF6PIR
PRELIMINARY LOCAL CLIMATOLOGICAL DATA (WS FORM: F-6)
STATION: PIERRE SD
MONTH: JANUARY
YEAR: 2022
LATITUDE: 44 22 N
LONGITUDE: 100 17 W
TEMPERATURE IN F: :PCPN: SNOW: WIND :SUNSHINE: SKY :PK WND
================================================================================
1 2 3 4 5 6A 6B 7 8 9 10 11 12 13 14 15 16 17 18
12Z AVG MX 2MIN
DY MAX MIN AVG DEP HDD CDD WTR SNW DPTH SPD SPD DIR MIN PSBL S-S WX SPD DR
================================================================================
1 5 -11 -3 -22 68 0 T T T 7.2 14 270 M M 4 8 17 350
2 25 -11 7 -12 58 0 0.00 0.0 T 5.3 14 250 M M 1 18 17 240
3 34 6 20 1 45 0 0.00 0.0 T 4.5 15 60 M M 0 18 60
4 23 0 12 -7 53 0 T T 0 21.5 47 320 M M 5 189 58 320
5 3 -8 -2 -21 67 0 0.03 0.2 0 22.2 38 310 M M 6 89 49 300
6 1 -12 -5 -24 70 0 T 0.1 T 8.1 20 340 M M 5 8 26 340
7 26 -3 12 -7 53 0 0.00 0.0 T 16.4 28 130 M M 3 36 140
8 35 6 21 2 44 0 0.00 0.0 T 13.1 31 320 M M 1 41 320
9 32 -6 13 -6 52 0 0.00 0.0 T 7.1 18 320 M M 0 26 320
10 26 -3 12 -7 53 0 0.00 0.0 T 7.7 17 120 M M 0 20 120
11 53 14 34 15 31 0 0.00 0.0 T 14.0 31 310 M M 0 41 300
12 55 34 45 26 20 0 0.00 0.0 0 11.9 21 290 M M 3 28 290
13 43 28 36 17 29 0 T 0.0 0 10.8 18 110 M M 5 6 23 110
14 32 13 23 4 42 0 0.02 T 0 14.4 32 350 M M 9 16 40 330
15 32 11 22 3 43 0 0.00 0.0 T 8.1 23 170 M M 6 29 180
16 49 17 33 14 32 0 0.00 0.0 T 14.1 33 320 M M 4 44 310
17 51 23 37 18 28 0 0.00 0.0 0 3.7 14 310 M M 3 18 240
18 49 11 30 11 35 0 0.00 0.0 0 19.3 36 330 M M 2 48 310
19 11 -8 2 -17 63 0 0.00 0.0 0 13.5 26 350 M M 1 32 340
20 22 -14 4 -15 61 0 0.00 0.0 0 10.5 22 150 M M 0 8 28 160
21 45 11 28 9 37 0 0.02 T 0 12.3 28 310 M M 4 16 36 310
22 49 12 31 12 34 0 T 0.0 0 13.4 32 320 M M 9 44 310
23 51 11 31 12 34 0 T T 0 10.6 23 310 M M 9 31 320
24 44 8 26 7 39 0 T T 0 12.9 28 330 M M 9 37 330
25 16 2 9 -10 56 0 0.00 0.0 0 6.8 14 330 M M 4 20 330
26 47 0 24 5 41 0 T 0.0 0 12.3 30 310 M M 2 39 330
27 35 16 26 6 39 0 T 0.0 0 12.1 29 360 M M 10 36 360
28 48 15 32 12 33 0 0.00 0.0 0 7.9 21 300 M M 3 27 310
29 50 22 36 16 29 0 0.00 0.0 0 12.4 22 320 M M 0 29 300
30 45 13 29 9 36 0 0.00 0.0 0 6.9 14 300 M M 0 18 140
31 56 22 39 19 26 0 T 0.0 0 10.5 35 320 M M 1 45 310
================================================================================
SM 1093 219 1351 0 0.07 0.3 351.5 M 109
================================================================================
AV 35.3 7.1 11.3 FASTST M M 4 MAX(MPH)
MISC ----> 47 320 58 320
================================================================================
NOTES:
# LAST OF SEVERAL OCCURRENCES
COLUMN 17 PEAK WIND IN M.P.H.
PRELIMINARY LOCAL CLIMATOLOGICAL DATA (WS FORM: F-6) , PAGE 2
STATION: PIERRE SD
MONTH: JANUARY
YEAR: 2022
LATITUDE: 44 22 N
LONGITUDE: 100 17 W
[TEMPERATURE DATA] [PRECIPITATION DATA] SYMBOLS USED IN COLUMN 16
AVERAGE MONTHLY: 21.2 TOTAL FOR MONTH: 0.07 1 = FOG OR MIST
DPTR FM NORMAL: 2.1 DPTR FM NORMAL: -0.38 2 = FOG REDUCING VISIBILITY
HIGHEST: 56 ON 31 GRTST 24HR 0.04 ON 21-21 TO 1/4 MILE OR LESS
LOWEST: -14 ON 20 3 = THUNDER
SNOW, ICE PELLETS, HAIL 4 = ICE PELLETS
TOTAL MONTH: 0.5 INCH 5 = HAIL
GRTST 24HR 0.2 ON 5- 5 6 = FREEZING RAIN OR DRIZZLE
GRTST DEPTH: T 7 = DUSTSTORM OR SANDSTORM:
VSBY 1/2 MILE OR LESS
8 = SMOKE OR HAZE
[NO. OF DAYS WITH] [WEATHER - DAYS WITH] 9 = BLOWING SNOW
X = TORNADO
MAX 32 OR BELOW: 13 0.01 INCH OR MORE: 3
MAX 90 OR ABOVE: 0 0.10 INCH OR MORE: 0
MIN 32 OR BELOW: 30 0.50 INCH OR MORE: 0
MIN 0 OR BELOW: 11 1.00 INCH OR MORE: 0
[HDD (BASE 65) ]
TOTAL THIS MO. 1351 CLEAR (SCALE 0-3) 15
DPTR FM NORMAL -70 PTCLDY (SCALE 4-7) 11
TOTAL FM JUL 1 3801 CLOUDY (SCALE 8-10) 5
DPTR FM NORMAL -531
[CDD (BASE 65) ]
TOTAL THIS MO. 0
DPTR FM NORMAL 0 [PRESSURE DATA]
TOTAL FM JAN 1 0 HIGHEST SLP 30.79 ON 19
DPTR FM NORMAL 0 LOWEST SLP 29.37 ON 31
[REMARKS]
#FINAL-01-22#