000
CXUS53 KPAH 010700
CF6POF
PRELIMINARY LOCAL CLIMATOLOGICAL DATA (WS FORM: F-6)
STATION: POPLAR BLUFF MO
MONTH: OCTOBER
YEAR: 2022
LATITUDE: 36 46 N
LONGITUDE: 90 19 W
TEMPERATURE IN F: :PCPN: SNOW: WIND :SUNSHINE: SKY :PK WND
================================================================================
1 2 3 4 5 6A 6B 7 8 9 10 11 12 13 14 15 16 17 18
12Z AVG MX 2MIN
DY MAX MIN AVG DEP HDD CDD WTR SNW DPTH SPD SPD DIR MIN PSBL S-S WX SPD DR
================================================================================
1 80 44 62 -3 3 0 0.00 M M 6.1 13 50 M M 0 19 50
2 83 45 64 -1 1 0 0.00 M M 6.3 13 30 M M 0 18 30
3 79 46 63 -2 2 0 0.00 M M M 15 40 M M 0 22 40
4 78 41 60 -4 5 0 0.00 M M 1.6 9 40 M M 0 14 60
5 79 39 59 -5 6 0 0.00 M M 1.4 8 240 M M 0 8 11 290
6 84 46 65 1 0 0 0.00 M M 5.5 18 300 M M 0 18 25 270
7 75 50 63 0 2 0 0.00 M M 8.8 15 30 M M 0 23 360
8 68 39 54 -9 11 0 0.00 M M 4.4 9 260 M M 0 14 310
9 75 36 56 -6 9 0 0.00 M M 2.5 14 290 M M 2 20 280
10 83 46 65 3 0 0 0.00 M M 3.3 12 200 M M 4 8 17 210
11 83 56 70 8 0 5 T M M 7.7 20 190 M M 3 29 180
12 76 50 63 2 2 0 0.20 M M 7.2 24 310 M M 4 138 34 320
13 73 42 58 -3 7 0 T M M 8.3 23 250 M M 0 35 280
14 79 35 57 -3 8 0 0.00 M M 6.9 21 250 M M 1 33 260
15 73 49 61 1 4 0 T M M 3.8 12 50 M M 1 8 17 60
16 78 50 64 4 1 0 T M M 3.7 15 290 M M 3 8 22 280
17 59 33 46 -13 19 0 T M M 9.9 22 330 M M 0 8 31 310
18 57 29 43 -16 22 0 0.00 M M 7.7 16 320 M M 0 26 310
19 59 24 42 -16 23 0 0.00 M M 5.8 15 220 M M 0 26 220
20 70 27 49 -9 16 0 0.00 M M 5.8 17 230 M M 0 8 26 220
21 78 35 57 -1 8 0 0.00 M M 4.7 16 170 M M 0 8 23 170
22 78 45 62 5 3 0 0.00 M M 9.2 24 200 M M 1 1 32 180
23 81 63 72 15 0 7 0.00 M M 13.4 26 190 M M 4 41 200
24 77 63 70 14 0 5 0.00 M M 11.6 21 150 M M 5 8 32 170
25 72 46 59 3 6 0 0.67 M M 13.9 30 200 M M 9 13 45 170
26 68 38 53 -2 12 0 0.00 M M 5.0 15 360 M M 1 8 23 10
27 65 39 52 -3 13 0 0.00 M M 5.6 14 60 M M 0 8 19 70
28 70 41 56 1 9 0 0.00 M M 6.6 12 90 M M 0 19 60
29 73 50 62 8 3 0 0.67 M M 7.5 14 70 M M 4 1 20 60
30 70 57 64 10 1 0 0.28 M M 7.5 14 210 M M 9 1 21 190
31 69 46 58 5 7 0 0.07 M M 4.0 13 260 M M 6 1 18 260
================================================================================
SM 2292 1350 203 17 1.89 M 195.7 M 57
================================================================================
AV 73.9 43.5 6.5 FASTST M M 2 MAX(MPH)
MISC ----> 30 200 45 170
================================================================================
NOTES:
# LAST OF SEVERAL OCCURRENCES
COLUMN 17 PEAK WIND IN M.P.H.
PRELIMINARY LOCAL CLIMATOLOGICAL DATA (WS FORM: F-6) , PAGE 2
STATION: POPLAR BLUFF MO
MONTH: OCTOBER
YEAR: 2022
LATITUDE: 36 46 N
LONGITUDE: 90 19 W
[TEMPERATURE DATA] [PRECIPITATION DATA] SYMBOLS USED IN COLUMN 16
AVERAGE MONTHLY: 58.7 TOTAL FOR MONTH: 1.89 1 = FOG OR MIST
DPTR FM NORMAL: -0.8 DPTR FM NORMAL: -2.07 2 = FOG REDUCING VISIBILITY
HIGHEST: 84 ON 6 GRTST 24HR 0.95 ON 29-30 TO 1/4 MILE OR LESS
LOWEST: 24 ON 19 3 = THUNDER
SNOW, ICE PELLETS, HAIL 4 = ICE PELLETS
TOTAL MONTH: M 5 = HAIL
GRTST 24HR M ON M 6 = FREEZING RAIN OR DRIZZLE
GRTST DEPTH: M ON M 7 = DUSTSTORM OR SANDSTORM:
VSBY 1/2 MILE OR LESS
8 = SMOKE OR HAZE
[NO. OF DAYS WITH] [WEATHER - DAYS WITH] 9 = BLOWING SNOW
X = TORNADO
MAX 32 OR BELOW: 0 0.01 INCH OR MORE: 5
MAX 90 OR ABOVE: 0 0.10 INCH OR MORE: 4
MIN 32 OR BELOW: 3 0.50 INCH OR MORE: 2
MIN 0 OR BELOW: 0 1.00 INCH OR MORE: 0
[HDD (BASE 65) ]
TOTAL THIS MO. 203 CLEAR (SCALE 0-3) 23
DPTR FM NORMAL -10 PTCLDY (SCALE 4-7) 6
TOTAL FM JUL 1 223 CLOUDY (SCALE 8-10) 2
DPTR FM NORMAL -15
[CDD (BASE 65) ]
TOTAL THIS MO. 17
DPTR FM NORMAL -25 [PRESSURE DATA]
TOTAL FM JAN 1 1780 HIGHEST SLP M ON M
DPTR FM NORMAL 154 LOWEST SLP 29.50 ON 25
[REMARKS]
#FINAL-10-22#