000
CXUS56 KLOX 011655
CF6PRB
PRELIMINARY LOCAL CLIMATOLOGICAL DATA (WS FORM: F-6)
STATION: PASO ROBLES AIRPORT CA
MONTH: MARCH
YEAR: 2020
LATITUDE: 35 40 N
LONGITUDE: 120 38 W
TEMPERATURE IN F: :PCPN: SNOW: WIND :SUNSHINE: SKY :PK WND
================================================================================
1 2 3 4 5 6A 6B 7 8 9 10 11 12 13 14 15 16 17 18
12Z AVG MX 2MIN
DY MAX MIN AVG DEP HDD CDD WTR SNW DPTH SPD SPD DIR MIN PSBL S-S WX SPD DR
================================================================================
1 57 40 49 -3 16 0 0.01 M 0 6.5 15 240 M M 6 19 230
2 65 32 49 -3 16 0 0.01 M 0 3.2 13 320 M M 3 12 16 320
3 76 29 53 1 12 0 0.00 0.0 0 3.2 12 90 M M 0 13 90
4 78 34 56 4 9 0 0.00 0.0 0 5.3 18 210 M M 0 22 220
5 74 42 58 6 7 0 0.00 0.0 0 6.1 16 220 M M 5 12 19 190
6 71 42 57 5 8 0 0.00 0.0 0 5.9 18 210 M M 6 12 24 210
7 59 46 53 0 12 0 T M 0 7.0 16 240 M M 9 1 21 240
8 59 41 50 -3 15 0 0.01 M 0 5.9 16 230 M M 6 23 270
9 66 39 53 0 12 0 T M 0 6.1 14 120 M M 5 19 110
10 57 45 51 -2 14 0 0.45 M 0 4.4 20 240 M M 8 13 24 240
11 65 49 57 4 8 0 0.20 M 0 2.6 9 310 M M 7 12 11 320
12 72 44 58 5 7 0 0.00 0.0 0 5.8 18 200 M M 4 12 21 210
13 57 51 54 1 11 0 0.00 0.0 0 10.0 17 230 M M 9 22 230
14 60 49 55 2 10 0 0.02 M 0 9.2 21 240 M M 9 1 24 210
15 54 48 51 -2 14 0 0.62 M 0 9.2 22 220 M M 10 1 26 220
16 50 38 44 -9 21 0 0.81 M 0 6.4 20 290 M M 8 1 23 300
17 56 37 47 -6 18 0 0.02 M 0 5.5 16 220 M M 4 20 220
18 59 31 45 -8 20 0 0.00 0.0 0 3.4 15 210 M M 5 12 19 220
19 57 41 49 -4 16 0 0.04 M 0 4.2 15 280 M M 7 18 280
20 62 40 51 -3 14 0 0.16 M 0 3.8 16 130 M M 9 1 19 130
21 60 48 54 0 11 0 T M 0 3.3 8 210 M M 9 10 30
22 66 45 56 2 9 0 0.62 M 0 3.4 17 170 M M 8 1 22 180
23 61 46 54 0 11 0 T M 0 5.9 17 220 M M 8 22 230
24 59 46 53 -1 12 0 0.01 M 0 5.9 21 270 M M 8 1 24 270
25 56 40 48 -6 17 0 0.08 M 0 5.4 21 330 M M 7 1 24 330
26 54 33 44 -10 21 0 0.07 M 0 3.8 16 60 M M 1 18 50
27 61 32 47 -7 18 0 0.00 0.0 0 5.2 15 210 M M 4 12 20 290
28 63 37 50 -4 15 0 T M 0 5.1 15 320 M M 3 19 320
29 60 44 52 -2 13 0 0.10 M 0 2.9 13 200 M M 7 1 16 230
30 69 43 56 2 9 0 0.00 0.0 0 5.5 15 300 M M 5 12 19 300
31 75 42 59 5 6 0 0.00 0.0 0 4.3 14 320 M M 2 12 17 320
================================================================================
SM 1938 1274 402 0 3.23 0.0 164.4 M 182
================================================================================
AV 62.5 41.1 5.3 FASTST M M 6 MAX(MPH)
MISC ----> # 22 220 # 26 220
================================================================================
NOTES:
# LAST OF SEVERAL OCCURRENCES
COLUMN 17 PEAK WIND IN M.P.H.
PRELIMINARY LOCAL CLIMATOLOGICAL DATA (WS FORM: F-6) , PAGE 2
STATION: PASO ROBLES AIRPORT CA
MONTH: MARCH
YEAR: 2020
LATITUDE: 35 40 N
LONGITUDE: 120 38 W
[TEMPERATURE DATA] [PRECIPITATION DATA] SYMBOLS USED IN COLUMN 16
AVERAGE MONTHLY: 51.8 TOTAL FOR MONTH: 3.23 1 = FOG OR MIST
DPTR FM NORMAL: -1.4 DPTR FM NORMAL: 0.74 2 = FOG REDUCING VISIBILITY
HIGHEST: 78 ON 4 GRTST 24HR 0.81 ON 16-16 TO 1/4 MILE OR LESS
LOWEST: 29 ON 3 3 = THUNDER
SNOW, ICE PELLETS, HAIL 4 = ICE PELLETS
TOTAL MONTH: 0.0 INCH 5 = HAIL
GRTST 24HR 0.0 6 = FREEZING RAIN OR DRIZZLE
GRTST DEPTH: 0 7 = DUSTSTORM OR SANDSTORM:
VSBY 1/2 MILE OR LESS
8 = SMOKE OR HAZE
[NO. OF DAYS WITH] [WEATHER - DAYS WITH] 9 = BLOWING SNOW
X = TORNADO
MAX 32 OR BELOW: 0 0.01 INCH OR MORE: 16
MAX 90 OR ABOVE: 0 0.10 INCH OR MORE: 7
MIN 32 OR BELOW: 4 0.50 INCH OR MORE: 3
MIN 0 OR BELOW: 0 1.00 INCH OR MORE: 0
[HDD (BASE 65) ]
TOTAL THIS MO. 402 CLEAR (SCALE 0-3) 5
DPTR FM NORMAL 36 PTCLDY (SCALE 4-7) 20
TOTAL FM JUL 1 2210 CLOUDY (SCALE 8-10) 6
DPTR FM NORMAL -249
[CDD (BASE 65) ]
TOTAL THIS MO. 0
DPTR FM NORMAL 0 [PRESSURE DATA]
TOTAL FM JAN 1 0 HIGHEST SLP 30.32 ON 30
DPTR FM NORMAL 0 LOWEST SLP 29.71 ON 12
[REMARKS]
#FINAL-03-20#