000
CXUS56 KPDT 011640
CLMPSC
CLIMATE REPORT
NATIONAL WEATHER SERVICE PENDLETON, OR
840 AM PST THU FEB 01 2024
...................................
...THE PASCO WA CLIMATE SUMMARY FOR THE MONTH OF JANUARY 2024...
CLIMATE NORMAL PERIOD 1991 TO 2020
CLIMATE RECORD PERIOD 1894 TO 2024
WEATHER OBSERVED NORMAL DEPART LAST YEAR`S
VALUE DATE(S) VALUE FROM VALUE DATE(S)
NORMAL
................................................................
TEMPERATURE (F)
RECORD
HIGH 74 01/10/1896
LOW -27 01/21/1930
HIGHEST 52 01/09 59 01/27
LOWEST 2 01/13 8 01/29
01/15
01/30
AVG. MAXIMUM 37.0 41.4 -4.4 43.0
AVG. MINIMUM 25.0 27.8 -2.8 26.5
MEAN 31.0 34.6 -3.6 34.8
DAYS MAX >= 90 0 0.0 0.0 0
DAYS MAX <= 32 9 4.8 4.2 1
DAYS MIN <= 32 19 21.4 -2.4 26
DAYS MIN <= 0 0 0.4 -0.4 0
PRECIPITATION (INCHES)
RECORD
MAXIMUM 3.87 1969
MINIMUM 0.18 1962
TOTALS 1.21 1.03 0.18 0.44
DAILY AVG. 0.05 0.03 0.01 0.01
DAYS >= .01 13 10.0 3.0 10
DAYS >= .10 6 3.5 2.5 1
DAYS >= .50 0 0.1 -0.1 0
DAYS >= 1.00 0 0.0 0.0 0
GREATEST
24 HR. TOTAL 0.27 01/02 TO 01/03 0.14 01/12 TO 01/13
DEGREE DAYS
HEATING TOTAL 1046 942 104 929
SINCE 7/1 3042 3117 -75
COOLING TOTAL 0 0 0 0
SINCE 1/1 0 0 0
................................................................
WIND (MPH)
AVERAGE WIND SPEED 5.4
RESULTANT WIND SPEED/DIRECTION 2/280
HIGHEST WIND SPEED/DIRECTION 40/230 DATE 01/09
HIGHEST GUST SPEED/DIRECTION 55/230 DATE 01/09
AVERAGE RH (PERCENT) 81
WEATHER CONDITIONS. NUMBER OF DAYS WITH
THUNDERSTORM 0 MIXED PRECIP 0
HEAVY RAIN 0 RAIN 3
LIGHT RAIN 14 FREEZING RAIN 1
LT FREEZING RAIN 4 HAIL 1
HEAVY SNOW 0 SNOW 1
LIGHT SNOW 7 SLEET 1
FOG 24 FOG W/VIS <= 1/4 MILE 9
HAZE 5
- INDICATES NEGATIVE NUMBERS.
R INDICATES RECORD WAS SET OR TIED.
MM INDICATES DATA IS MISSING.
T INDICATES TRACE AMOUNT.
$$