000
CXUS56 KSGX 010949
CLMPSP
CLIMATE REPORT
NATIONAL WEATHER SERVICE SAN DIEGO, CA
249 AM PDT SAT JUL 01 2023
...................................
...THE PALM SPRINGS INTL AIRPORT CA CLIMATE SUMMARY FOR THE MONTH OF JUNE 2023...
CLIMATE NORMAL PERIOD: 1991 TO 2020
CLIMATE RECORD PERIOD: 1893 TO 2023
WEATHER OBSERVED NORMAL DEPART LAST YEAR`S
VALUE DATE(S) VALUE FROM VALUE DATE(S)
NORMAL
................................................................
TEMPERATURE (F)
RECORD
HIGH 123 06/17/2021
06/17/2021
LOW 44 06/10/1976
HIGHEST 113 06/30 104 9 114 06/11
LOWEST 61 06/23 70 -9 65 06/19
AVG. MAXIMUM 97.8 103.6 -5.8 106.5
AVG. MINIMUM 68.9 72.7 -3.8 77.8
MEAN 83.4 88.2 -4.8 92.2
DAYS MAX >= 90 25 28.5 -3.5 30
DAYS MAX <= 32 0 0.0 0.0 0
DAYS MAX >= 45 30 30
DAYS MAX >= 120 0 0
DAYS MIN <= 32 0 0.0 0.0 0
PRECIPITATION (INCHES)
RECORD
MAXIMUM 2.80 1948
MINIMUM 0.00 2019
TOTALS 0.00R 0.00 0.00 0.03
DAILY AVG. 0.00 0.00 0.00 0.00
DAYS >= .01 0 0.0 0.0 1
DAYS >= .10 0 0.0 0.0 0
DAYS >= .50 0 0.0 0.0 0
DAYS >= 1.00 0 0.0 0.0 0
DAYS >= %-5.2F 0 0
DAYS >= %-5.2F 0 0
GREATEST
24 HR. TOTAL 0.00 05/31 TO 05/31 0.03 06/22 TO 06/22
STORM TOTAL 0.00 0.03
(MM/DD(HH)) MM
DEGREE DAYS
HEATING TOTAL 0 0 0 0
SINCE 7/1 913 701 212 MM
COOLING TOTAL 559 694 -135 823
SINCE 1/1 1331 1604 -273 MM
FREEZE DATES
RECORD
EARLIEST 10/24/1951
LATEST 03/13/1956
EARLIEST MM
LATEST 01/14 MM
................................................................
WIND (MPH)
AVERAGE WIND SPEED 10.1
RESULTANT WIND SPEED/DIRECTION 8/320
HIGHEST WIND SPEED/DIRECTION 32/320 DATE 06/11
HIGHEST GUST SPEED/DIRECTION 41/320 DATE 06/11
41/300 06/22
SKY COVER
POSSIBLE SUNSHINE (PERCENT) MM
AVERAGE SKY COVER 0.00
NUMBER OF DAYS FAIR 30
NUMBER OF DAYS PC 0
NUMBER OF DAYS CLOUDY 0
AVERAGE RH (PERCENT) 33
WEATHER CONDITIONS. NUMBER OF DAYS WITH
THUNDERSTORM 0 MIXED PRECIP 0
HEAVY RAIN 0 RAIN 0
LIGHT RAIN 0 FREEZING RAIN 0
LT FREEZING RAIN 0 HAIL 0
HEAVY SNOW 0 SNOW 0
LIGHT SNOW 0 SLEET 0
FOG 0 FOG W/VIS <= 1/4 MILE 0
HAZE 1
- INDICATES NEGATIVE NUMBERS.
R INDICATES RECORD WAS SET OR TIED.
MM INDICATES DATA IS MISSING.
T INDICATES TRACE AMOUNT.
$$