000
CXUS51 KBOX 010810
CF6PVD
PRELIMINARY LOCAL CLIMATOLOGICAL DATA (WS FORM: F-6)
STATION: PROVIDENCE RI
MONTH: MAY
YEAR: 2022
LATITUDE: 41 43 N
LONGITUDE: 71 26 W
TEMPERATURE IN F: :PCPN: SNOW: WIND :SUNSHINE: SKY :PK WND
================================================================================
1 2 3 4 5 6A 6B 7 8 9 10 11 12 13 14 15 16 17 18
12Z AVG MX 2MIN
DY MAX MIN AVG DEP HDD CDD WTR SNW DPTH SPD SPD DIR MIN PSBL S-S WX SPD DR
================================================================================
1 68 38 53 -2 12 0 0.00 0.0 0 6.3 18 160 M M 3 23 180
2 57 43 50 -5 15 0 0.50 0.0 0 7.1 13 60 M M 8 18 17 140
3 58 47 53 -2 12 0 0.01 0.0 0 8.6 15 50 M M 10 1 21 60
4 59 50 55 -1 10 0 0.14 0.0 0 4.4 12 360 M M 10 1 14 330
5 71 50 61 5 4 0 0.00 0.0 0 6.9 21 10 M M 5 26 30
6 63 50 57 1 8 0 0.05 0.0 0 5.0 15 160 M M 8 8 18 160
7 53 46 50 -7 15 0 0.02 0.0 0 16.5 31 50 M M 10 41 50
8 58 43 51 -6 14 0 T 0.0 0 19.5 31 30 M M 8 41 40
9 60 42 51 -6 14 0 0.00 0.0 0 21.1 32 30 M M 4 42 30
10 64 47 56 -1 9 0 0.00 0.0 0 17.3 29 40 M M 3 36 40
11 69 48 59 1 6 0 0.00 0.0 0 15.0 24 10 M M 7 30 40
12 77 52 65 7 0 0 T 0.0 0 7.5 14 170 M M 9 1 17 360
13 75 58 67 9 0 2 0.00 0.0 0 4.6 20 150 M M 9 128 22 150
14 80 60 70 12 0 5 T 0.0 0 8.1 22 180 M M 8 1 27 180
15 74 57 66 7 0 1 T 0.0 0 8.2 17 160 M M 8 128 23 160
16 75 56 66 7 0 1 0.09 0.0 0 10.4 23 150 M M 7 13 28 150
17 76 56 66 7 0 1 0.00 0.0 0 12.5 24 250 M M 3 35 290
18 74 52 63 3 2 0 0.00 0.0 0 9.1 20 310 M M 4 26 310
19 60 54 57 -3 8 0 0.26 0.0 0 6.2 14 260 M M 10 1 19 270
20 68 50 59 -1 6 0 0.13 0.0 0 7.9 21 160 M M 6 1 24 160
21 84 60 72 12 0 7 0.01 0.0 0 6.4 17 160 M M 6 12 23 170
22 89 62 76 15 0 11 0.00 0.0 0 8.7 18 210 M M 2 1 23 190
23 76 60 68 7 0 3 0.00 0.0 0 9.6 21 350 M M 5 27 320
24 68 51 60 -1 5 0 T 0.0 0 8.0 18 40 M M 5 23 50
25 66 47 57 -5 8 0 0.00 0.0 0 7.4 20 150 M M 0 24 140
26 67 47 57 -5 8 0 0.00 0.0 0 9.8 23 150 M M 4 26 150
27 79 60 70 8 0 5 0.02 0.0 0 10.3 21 210 M M 10 1 26 220
28 76 65 71 9 0 6 0.27 0.0 0 8.8 18 260 M M 9 13 24 240
29 77 57 67 4 0 2 0.00 0.0 0 7.4 16 190 M M 2 20 190
30 89 56 73 10 0 8 0.00 0.0 0 8.8 20 230 M M 5 25 220
31 88 57 73 10 0 8 T 0.0 0 9.1 20 40 M M 6 24 60
================================================================================
SM 2198 1621 156 60 1.50 0.0 296.5 M 194
================================================================================
AV 70.9 52.3 9.6 FASTST M M 6 MAX(MPH)
MISC ----> 32 30 42 30
================================================================================
NOTES:
# LAST OF SEVERAL OCCURRENCES
COLUMN 17 PEAK WIND IN M.P.H.
PRELIMINARY LOCAL CLIMATOLOGICAL DATA (WS FORM: F-6) , PAGE 2
STATION: PROVIDENCE RI
MONTH: MAY
YEAR: 2022
LATITUDE: 41 43 N
LONGITUDE: 71 26 W
[TEMPERATURE DATA] [PRECIPITATION DATA] SYMBOLS USED IN COLUMN 16
AVERAGE MONTHLY: 61.6 TOTAL FOR MONTH: 1.50 1 = FOG OR MIST
DPTR FM NORMAL: 2.5 DPTR FM NORMAL: -1.87 2 = FOG REDUCING VISIBILITY
HIGHEST: 89 ON 30,22 GRTST 24HR 0.51 ON 2- 3 TO 1/4 MILE OR LESS
LOWEST: 38 ON 1 3 = THUNDER
SNOW, ICE PELLETS, HAIL 4 = ICE PELLETS
TOTAL MONTH: 0.0 INCH 5 = HAIL
GRTST 24HR 0.0 6 = FREEZING RAIN OR DRIZZLE
GRTST DEPTH: 0 7 = DUSTSTORM OR SANDSTORM:
VSBY 1/2 MILE OR LESS
8 = SMOKE OR HAZE
[NO. OF DAYS WITH] [WEATHER - DAYS WITH] 9 = BLOWING SNOW
X = TORNADO
MAX 32 OR BELOW: 0 0.01 INCH OR MORE: 11
MAX 90 OR ABOVE: 0 0.10 INCH OR MORE: 5
MIN 32 OR BELOW: 0 0.50 INCH OR MORE: 1
MIN 0 OR BELOW: 0 1.00 INCH OR MORE: 0
[HDD (BASE 65) ]
TOTAL THIS MO. 156 CLEAR (SCALE 0-3) 6
DPTR FM NORMAL -56 PTCLDY (SCALE 4-7) 17
TOTAL FM JUL 1 4878 CLOUDY (SCALE 8-10) 8
DPTR FM NORMAL -562
[CDD (BASE 65) ]
TOTAL THIS MO. 60
DPTR FM NORMAL 32 [PRESSURE DATA]
TOTAL FM JAN 1 60 HIGHEST SLP 30.42 ON 25
DPTR FM NORMAL 29 LOWEST SLP 29.56 ON 16
[REMARKS]
#FINAL-05-22#