335
CXUS54 KOUN 010910
CF6PWA
PRELIMINARY LOCAL CLIMATOLOGICAL DATA (WS FORM: F-6)
STATION: BETHANY/WILEY POST
MONTH: NOVEMBER
YEAR: 2020
LATITUDE: 35 31 N
LONGITUDE: 97 38 W
TEMPERATURE IN F: :PCPN: SNOW: WIND :SUNSHINE: SKY :PK WND
================================================================================
1 2 3 4 5 6A 6B 7 8 9 10 11 12 13 14 15 16 17 18
12Z AVG MX 2MIN
DY MAX MIN AVG DEP HDD CDD WTR SNW DPTH SPD SPD DIR MIN PSBL S-S WX SPD DR
================================================================================
1 65 39 52 -3 13 0 0.00 M M 6.2 15 30 M M 0 19 20
2 70 40 55 0 10 0 0.00 M M 12.0 22 200 M M 0 26 200
3 77 46 62 7 3 0 0.00 M M 13.8 24 210 M M 0 30 200
4 77 53 65 11 0 0 0.00 0.0 0 16.1 25 170 M M 0 30 170
5 76 49 63 9 2 0 0.00 M M 6.7 18 170 M M 0 24 160
6 78 55 67 13 0 2 0.00 M M 11.9 21 170 M M 0 1 26 150
7 77 57 67 14 0 2 0.00 M M 15.7 21 170 M M 2 28 150
8 75 58 67 14 0 2 0.00 M M 20.9 32 160 M M 2 42 160
9 72 64 68 16 0 3 0.00 M M 19.3 29 170 M M 6 8 36 160
10 68 42 55 3 10 0 0.00 M M 12.1 24 170 M M 3 30 300
11 63 38 51 -1 14 0 0.00 M M 7.3 15 80 M M 0 17 80
12 73 43 58 7 7 0 T M M 16.7 26 180 M M 0 35 180
13 59 32 46 -5 19 0 0.00 M M 7.8 17 10 M M 4 21 10
14 80 52 66 16 0 1 0.03 M M 19.2 39 350 M M 4 48 360
15 60 38 49 -1 16 0 0.00 M M 7.2 18 330 M M 0 25 340
16 70 38 54 5 11 0 0.00 M M 8.1 18 220 M M 0 22 220
17 73 39 56 7 9 0 0.00 M M 8.4 20 170 M M 0 26 180
18 74 50 62 14 3 0 0.00 M M 22.3 33 190 M M 0 42 190
19 74 60 67 19 0 2 0.00 M M 23.6 37 190 M M 0 45 190
20 75 61 68 20 0 3 0.00 M M 12.4 26 180 M M 3 35 190
21 63 49 56 9 9 0 T M M 9.3 15 360 M M 10 18 17 360
22 52 34 43 -4 22 0 T M M 10.0 22 360 M M 8 1 26 360
23 54 34 44 -2 21 0 0.00 M M 13.0 23 170 M M 6 1 30 160
24 62 43 53 7 12 0 0.35 M M 17.2 28 160 M M 9 138 36 160
25 57 39 48 2 17 0 0.00 M M 10.7 28 300 M M 2 37 300
26 69 42 56 11 9 0 0.00 M M 13.3 26 170 M M 0 30 170
27 58 38 48 3 17 0 0.00 M M 12.0 21 30 M M 0 25 20
28 48 31 40 -4 25 0 0.06 M M 5.3 16 10 M M 4 1 19 10
29 50 34 42 -2 23 0 0.03 M M 12.0 30 360 M M 7 40 360
30 48 26 37 -7 28 0 0.00 M M 9.0 18 340 M M 0 22 350
================================================================================
SM 1997 1324 300 15 0.47 0.0 379.5 M 70
================================================================================
AV 66.6 44.1 12.6 FASTST M M 2 MAX(MPH)
MISC ----> 39 350 48 360
================================================================================
NOTES:
# LAST OF SEVERAL OCCURRENCES
COLUMN 17 PEAK WIND IN M.P.H.
PRELIMINARY LOCAL CLIMATOLOGICAL DATA (WS FORM: F-6) , PAGE 2
STATION: BETHANY/WILEY POST
MONTH: NOVEMBER
YEAR: 2020
LATITUDE: 35 31 N
LONGITUDE: 97 38 W
[TEMPERATURE DATA] [PRECIPITATION DATA] SYMBOLS USED IN COLUMN 16
AVERAGE MONTHLY: 55.4 TOTAL FOR MONTH: 0.47 1 = FOG OR MIST
DPTR FM NORMAL: 5.8 DPTR FM NORMAL: -1.37 2 = FOG REDUCING VISIBILITY
HIGHEST: 80 ON 14 GRTST 24HR 0.35 ON 24-24 TO 1/4 MILE OR LESS
LOWEST: 26 ON 30 3 = THUNDER
SNOW, ICE PELLETS, HAIL 4 = ICE PELLETS
TOTAL MONTH: 0.0 INCH 5 = HAIL
GRTST 24HR 0.0 6 = FREEZING RAIN OR DRIZZLE
GRTST DEPTH: 0 7 = DUSTSTORM OR SANDSTORM:
VSBY 1/2 MILE OR LESS
8 = SMOKE OR HAZE
[NO. OF DAYS WITH] [WEATHER - DAYS WITH] 9 = BLOWING SNOW
X = TORNADO
MAX 32 OR BELOW: 0 0.01 INCH OR MORE: 4
MAX 90 OR ABOVE: 0 0.10 INCH OR MORE: 1
MIN 32 OR BELOW: 3 0.50 INCH OR MORE: 0
MIN 0 OR BELOW: 0 1.00 INCH OR MORE: 0
[HDD (BASE 65) ]
TOTAL THIS MO. 300 CLEAR (SCALE 0-3) 20
DPTR FM NORMAL -168 PTCLDY (SCALE 4-7) 8
TOTAL FM JUL 1 553 CLOUDY (SCALE 8-10) 2
DPTR FM NORMAL -108
[CDD (BASE 65) ]
TOTAL THIS MO. 15
DPTR FM NORMAL 11 [PRESSURE DATA]
TOTAL FM JAN 1 2133 HIGHEST SLP 30.58 ON 1
DPTR FM NORMAL 165 LOWEST SLP 29.52 ON 14
[REMARKS]
#FINAL-11-20#