245
CXUS54 KFWD 010731
CF6RBD
PRELIMINARY LOCAL CLIMATOLOGICAL DATA (WS FORM: F-6)
STATION: DALLAS EXECUTIVE
MONTH: JULY
YEAR: 2020
LATITUDE: 32 40 N
LONGITUDE: 96 52 W
TEMPERATURE IN F: :PCPN: SNOW: WIND :SUNSHINE: SKY :PK WND
================================================================================
1 2 3 4 5 6A 6B 7 8 9 10 11 12 13 14 15 16 17 18
12Z AVG MX 2MIN
DY MAX MIN AVG DEP HDD CDD WTR SNW DPTH SPD SPD DIR MIN PSBL S-S WX SPD DR
================================================================================
1 93 79 86 4 0 21 0.00 0.0 0 12.0 21 200 M M 3 29 200
2 95 75 85 2 0 20 1.34 0.0 0 9.0 38 320 M M 5 38 62 300
3 99 74 87 4 0 22 0.00 0.0 0 5.7 21 110 M M 0 27 110
4 96 73 85 2 0 20 0.00 0.0 0 6.3 13 160 M M 0 8 18 100
5 95 77 86 3 0 21 0.07 0.0 0 5.0 17 70 M M 2 38 24 60
6 91 73 82 -1 0 17 1.76 0.0 0 5.9 28 300 M M 4 138 37 290
7 90 74 82 -1 0 17 0.00 0.0 0 7.5 15 130 M M 4 1 19 170
8 93 75 84 1 0 19 0.02 0.0 0 8.9 16 150 M M 4 1 23 180
9 94 78 86 2 0 21 0.00 0.0 0 11.9 21 160 M M 1 31 190
10 95 78 87 3 0 22 0.00 0.0 0 9.1 18 170 M M 1 24 200
11 97 79 88 4 0 23 0.00 0.0 0 7.9 15 180 M M 0 22 190
12 101 76 89 5 0 24 0.00 0.0 0 9.6 36 50 M M 1 56 50
13 101 82 92 8 0 27 0.00 0.0 0 12.0 21 170 M M 0 29 170
14 98 78 88 4 0 23 0.00 0.0 0 14.0 22 180 M M 0 33 160
15 96 79 88 4 0 23 0.00 0.0 0 12.0 24 180 M M 0 36 180
16 98 80 89 5 0 24 0.00 0.0 0 9.0 13 140 M M 0 18 140
17 97 77 87 3 0 22 0.00 0.0 0 M M M M M 1 M M
18 M M M M M M 0.00 0.0 0 M M M M M M M M
19 M 73 M M M M 0.00 0.0 0 M M M M M M M M
20 96 79 88 3 0 23 0.00 0.0 0 9.5 21 110 M M 1 29 100
21 91 76 84 -1 0 19 0.00 0.0 0 7.6 16 140 M M 4 21 140
22 93 77 85 0 0 20 0.06 0.0 0 7.0 16 120 M M 4 3 21 110
23 96 77 87 2 0 22 0.00 0.0 0 7.6 15 120 M M 2 22 120
24 97 79 88 3 0 23 0.00 0.0 0 9.7 20 110 M M 3 25 80
25 92 78 85 0 0 20 0.00 0.0 0 9.5 17 160 M M 6 24 170
26 M 77 M M M M 0.00 0.0 0 M M M M M M M M
27 92 72 82 -3 0 17 0.00 0.0 0 4.8 12 150 M M 4 16 150
28 84 75 80 -5 0 15 2.60 0.0 0 4.6 12 180 M M 3 13 15 180
29 95 77 86 1 0 21 0.00 0.0 0 10.6 20 170 M M 3 28 190
30 97 78 88 3 0 23 0.00 0.0 0 13.0 31 350 M M 0 43 350
31 92 75 84 -1 0 19 0.00 0.0 0 8.6 17 320 M M 2 21 320
================================================================================
SM 2654 2300 0 588 5.85 0.0 238.3 M 58
================================================================================
AV 94.8 76.7 8.8 FASTST M M 2 MAX(MPH)
MISC ----> # 38 320 # 62 300
================================================================================
NOTES:
# LAST OF SEVERAL OCCURRENCES
COLUMN 17 PEAK WIND IN M.P.H.
PRELIMINARY LOCAL CLIMATOLOGICAL DATA (WS FORM: F-6) , PAGE 2
STATION: DALLAS EXECUTIVE
MONTH: JULY
YEAR: 2020
LATITUDE: 32 40 N
LONGITUDE: 96 52 W
[TEMPERATURE DATA] [PRECIPITATION DATA] SYMBOLS USED IN COLUMN 16
AVERAGE MONTHLY: 85.7 TOTAL FOR MONTH: 5.85 1 = FOG OR MIST
DPTR FM NORMAL: 1.6 DPTR FM NORMAL: 3.34 2 = FOG REDUCING VISIBILITY
HIGHEST: 101 ON 13,12 GRTST 24HR 2.60 ON 28-28 TO 1/4 MILE OR LESS
LOWEST: 72 ON 27 3 = THUNDER
SNOW, ICE PELLETS, HAIL 4 = ICE PELLETS
TOTAL MONTH: 0.0 INCH 5 = HAIL
GRTST 24HR 0.0 6 = FREEZING RAIN OR DRIZZLE
GRTST DEPTH: 0 7 = DUSTSTORM OR SANDSTORM:
VSBY 1/2 MILE OR LESS
8 = SMOKE OR HAZE
[NO. OF DAYS WITH] [WEATHER - DAYS WITH] 9 = BLOWING SNOW
X = TORNADO
MAX 32 OR BELOW: 0 0.01 INCH OR MORE: 6
MAX 90 OR ABOVE: 27 0.10 INCH OR MORE: 3
MIN 32 OR BELOW: 0 0.50 INCH OR MORE: 3
MIN 0 OR BELOW: 0 1.00 INCH OR MORE: 3
[HDD (BASE 65) ]
TOTAL THIS MO. 0 CLEAR (SCALE 0-3) 20
DPTR FM NORMAL 0 PTCLDY (SCALE 4-7) 8
TOTAL FM JUL 1 0 CLOUDY (SCALE 8-10) 0
DPTR FM NORMAL 0
[CDD (BASE 65) ]
TOTAL THIS MO. 588
DPTR FM NORMAL -4 [PRESSURE DATA]
TOTAL FM JAN 1 1572 HIGHEST SLP M ON M
DPTR FM NORMAL 143 LOWEST SLP 29.74 ON M
[REMARKS]
#FINAL-07-20#