000
CXUS56 KSTO 091827
CF6RDD
PRELIMINARY LOCAL CLIMATOLOGICAL DATA (WS FORM: F-6)
STATION: REDDING CA AIRPORT AND CITY
MONTH: AUGUST
YEAR: 2020
LATITUDE: 40 30 N
LONGITUDE: 122 18 W
TEMPERATURE IN F: :PCPN: SNOW: WIND :SUNSHINE: SKY :PK WND
================================================================================
1 2 3 4 5 6A 6B 7 8 9 10 11 12 13 14 15 16 17 18
12Z AVG MX 2MIN
DY MAX MIN AVG DEP HDD CDD WTR SNW DPTH SPD SPD DIR MIN PSBL S-S WX SPD DR
================================================================================
1 103 63 83 1 0 18 0.00 0.0 0 4.5 14 160 M M 0 18 160
2 101 64 83 1 0 18 0.00 0.0 0 5.0 17 160 M M 0 21 160
3 103 67 85 3 0 20 0.00 0.0 0 3.6 13 160 M M 0 16 160
4 101 67 84 2 0 19 0.00 0.0 0 5.8 17 180 M M 0 24 100
5 94 69 82 0 0 17 0.00 0.0 0 7.6 20 180 M M 0 25 160
6 94 63 79 -3 0 14 0.00 0.0 0 5.4 17 160 M M 0 22 170
7 102 71 87 6 0 22 0.00 0.0 0 7.4 18 180 M M 0 23 360
8 105 66 86 5 0 21 0.00 0.0 0 6.2 16 160 M M 0 19 160
9 110 70 90 9 0 25 0.00 0.0 0 5.1 16 170 M M 0 19 170
10 109 73 91 10 0 26 0.00 0.0 0 6.8 18 170 M M 0 22 180
11 97 74 86 5 0 21 0.00 0.0 0 6.8 20 170 M M 0 25 140
12 97 67 82 2 0 17 0.00 0.0 0 5.8 17 160 M M 0 21 160
13 102 66 84 4 0 19 0.00 0.0 0 4.4 16 210 M M 0 25 180
14 109 67 88 8 0 23 0.00 0.0 0 4.2 10 340 M M 0 14 340
15 111 72 92 12 0 27 0.00 0.0 0 4.8 20 170 M M 0 24 180
16 104 76 90 10 0 25 0.02 0.0 0 4.5 14 150 M M 1 3 17 140
17 94 75 85 5 0 20 0.03 0.0 0 6.8 18 20 M M 1 3 23 30
18 109 75 92 12 0 27 0.00 0.0 0 4.5 12 170 M M 0 M M
19 109 73 91 12 0 26 0.00 0.0 M 6.5 16 160 M M 6 8 20 160
20 95 61 78 -1 0 13 0.00 0.0 0 3.4 12 160 M M 9 8 14 150
21 92 63 78 -1 0 13 0.00 0.0 0 2.7 9 160 M M 9 8 12 150
22 95 64 80 1 0 15 0.00 0.0 0 1.3 7 130 M M 10 8 9 140
23 98 67 83 4 0 18 0.00 0.0 0 3.1 10 150 M M 8 8 13 180
24 97 73 85 7 0 20 0.00 0.0 0 3.2 10 260 M M 6 8 13 260
25 94 67 81 3 0 16 0.00 0.0 0 2.1 7 230 M M 10 8 9 170
26 94 68 81 3 0 16 0.00 0.0 0 1.6 8 220 M M 10 8 10 300
27 99 67 83 5 0 18 0.00 0.0 0 3.2 13 150 M M 7 8 15 150
28 109 65 87 9 0 22 0.00 0.0 0 5.1 17 170 M M 0 8 19 170
29 96 67 82 4 0 17 0.00 0.0 0 4.1 13 160 M M 0 8 17 160
30 104 65 85 8 0 20 0.00 0.0 0 4.7 20 20 M M 0 8 27 330
31 104 62 83 6 0 18 0.00 0.0 0 7.5 24 10 M M 0 31 20
================================================================================
SM 3131 2107 0 611 0.05 0.0 147.7 M 77
================================================================================
AV101.0 68.0 4.8 FASTST M M 2 MAX(MPH)
MISC ----> # 24 10 # 31 20
================================================================================
NOTES:
# LAST OF SEVERAL OCCURRENCES
COLUMN 17 PEAK WIND IN M.P.H.
PRELIMINARY LOCAL CLIMATOLOGICAL DATA (WS FORM: F-6) , PAGE 2
STATION: REDDING CA AIRPORT AND CITY
MONTH: AUGUST
YEAR: 2020
LATITUDE: 40 30 N
LONGITUDE: 122 18 W
[TEMPERATURE DATA] [PRECIPITATION DATA] SYMBOLS USED IN COLUMN 16
AVERAGE MONTHLY: 84.5 TOTAL FOR MONTH: 0.05 1 = FOG OR MIST
DPTR FM NORMAL: 4.7 DPTR FM NORMAL: -0.13 2 = FOG REDUCING VISIBILITY
HIGHEST: 111 ON 15 GRTST 24HR 0.03 ON 17-17 TO 1/4 MILE OR LESS
LOWEST: 61 ON 20 3 = THUNDER
SNOW, ICE PELLETS, HAIL 4 = ICE PELLETS
TOTAL MONTH: 0.0 INCH 5 = HAIL
GRTST 24HR 0.0 6 = FREEZING RAIN OR DRIZZLE
GRTST DEPTH: 0 7 = DUSTSTORM OR SANDSTORM:
VSBY 1/2 MILE OR LESS
8 = SMOKE OR HAZE
[NO. OF DAYS WITH] [WEATHER - DAYS WITH] 9 = BLOWING SNOW
X = TORNADO
MAX 32 OR BELOW: 0 0.01 INCH OR MORE: 2
MAX 90 OR ABOVE: 31 0.10 INCH OR MORE: 0
MIN 32 OR BELOW: 0 0.50 INCH OR MORE: 0
MIN 0 OR BELOW: 0 1.00 INCH OR MORE: 0
[HDD (BASE 65) ]
TOTAL THIS MO. 0 CLEAR (SCALE 0-3) 22
DPTR FM NORMAL 0 PTCLDY (SCALE 4-7) 4
TOTAL FM JUL 1 0 CLOUDY (SCALE 8-10) 5
DPTR FM NORMAL 0
[CDD (BASE 65) ]
TOTAL THIS MO. 611
DPTR FM NORMAL 152 [PRESSURE DATA]
TOTAL FM JAN 1 1838 HIGHEST SLP M ON M
DPTR FM NORMAL 343 LOWEST SLP 29.63 ON 28
[REMARKS]
#FINAL-08-20#