000
CXUS56 KSTO 091822
CLMRDD
CLIMATE REPORT
NATIONAL WEATHER SERVICE SACRAMENTO
1022 AM PST TUE JAN 09 2024
...................................
...THE REDDING CA AIRPORT AND CITY CLIMATE SUMMARY FOR THE MONTH OF DECEMBER 2023...
CLIMATE NORMAL PERIOD: 1991 TO 2020
CLIMATE RECORD PERIOD: 1893 TO 2024
WEATHER OBSERVED NORMAL DEPART LAST YEAR`S
VALUE DATE(S) VALUE FROM VALUE DATE(S)
NORMAL
................................................................
TEMPERATURE (F)
RECORD
HIGH 83 12/01/2021
12/01/2021
12/01/2021
LOW 16 12/09/2009
HIGHEST 73 12/16 MM MM 63 12/24
LOWEST 32 12/10 MM MM 27 12/18
12/19
AVG. MAXIMUM 61.1 56.0 5.1 53.4
AVG. MINIMUM 42.1 37.2 4.9 36.5
MEAN 51.6 46.6 5.0 45.0
DAYS MAX >= 90 0 0.0 0.0 0
DAYS MAX <= 32 0 0.0 0.0 0
DAYS MAX >= 105 0 30
DAYS MAX >= 100 0 0
DAYS MAX <= 50 0 0
DAYS MIN <= 32 1 9.9 -8.9 10
DAYS MIN <= 0 0 0.0 0.0 0
DAYS MIN >= 70 0 0
DAYS MIN <= 40 1 0
DAYS MIN <= 32 1 0
PRECIPITATION (INCHES)
RECORD
MAXIMUM 14.72 2002
MINIMUM 0.00 1989
TOTALS 7.50 6.31 1.19 8.31
DAILY AVG. 0.24
DAYS >= .01 13 14
DAYS >= .10 8 10
DAYS >= .50 6 7
DAYS >= 1.00 3 4
DAYS >= %-5.2F 1 0
GREATEST
24 HR. TOTAL 2.62
STORM TOTAL 2.45
SNOWFALL (INCHES)
RECORDS
TOTAL MM MM
24 HR TOTAL MM
TOTALS 0.0 0.7 -0.7
LIQUID EQUIV 0.00 0.00 0.00
SINCE 7/1 0.0 0.7 -0.7
LIQUID 7/1 0.00
DAYS >= TRACE 0 0.1 -0.1
DAYS >= 1.0 0 0.1 -0.1
GREATEST
SNOW DEPTH MM
24 HR TOTAL 0.0
STORM TOTAL 0.0
(MM/DD(HH))
DEGREE DAYS
HEATING TOTAL 406 570 -164
SINCE 7/1 793 1035 -242
COOLING TOTAL 0 0 0
SINCE 1/1 2325 2030 295
................................................................
WIND (MPH)
AVERAGE WIND SPEED 3.5
HIGHEST WIND SPEED/DIRECTION 28/170 DATE 12/19
HIGHEST GUST SPEED/DIRECTION 36/160 DATE 12/19
SKY COVER
POSSIBLE SUNSHINE (PERCENT) MM
AVERAGE SKY COVER 0.42
AVERAGE RH (PERCENT) 71
WEATHER CONDITIONS. NUMBER OF DAYS WITH
THUNDERSTORM 0 MIXED PRECIP 0
HEAVY RAIN 4 RAIN 9
LIGHT RAIN 14 FREEZING RAIN 0
LT FREEZING RAIN 0 HAIL 0
HEAVY SNOW 0 SNOW 0
LIGHT SNOW 0 SLEET 0
FOG 19 FOG W/VIS <= 1/4 MILE 3
HAZE 10
- INDICATES NEGATIVE NUMBERS.
R INDICATES RECORD WAS SET OR TIED.
MM INDICATES DATA IS MISSING.
T INDICATES TRACE AMOUNT.
$$