000
CXUS51 KPHI 161411
CF6RDG
PRELIMINARY LOCAL CLIMATOLOGICAL DATA (WS FORM: F-6)
STATION: READING PA
MONTH: JUNE
YEAR: 2021
LATITUDE: 40 22 N
LONGITUDE: 75 58 W
TEMPERATURE IN F: :PCPN: SNOW: WIND :SUNSHINE: SKY :PK WND
================================================================================
1 2 3 4 5 6A 6B 7 8 9 10 11 12 13 14 15 16 17 18
12Z AVG MX 2MIN
DY MAX MIN AVG DEP HDD CDD WTR SNW DPTH SPD SPD DIR MIN PSBL S-S WX SPD DR
================================================================================
1 78 52 65 -2 0 0 0.00 0.0 0 3.2 10 190 M M 1 14 230
2 78 61 70 2 0 5 0.00 0.0 0 5.3 16 200 M M 5 21 180
3 78 63 71 3 0 6 0.34 0.0 0 4.4 14 320 M M 8 138 18 320
4 81 66 74 6 0 9 0.25 0.0 0 3.9 18 10 M M 6 13 23 10
5 92 62 77 8 0 12 0.00 0.0 0 4.6 16 260 M M 0 1 20 260
6 94 67 81 12 0 16 0.00 0.0 0 3.5 13 220 M M 2 17 210
7 94 71 83 14 0 18 T 0.0 0 5.8 16 210 M M 2 21 230
8 92 72 82 12 0 17 0.23 0.0 0 3.6 28 300 M M 2 138 35 310
9 90 69 80 10 0 15 0.11 0.0 0 3.4 15 200 M M 3 13 18 210
10 85 68 77 7 0 12 0.00 0.0 0 7.2 15 140 M M 6 1 22 150
11 69 57 63 -7 2 0 0.26 0.0 0 6.1 14 130 M M 10 18 18 130
12 77 57 67 -4 0 2 0.00 0.0 0 2.8 9 160 M M 8 12 20
13 79 65 72 1 0 7 T 0.0 0 5.8 13 160 M M 10 3 17 170
14 86 64 75 4 0 10 0.42 0.0 0 6.0 24 320 M M 8 13 29 340
15 78 61 70 -2 0 5 T 0.0 0 6.5 17 330 M M 6 12 24 300
16 77 57 67 -5 0 2 0.00 0.0 0 6.3 20 350 M M 1 1 27 290
17 77 51 64 -8 1 0 0.00 0.0 0 4.3 15 340 M M 0 25 300
18 85 52 69 -3 0 4 0.03 0.0 0 6.6 17 200 M M 0 3 23 220
19 89 66 78 5 0 13 0.15 0.0 0 4.3 16 250 M M 6 13 21 260
20 89 65 77 4 0 12 0.00 0.0 0 4.6 15 170 M M 6 123 19 170
21 92 71 82 9 0 17 0.10 0.0 0 7.9 25 210 M M 4 3 34 210
22 73 52 63 -11 2 0 0.13 0.0 0 7.1 21 300 M M 5 1 23 300
23 76 48 62 -12 3 0 0.00 0.0 0 2.9 15 340 M M 1 19 310
24 81 53 67 -7 0 2 0.00 0.0 0 4.5 14 160 M M 1 20 160
25 83 54 69 -5 0 4 0.00 0.0 0 5.4 14 190 M M 0 20 200
26 87 69 78 4 0 13 T 0.0 0 8.1 17 190 M M 6 22 190
27 92 74 83 8 0 18 0.00 0.0 0 8.7 17 200 M M 5 23 170
28 96 75 86 11 0 21 0.00 0.0 0 7.4 16 200 M M 4 21 190
29 98 74 86 11 0 21 0.00 0.0 0 6.2 16 200 M M 1 23 190
30 99 74 87 12 0 22 0.01 0.0 0 6.2 30 300 M M 2 3 40 290
================================================================================
SM 2545 1890 8 283 2.03 0.0 162.6 M 119
================================================================================
AV 84.8 63.0 5.4 FASTST M M 4 MAX(MPH)
MISC ----> 30 300 40 290
================================================================================
NOTES:
# LAST OF SEVERAL OCCURRENCES
COLUMN 17 PEAK WIND IN M.P.H.
PRELIMINARY LOCAL CLIMATOLOGICAL DATA (WS FORM: F-6) , PAGE 2
STATION: READING PA
MONTH: JUNE
YEAR: 2021
LATITUDE: 40 22 N
LONGITUDE: 75 58 W
[TEMPERATURE DATA] [PRECIPITATION DATA] SYMBOLS USED IN COLUMN 16
AVERAGE MONTHLY: 73.9 TOTAL FOR MONTH: 2.03 1 = FOG OR MIST
DPTR FM NORMAL: 2.3 DPTR FM NORMAL: -2.74 2 = FOG REDUCING VISIBILITY
HIGHEST: 99 ON 30 GRTST 24HR 0.42 ON 14-14 TO 1/4 MILE OR LESS
LOWEST: 48 ON 23 3 = THUNDER
SNOW, ICE PELLETS, HAIL 4 = ICE PELLETS
TOTAL MONTH: 0.0 INCH 5 = HAIL
GRTST 24HR 0.0 6 = FREEZING RAIN OR DRIZZLE
GRTST DEPTH: 0 7 = DUSTSTORM OR SANDSTORM:
VSBY 1/2 MILE OR LESS
8 = SMOKE OR HAZE
[NO. OF DAYS WITH] [WEATHER - DAYS WITH] 9 = BLOWING SNOW
X = TORNADO
MAX 32 OR BELOW: 0 0.01 INCH OR MORE: 11
MAX 90 OR ABOVE: 10 0.10 INCH OR MORE: 9
MIN 32 OR BELOW: 0 0.50 INCH OR MORE: 0
MIN 0 OR BELOW: 0 1.00 INCH OR MORE: 0
[HDD (BASE 65) ]
TOTAL THIS MO. 8 CLEAR (SCALE 0-3) 14
DPTR FM NORMAL -9 PTCLDY (SCALE 4-7) 13
TOTAL FM JUL 1 4667 CLOUDY (SCALE 8-10) 3
DPTR FM NORMAL -458
[CDD (BASE 65) ]
TOTAL THIS MO. 283
DPTR FM NORMAL 69 [PRESSURE DATA]
TOTAL FM JAN 1 380 HIGHEST SLP M ON M
DPTR FM NORMAL 91 LOWEST SLP 29.56 ON 21
[REMARKS]
#FINAL-06-21#