000
CXUS56 KPDT 011810
CF6RDM
PRELIMINARY LOCAL CLIMATOLOGICAL DATA (WS FORM: F-6)
STATION: REDMOND OR
MONTH: JUNE
YEAR: 2021
LATITUDE: 44 16 N
LONGITUDE: 121 9 W
TEMPERATURE IN F: :PCPN: SNOW: WIND :SUNSHINE: SKY :PK WND
================================================================================
1 2 3 4 5 6A 6B 7 8 9 10 11 12 13 14 15 16 17 18
12Z AVG MX 2MIN
DY MAX MIN AVG DEP HDD CDD WTR SNW DPTH SPD SPD DIR MIN PSBL S-S WX SPD DR
================================================================================
1 97 51 74 17 0 9 0.00 M M 5.6 14 360 M M 0 19 330
2 99 52 76 19 0 11 0.02 M M 6.8 22 310 M M 0 3 29 300
3 92 54 73 16 0 8 0.00 M M 7.9 22 300 M M 0 29 300
4 86 46 66 8 0 1 0.00 M M 8.8 22 310 M M 0 31 340
5 69 38 54 -4 11 0 0.00 M M 13.8 32 280 M M 0 41 280
6 65 31 48 -10 17 0 0.00 M M 5.8 22 280 M M 3 30 280
7 64 34 49 -9 16 0 T M M 7.1 18 300 M M 5 24 310
8 62 42 52 -6 13 0 0.05 M M 6.5 23 250 M M 8 30 250
9 67 32 50 -8 15 0 0.01 M M 6.1 23 230 M M 6 28 290
10 69 38 54 -4 11 0 0.00 M M 7.6 16 310 M M 1 20 350
11 65 49 57 -2 8 0 0.19 M M 7.5 22 210 M M 8 1 28 210
12 83 47 65 6 0 0 0.00 M M 6.0 21 250 M M 4 28 250
13 89 51 70 11 0 5 0.00 M M 8.4 29 310 M M 4 37 320
14 77 57 67 8 0 2 0.03 M M 8.5 20 300 M M 7 27 300
15 69 41 55 -5 10 0 0.03 M M 7.9 21 310 M M 6 3 26 310
16 79 35 57 -3 8 0 0.00 M M 4.8 14 340 M M 0 19 340
17 87 44 66 6 0 1 0.00 M M 6.5 16 330 M M 0 22 340
18 90 47 69 9 0 4 0.00 M M 7.2 23 350 M M 0 27 350
19 91 45 68 7 0 3 0.00 M M 7.3 22 360 M M 1 27 20
20 91 47 69 8 0 4 0.00 M M 7.8 18 340 M M 1 24 340
21 100 52 76 15 0 11 0.02 M M 6.1 16 260 M M 0 3 24 260
22 92 61 77 16 0 12 T M M 6.4 22 30 M M 2 3 28 210
23 94 52 73 11 0 8 0.03 M M 7.9 28 30 M M 1 3 42 350
24 95 52 74 12 0 9 0.00 M M 7.7 21 290 M M 0 28 300
25 93 55 74 12 0 9 0.00 M M 6.6 16 350 M M 0 20 350
26 101 56 79 16 0 14 0.00 M M 7.5 23 310 M M 0 31 340
27 108 63 86 23 0 21 0.00 M M 5.8 20 40 M M 0 27 40
28 110 60 85 22 0 20 0.00 M M 8.3 21 130 M M 0 31 80
29 112 67 90 26 0 25 0.00 M M 8.5 25 280 M M 0 31 130
30 103 63 83 19 0 18 0.00 M M 7.6 24 310 M M 0 3 31 310
================================================================================
SM 2599 1462 109 195 0.38 M 220.3 M 57
================================================================================
AV 86.6 48.7 7.3 FASTST M M 2 MAX(MPH)
MISC ----> 32 280 42 350
================================================================================
NOTES:
# LAST OF SEVERAL OCCURRENCES
COLUMN 17 PEAK WIND IN M.P.H.
PRELIMINARY LOCAL CLIMATOLOGICAL DATA (WS FORM: F-6) , PAGE 2
STATION: REDMOND OR
MONTH: JUNE
YEAR: 2021
LATITUDE: 44 16 N
LONGITUDE: 121 9 W
[TEMPERATURE DATA] [PRECIPITATION DATA] SYMBOLS USED IN COLUMN 16
AVERAGE MONTHLY: 67.7 TOTAL FOR MONTH: 0.38 1 = FOG OR MIST
DPTR FM NORMAL: 7.7 DPTR FM NORMAL: -0.26 2 = FOG REDUCING VISIBILITY
HIGHEST: 112 ON 29 GRTST 24HR 0.19 ON 11-11 TO 1/4 MILE OR LESS
LOWEST: 31 ON 6 3 = THUNDER
SNOW, ICE PELLETS, HAIL 4 = ICE PELLETS
TOTAL MONTH: M 5 = HAIL
GRTST 24HR M ON M 6 = FREEZING RAIN OR DRIZZLE
GRTST DEPTH: M ON M 7 = DUSTSTORM OR SANDSTORM:
VSBY 1/2 MILE OR LESS
8 = SMOKE OR HAZE
[NO. OF DAYS WITH] [WEATHER - DAYS WITH] 9 = BLOWING SNOW
X = TORNADO
MAX 32 OR BELOW: 0 0.01 INCH OR MORE: 8
MAX 90 OR ABOVE: 16 0.10 INCH OR MORE: 1
MIN 32 OR BELOW: 2 0.50 INCH OR MORE: 0
MIN 0 OR BELOW: 0 1.00 INCH OR MORE: 0
[HDD (BASE 65) ]
TOTAL THIS MO. 109 CLEAR (SCALE 0-3) 22
DPTR FM NORMAL -74 PTCLDY (SCALE 4-7) 7
TOTAL FM JUL 1 5684 CLOUDY (SCALE 8-10) 1
DPTR FM NORMAL -488
[CDD (BASE 65) ]
TOTAL THIS MO. 195
DPTR FM NORMAL 162 [PRESSURE DATA]
TOTAL FM JAN 1 198 HIGHEST SLP 30.34 ON 16
DPTR FM NORMAL 158 LOWEST SLP 29.58 ON 29
[REMARKS]
#FINAL-06-21#